{"id":931,"date":"2024-06-27T19:34:15","date_gmt":"2024-06-27T19:34:15","guid":{"rendered":"http:\/\/susanne-frey.de\/?page_id=931"},"modified":"2024-06-27T19:58:59","modified_gmt":"2024-06-27T19:58:59","slug":"trip-to-a-foreign-land","status":"publish","type":"page","link":"http:\/\/susanne-frey.de\/?page_id=931","title":{"rendered":"Trip to a Foreign Land"},"content":{"rendered":"\n<p>Aventures und Nouvelles Aventures von Gy\u00f6rgy Ligeti<\/p>\n\n\n\n<p>Lorry 39 von <a href=\"https:\/\/www.yingwang.de\/\">Ying Wang<\/a><br><a href=\"https:\/\/www.hfm-nuernberg.de\/aktuelles\/nachricht\/trip-to-a-foreign-land\">Hochschule f\u00fcr Musik N\u00fcrnberg<\/a>, Foyer und Orchestersaal. <br>Premiere am 9.2.2024<br>Musikalische Gesamtleitung: Prof. Nina Jan\u00dfen-Deinzer<br>Musikalische Leitung: Giorgos Sgourdas, Theresa Kellner, Otto Itgenhorst (Klasse Prof. Rumstadt)<br>Regie: Susanne Frey<br>Ausstattung: Linda Siegismund<\/p>\n\n\n\n<p>Mit Ekaterina Maslakova, Theresa Geyer, Marie Rettig, Yudania Gomez Heredis, Elena Eismont, Taesop Kim, Anton Weinmann und InstrumentalistInnen der Hochschule f\u00fcr Musik N\u00fcrnberg.<\/p>\n\n\n\n<div class=\"wp-block-glsb-gosign-logo-slider-block gosign-logo-slider\" data-slick=\"{&quot;dots&quot;:false,&quot;infinite&quot;:true,&quot;arrows&quot;:false,&quot;speed&quot;:987,&quot;slidesToShow&quot;:1,&quot;slidesToScroll&quot;:1,&quot;autoplay&quot;:true,&quot;autoplaySpeed&quot;:2340,&quot;gosignAllowLinkOnImages&quot;:false}\"><div class=\"logo-slider-item\"><img loading=\"lazy\" width=\"1024\" height=\"768\" src=\"http:\/\/susanne-frey.de\/wp-content\/uploads\/2024\/06\/Oper_Ligeti_12-1024x768.jpg\" alt=\"\" data-id=\"958\" data-link=\"http:\/\/susanne-frey.de\/?attachment_id=958\" class=\"wp-image-958\" srcset=\"http:\/\/susanne-frey.de\/wp-content\/uploads\/2024\/06\/Oper_Ligeti_12-1024x768.jpg 1024w, http:\/\/susanne-frey.de\/wp-content\/uploads\/2024\/06\/Oper_Ligeti_12-300x225.jpg 300w, http:\/\/susanne-frey.de\/wp-content\/uploads\/2024\/06\/Oper_Ligeti_12-768x576.jpg 768w, http:\/\/susanne-frey.de\/wp-content\/uploads\/2024\/06\/Oper_Ligeti_12-1536x1152.jpg 1536w, http:\/\/susanne-frey.de\/wp-content\/uploads\/2024\/06\/Oper_Ligeti_12-2048x1536.jpg 2048w\" sizes=\"(max-width: 706px) 89vw, (max-width: 767px) 82vw, 740px\" \/><\/div><div class=\"logo-slider-item\"><img loading=\"lazy\" width=\"1024\" height=\"681\" src=\"http:\/\/susanne-frey.de\/wp-content\/uploads\/2024\/06\/Oper_Ligeti_1-1024x681.jpg\" alt=\"\" data-id=\"947\" data-link=\"http:\/\/susanne-frey.de\/?attachment_id=947\" class=\"wp-image-947\" srcset=\"http:\/\/susanne-frey.de\/wp-content\/uploads\/2024\/06\/Oper_Ligeti_1-1024x681.jpg 1024w, http:\/\/susanne-frey.de\/wp-content\/uploads\/2024\/06\/Oper_Ligeti_1-300x200.jpg 300w, http:\/\/susanne-frey.de\/wp-content\/uploads\/2024\/06\/Oper_Ligeti_1-768x511.jpg 768w, http:\/\/susanne-frey.de\/wp-content\/uploads\/2024\/06\/Oper_Ligeti_1-1536x1022.jpg 1536w, http:\/\/susanne-frey.de\/wp-content\/uploads\/2024\/06\/Oper_Ligeti_1-2048x1363.jpg 2048w\" sizes=\"(max-width: 706px) 89vw, (max-width: 767px) 82vw, 740px\" \/><\/div><div class=\"logo-slider-item\"><img loading=\"lazy\" width=\"1024\" height=\"681\" src=\"http:\/\/susanne-frey.de\/wp-content\/uploads\/2024\/06\/Oper_Ligeti_11-1024x681.jpg\" alt=\"\" data-id=\"957\" data-link=\"http:\/\/susanne-frey.de\/?attachment_id=957\" class=\"wp-image-957\" srcset=\"http:\/\/susanne-frey.de\/wp-content\/uploads\/2024\/06\/Oper_Ligeti_11-1024x681.jpg 1024w, http:\/\/susanne-frey.de\/wp-content\/uploads\/2024\/06\/Oper_Ligeti_11-300x200.jpg 300w, http:\/\/susanne-frey.de\/wp-content\/uploads\/2024\/06\/Oper_Ligeti_11-768x511.jpg 768w, http:\/\/susanne-frey.de\/wp-content\/uploads\/2024\/06\/Oper_Ligeti_11-1536x1022.jpg 1536w, http:\/\/susanne-frey.de\/wp-content\/uploads\/2024\/06\/Oper_Ligeti_11-2048x1363.jpg 2048w\" sizes=\"(max-width: 706px) 89vw, (max-width: 767px) 82vw, 740px\" \/><\/div><div class=\"logo-slider-item\"><img loading=\"lazy\" width=\"1024\" height=\"684\" src=\"http:\/\/susanne-frey.de\/wp-content\/uploads\/2024\/06\/Oper_Ligeti_10-1024x684.jpg\" alt=\"\" data-id=\"956\" data-link=\"http:\/\/susanne-frey.de\/?attachment_id=956\" class=\"wp-image-956\" srcset=\"http:\/\/susanne-frey.de\/wp-content\/uploads\/2024\/06\/Oper_Ligeti_10-1024x684.jpg 1024w, http:\/\/susanne-frey.de\/wp-content\/uploads\/2024\/06\/Oper_Ligeti_10-300x200.jpg 300w, http:\/\/susanne-frey.de\/wp-content\/uploads\/2024\/06\/Oper_Ligeti_10-768x513.jpg 768w, http:\/\/susanne-frey.de\/wp-content\/uploads\/2024\/06\/Oper_Ligeti_10-1536x1026.jpg 1536w, http:\/\/susanne-frey.de\/wp-content\/uploads\/2024\/06\/Oper_Ligeti_10-2048x1367.jpg 2048w\" sizes=\"(max-width: 706px) 89vw, (max-width: 767px) 82vw, 740px\" \/><\/div><div class=\"logo-slider-item\"><img loading=\"lazy\" width=\"1024\" height=\"683\" src=\"http:\/\/susanne-frey.de\/wp-content\/uploads\/2024\/06\/Oper_Ligeti_9-1024x683.jpg\" alt=\"\" data-id=\"955\" data-link=\"http:\/\/susanne-frey.de\/?attachment_id=955\" class=\"wp-image-955\" srcset=\"http:\/\/susanne-frey.de\/wp-content\/uploads\/2024\/06\/Oper_Ligeti_9-1024x683.jpg 1024w, http:\/\/susanne-frey.de\/wp-content\/uploads\/2024\/06\/Oper_Ligeti_9-300x200.jpg 300w, http:\/\/susanne-frey.de\/wp-content\/uploads\/2024\/06\/Oper_Ligeti_9-768x513.jpg 768w, http:\/\/susanne-frey.de\/wp-content\/uploads\/2024\/06\/Oper_Ligeti_9-1536x1025.jpg 1536w, http:\/\/susanne-frey.de\/wp-content\/uploads\/2024\/06\/Oper_Ligeti_9-2048x1367.jpg 2048w\" sizes=\"(max-width: 706px) 89vw, (max-width: 767px) 82vw, 740px\" \/><\/div><div class=\"logo-slider-item\"><img loading=\"lazy\" width=\"1024\" height=\"684\" src=\"http:\/\/susanne-frey.de\/wp-content\/uploads\/2024\/06\/Oper_Ligeti_7-1024x684.jpg\" alt=\"\" data-id=\"953\" data-link=\"http:\/\/susanne-frey.de\/?attachment_id=953\" class=\"wp-image-953\" srcset=\"http:\/\/susanne-frey.de\/wp-content\/uploads\/2024\/06\/Oper_Ligeti_7-1024x684.jpg 1024w, http:\/\/susanne-frey.de\/wp-content\/uploads\/2024\/06\/Oper_Ligeti_7-300x200.jpg 300w, http:\/\/susanne-frey.de\/wp-content\/uploads\/2024\/06\/Oper_Ligeti_7-768x513.jpg 768w, http:\/\/susanne-frey.de\/wp-content\/uploads\/2024\/06\/Oper_Ligeti_7-1536x1026.jpg 1536w, http:\/\/susanne-frey.de\/wp-content\/uploads\/2024\/06\/Oper_Ligeti_7-2048x1367.jpg 2048w\" sizes=\"(max-width: 706px) 89vw, (max-width: 767px) 82vw, 740px\" \/><\/div><div class=\"logo-slider-item\"><img loading=\"lazy\" width=\"1024\" height=\"683\" src=\"http:\/\/susanne-frey.de\/wp-content\/uploads\/2024\/06\/Oper_Ligeti_6-1024x683.jpg\" alt=\"\" data-id=\"952\" data-link=\"http:\/\/susanne-frey.de\/?attachment_id=952\" class=\"wp-image-952\" srcset=\"http:\/\/susanne-frey.de\/wp-content\/uploads\/2024\/06\/Oper_Ligeti_6-1024x683.jpg 1024w, http:\/\/susanne-frey.de\/wp-content\/uploads\/2024\/06\/Oper_Ligeti_6-300x200.jpg 300w, http:\/\/susanne-frey.de\/wp-content\/uploads\/2024\/06\/Oper_Ligeti_6-768x512.jpg 768w, http:\/\/susanne-frey.de\/wp-content\/uploads\/2024\/06\/Oper_Ligeti_6-1536x1025.jpg 1536w, http:\/\/susanne-frey.de\/wp-content\/uploads\/2024\/06\/Oper_Ligeti_6-2048x1366.jpg 2048w\" sizes=\"(max-width: 706px) 89vw, (max-width: 767px) 82vw, 740px\" \/><\/div><div class=\"logo-slider-item\"><img loading=\"lazy\" width=\"1024\" height=\"684\" src=\"http:\/\/susanne-frey.de\/wp-content\/uploads\/2024\/06\/Oper_Ligeti_5-1024x684.jpg\" alt=\"\" data-id=\"951\" data-link=\"http:\/\/susanne-frey.de\/?attachment_id=951\" class=\"wp-image-951\" srcset=\"http:\/\/susanne-frey.de\/wp-content\/uploads\/2024\/06\/Oper_Ligeti_5-1024x684.jpg 1024w, http:\/\/susanne-frey.de\/wp-content\/uploads\/2024\/06\/Oper_Ligeti_5-300x200.jpg 300w, http:\/\/susanne-frey.de\/wp-content\/uploads\/2024\/06\/Oper_Ligeti_5-768x513.jpg 768w, http:\/\/susanne-frey.de\/wp-content\/uploads\/2024\/06\/Oper_Ligeti_5-1536x1026.jpg 1536w, http:\/\/susanne-frey.de\/wp-content\/uploads\/2024\/06\/Oper_Ligeti_5-2048x1367.jpg 2048w\" sizes=\"(max-width: 706px) 89vw, (max-width: 767px) 82vw, 740px\" \/><\/div><div class=\"logo-slider-item\"><img loading=\"lazy\" width=\"1024\" height=\"684\" src=\"http:\/\/susanne-frey.de\/wp-content\/uploads\/2024\/06\/Oper_Ligeti_2-1024x684.jpg\" alt=\"\" data-id=\"948\" data-link=\"http:\/\/susanne-frey.de\/?attachment_id=948\" class=\"wp-image-948\" srcset=\"http:\/\/susanne-frey.de\/wp-content\/uploads\/2024\/06\/Oper_Ligeti_2-1024x684.jpg 1024w, http:\/\/susanne-frey.de\/wp-content\/uploads\/2024\/06\/Oper_Ligeti_2-300x200.jpg 300w, http:\/\/susanne-frey.de\/wp-content\/uploads\/2024\/06\/Oper_Ligeti_2-768x513.jpg 768w, http:\/\/susanne-frey.de\/wp-content\/uploads\/2024\/06\/Oper_Ligeti_2-1536x1026.jpg 1536w, http:\/\/susanne-frey.de\/wp-content\/uploads\/2024\/06\/Oper_Ligeti_2-2048x1367.jpg 2048w\" sizes=\"(max-width: 706px) 89vw, (max-width: 767px) 82vw, 740px\" \/><\/div><div class=\"logo-slider-item\"><img loading=\"lazy\" width=\"1024\" height=\"592\" src=\"http:\/\/susanne-frey.de\/wp-content\/uploads\/2024\/06\/Oper_Ligeti_3-1024x592.jpg\" alt=\"\" data-id=\"949\" data-link=\"http:\/\/susanne-frey.de\/?attachment_id=949\" class=\"wp-image-949\" srcset=\"http:\/\/susanne-frey.de\/wp-content\/uploads\/2024\/06\/Oper_Ligeti_3-1024x592.jpg 1024w, http:\/\/susanne-frey.de\/wp-content\/uploads\/2024\/06\/Oper_Ligeti_3-300x174.jpg 300w, http:\/\/susanne-frey.de\/wp-content\/uploads\/2024\/06\/Oper_Ligeti_3-768x444.jpg 768w, http:\/\/susanne-frey.de\/wp-content\/uploads\/2024\/06\/Oper_Ligeti_3-1536x888.jpg 1536w, http:\/\/susanne-frey.de\/wp-content\/uploads\/2024\/06\/Oper_Ligeti_3-2048x1184.jpg 2048w\" sizes=\"(max-width: 706px) 89vw, (max-width: 767px) 82vw, 740px\" \/><\/div><\/div>\n\n\n\n<p>Die Regisseurin Susanne Frey hat im Einsatz der menschlichen Stimme und in der gro\u00dfen emotionalen Dichte eine N\u00e4he der beiden so unterschiedlichen Werke zueinander gefunden. Frey und ihre Ausstatterin Linda Siegismund verorten Ligetis Minidramen der menschlichen Extremzust\u00e4nde in der Abflughalle eines Flughafens, einem Ort des Abschiednehmens und der Vorfreude, der Nervosit\u00e4t und der \u00c4ngste, der eine Schwelle in ein neues Leben markieren kann. So schicken sie die ProtagonistInnen und das Publikum im Foyer der Hochschule auf eine klangliche und inhaltliche Reise in ein fremdes Land.&nbsp;<\/p>\n\n\n\n<p><\/p>\n\n\n\n<div class=\"wp-block-glsb-gosign-logo-slider-block gosign-logo-slider\" data-slick=\"{&quot;dots&quot;:false,&quot;infinite&quot;:true,&quot;arrows&quot;:false,&quot;speed&quot;:776,&quot;slidesToShow&quot;:1,&quot;slidesToScroll&quot;:1,&quot;autoplay&quot;:true,&quot;autoplaySpeed&quot;:2881,&quot;gosignAllowLinkOnImages&quot;:false}\"><div class=\"logo-slider-item\"><img loading=\"lazy\" width=\"1024\" height=\"681\" src=\"http:\/\/susanne-frey.de\/wp-content\/uploads\/2024\/06\/Oper_Lorry_15-1024x681.jpg\" alt=\"\" data-id=\"946\" data-link=\"http:\/\/susanne-frey.de\/?attachment_id=946\" class=\"wp-image-946\" srcset=\"http:\/\/susanne-frey.de\/wp-content\/uploads\/2024\/06\/Oper_Lorry_15-1024x681.jpg 1024w, http:\/\/susanne-frey.de\/wp-content\/uploads\/2024\/06\/Oper_Lorry_15-300x200.jpg 300w, http:\/\/susanne-frey.de\/wp-content\/uploads\/2024\/06\/Oper_Lorry_15-768x511.jpg 768w, http:\/\/susanne-frey.de\/wp-content\/uploads\/2024\/06\/Oper_Lorry_15-1536x1022.jpg 1536w, http:\/\/susanne-frey.de\/wp-content\/uploads\/2024\/06\/Oper_Lorry_15-2048x1363.jpg 2048w\" sizes=\"(max-width: 706px) 89vw, (max-width: 767px) 82vw, 740px\" \/><\/div><div class=\"logo-slider-item\"><img loading=\"lazy\" width=\"1024\" height=\"681\" src=\"http:\/\/susanne-frey.de\/wp-content\/uploads\/2024\/06\/Oper_Lorry_1-1024x681.jpg\" alt=\"\" data-id=\"932\" data-link=\"http:\/\/susanne-frey.de\/?attachment_id=932\" class=\"wp-image-932\" srcset=\"http:\/\/susanne-frey.de\/wp-content\/uploads\/2024\/06\/Oper_Lorry_1-1024x681.jpg 1024w, http:\/\/susanne-frey.de\/wp-content\/uploads\/2024\/06\/Oper_Lorry_1-300x200.jpg 300w, http:\/\/susanne-frey.de\/wp-content\/uploads\/2024\/06\/Oper_Lorry_1-768x511.jpg 768w, http:\/\/susanne-frey.de\/wp-content\/uploads\/2024\/06\/Oper_Lorry_1-1536x1022.jpg 1536w, http:\/\/susanne-frey.de\/wp-content\/uploads\/2024\/06\/Oper_Lorry_1-2048x1363.jpg 2048w\" sizes=\"(max-width: 706px) 89vw, (max-width: 767px) 82vw, 740px\" \/><\/div><div class=\"logo-slider-item\"><img loading=\"lazy\" width=\"1024\" height=\"681\" src=\"http:\/\/susanne-frey.de\/wp-content\/uploads\/2024\/06\/Oper_Lorry_2-1024x681.jpg\" alt=\"\" data-id=\"933\" data-link=\"http:\/\/susanne-frey.de\/?attachment_id=933\" class=\"wp-image-933\" srcset=\"http:\/\/susanne-frey.de\/wp-content\/uploads\/2024\/06\/Oper_Lorry_2-1024x681.jpg 1024w, http:\/\/susanne-frey.de\/wp-content\/uploads\/2024\/06\/Oper_Lorry_2-300x200.jpg 300w, http:\/\/susanne-frey.de\/wp-content\/uploads\/2024\/06\/Oper_Lorry_2-768x511.jpg 768w, http:\/\/susanne-frey.de\/wp-content\/uploads\/2024\/06\/Oper_Lorry_2-1536x1022.jpg 1536w, http:\/\/susanne-frey.de\/wp-content\/uploads\/2024\/06\/Oper_Lorry_2-2048x1363.jpg 2048w\" sizes=\"(max-width: 706px) 89vw, (max-width: 767px) 82vw, 740px\" \/><\/div><div class=\"logo-slider-item\"><img loading=\"lazy\" width=\"1024\" height=\"681\" src=\"http:\/\/susanne-frey.de\/wp-content\/uploads\/2024\/06\/Oper_Lorry_3-1024x681.jpg\" alt=\"\" data-id=\"934\" data-link=\"http:\/\/susanne-frey.de\/?attachment_id=934\" class=\"wp-image-934\" srcset=\"http:\/\/susanne-frey.de\/wp-content\/uploads\/2024\/06\/Oper_Lorry_3-1024x681.jpg 1024w, http:\/\/susanne-frey.de\/wp-content\/uploads\/2024\/06\/Oper_Lorry_3-300x200.jpg 300w, http:\/\/susanne-frey.de\/wp-content\/uploads\/2024\/06\/Oper_Lorry_3-768x511.jpg 768w, http:\/\/susanne-frey.de\/wp-content\/uploads\/2024\/06\/Oper_Lorry_3-1536x1022.jpg 1536w, http:\/\/susanne-frey.de\/wp-content\/uploads\/2024\/06\/Oper_Lorry_3-2048x1363.jpg 2048w\" sizes=\"(max-width: 706px) 89vw, (max-width: 767px) 82vw, 740px\" \/><\/div><div class=\"logo-slider-item\"><img loading=\"lazy\" width=\"1024\" height=\"684\" src=\"http:\/\/susanne-frey.de\/wp-content\/uploads\/2024\/06\/Oper_Lorry_5-1024x684.jpg\" alt=\"\" data-id=\"936\" data-link=\"http:\/\/susanne-frey.de\/?attachment_id=936\" class=\"wp-image-936\" srcset=\"http:\/\/susanne-frey.de\/wp-content\/uploads\/2024\/06\/Oper_Lorry_5-1024x684.jpg 1024w, http:\/\/susanne-frey.de\/wp-content\/uploads\/2024\/06\/Oper_Lorry_5-300x200.jpg 300w, http:\/\/susanne-frey.de\/wp-content\/uploads\/2024\/06\/Oper_Lorry_5-768x513.jpg 768w, http:\/\/susanne-frey.de\/wp-content\/uploads\/2024\/06\/Oper_Lorry_5-1536x1026.jpg 1536w, http:\/\/susanne-frey.de\/wp-content\/uploads\/2024\/06\/Oper_Lorry_5-2048x1367.jpg 2048w\" sizes=\"(max-width: 706px) 89vw, (max-width: 767px) 82vw, 740px\" \/><\/div><div class=\"logo-slider-item\"><img loading=\"lazy\" width=\"1024\" height=\"681\" src=\"http:\/\/susanne-frey.de\/wp-content\/uploads\/2024\/06\/Oper_Lorry_6-1024x681.jpg\" alt=\"\" data-id=\"937\" data-link=\"http:\/\/susanne-frey.de\/?attachment_id=937\" class=\"wp-image-937\" srcset=\"http:\/\/susanne-frey.de\/wp-content\/uploads\/2024\/06\/Oper_Lorry_6-1024x681.jpg 1024w, http:\/\/susanne-frey.de\/wp-content\/uploads\/2024\/06\/Oper_Lorry_6-300x200.jpg 300w, http:\/\/susanne-frey.de\/wp-content\/uploads\/2024\/06\/Oper_Lorry_6-768x511.jpg 768w, http:\/\/susanne-frey.de\/wp-content\/uploads\/2024\/06\/Oper_Lorry_6-1536x1022.jpg 1536w, http:\/\/susanne-frey.de\/wp-content\/uploads\/2024\/06\/Oper_Lorry_6-2048x1363.jpg 2048w\" sizes=\"(max-width: 706px) 89vw, (max-width: 767px) 82vw, 740px\" \/><\/div><div class=\"logo-slider-item\"><img loading=\"lazy\" width=\"1024\" height=\"684\" src=\"http:\/\/susanne-frey.de\/wp-content\/uploads\/2024\/06\/Oper_Lorry_7-1024x684.jpg\" alt=\"\" data-id=\"938\" data-link=\"http:\/\/susanne-frey.de\/?attachment_id=938\" class=\"wp-image-938\" srcset=\"http:\/\/susanne-frey.de\/wp-content\/uploads\/2024\/06\/Oper_Lorry_7-1024x684.jpg 1024w, http:\/\/susanne-frey.de\/wp-content\/uploads\/2024\/06\/Oper_Lorry_7-300x200.jpg 300w, http:\/\/susanne-frey.de\/wp-content\/uploads\/2024\/06\/Oper_Lorry_7-768x513.jpg 768w, http:\/\/susanne-frey.de\/wp-content\/uploads\/2024\/06\/Oper_Lorry_7-1536x1026.jpg 1536w, http:\/\/susanne-frey.de\/wp-content\/uploads\/2024\/06\/Oper_Lorry_7-2048x1367.jpg 2048w\" sizes=\"(max-width: 706px) 89vw, (max-width: 767px) 82vw, 740px\" \/><\/div><div class=\"logo-slider-item\"><img loading=\"lazy\" width=\"1024\" height=\"768\" src=\"http:\/\/susanne-frey.de\/wp-content\/uploads\/2024\/06\/Oper_Lorry_14-1024x768.jpg\" alt=\"\" data-id=\"945\" data-link=\"http:\/\/susanne-frey.de\/?attachment_id=945\" class=\"wp-image-945\" srcset=\"http:\/\/susanne-frey.de\/wp-content\/uploads\/2024\/06\/Oper_Lorry_14-1024x768.jpg 1024w, http:\/\/susanne-frey.de\/wp-content\/uploads\/2024\/06\/Oper_Lorry_14-300x225.jpg 300w, http:\/\/susanne-frey.de\/wp-content\/uploads\/2024\/06\/Oper_Lorry_14-768x576.jpg 768w, http:\/\/susanne-frey.de\/wp-content\/uploads\/2024\/06\/Oper_Lorry_14-1536x1152.jpg 1536w, http:\/\/susanne-frey.de\/wp-content\/uploads\/2024\/06\/Oper_Lorry_14-2048x1536.jpg 2048w\" sizes=\"(max-width: 706px) 89vw, (max-width: 767px) 82vw, 740px\" \/><\/div><div class=\"logo-slider-item\"><img loading=\"lazy\" width=\"1024\" height=\"681\" src=\"http:\/\/susanne-frey.de\/wp-content\/uploads\/2024\/06\/Oper_Lorry_13-1024x681.jpg\" alt=\"\" data-id=\"944\" data-link=\"http:\/\/susanne-frey.de\/?attachment_id=944\" class=\"wp-image-944\" srcset=\"http:\/\/susanne-frey.de\/wp-content\/uploads\/2024\/06\/Oper_Lorry_13-1024x681.jpg 1024w, http:\/\/susanne-frey.de\/wp-content\/uploads\/2024\/06\/Oper_Lorry_13-300x200.jpg 300w, http:\/\/susanne-frey.de\/wp-content\/uploads\/2024\/06\/Oper_Lorry_13-768x511.jpg 768w, http:\/\/susanne-frey.de\/wp-content\/uploads\/2024\/06\/Oper_Lorry_13-1536x1022.jpg 1536w, http:\/\/susanne-frey.de\/wp-content\/uploads\/2024\/06\/Oper_Lorry_13-2048x1363.jpg 2048w\" sizes=\"(max-width: 706px) 89vw, (max-width: 767px) 82vw, 740px\" \/><\/div><div class=\"logo-slider-item\"><img loading=\"lazy\" width=\"1024\" height=\"684\" src=\"http:\/\/susanne-frey.de\/wp-content\/uploads\/2024\/06\/Oper_Lorry_12-1024x684.jpg\" alt=\"\" data-id=\"943\" data-link=\"http:\/\/susanne-frey.de\/?attachment_id=943\" class=\"wp-image-943\" srcset=\"http:\/\/susanne-frey.de\/wp-content\/uploads\/2024\/06\/Oper_Lorry_12-1024x684.jpg 1024w, http:\/\/susanne-frey.de\/wp-content\/uploads\/2024\/06\/Oper_Lorry_12-300x200.jpg 300w, http:\/\/susanne-frey.de\/wp-content\/uploads\/2024\/06\/Oper_Lorry_12-768x513.jpg 768w, http:\/\/susanne-frey.de\/wp-content\/uploads\/2024\/06\/Oper_Lorry_12-1536x1026.jpg 1536w, http:\/\/susanne-frey.de\/wp-content\/uploads\/2024\/06\/Oper_Lorry_12-2048x1367.jpg 2048w\" sizes=\"(max-width: 706px) 89vw, (max-width: 767px) 82vw, 740px\" \/><\/div><div class=\"logo-slider-item\"><img loading=\"lazy\" width=\"1024\" height=\"768\" src=\"http:\/\/susanne-frey.de\/wp-content\/uploads\/2024\/06\/Oper_Lorry_11-1024x768.jpg\" alt=\"\" data-id=\"942\" data-link=\"http:\/\/susanne-frey.de\/?attachment_id=942\" class=\"wp-image-942\" srcset=\"http:\/\/susanne-frey.de\/wp-content\/uploads\/2024\/06\/Oper_Lorry_11-1024x768.jpg 1024w, http:\/\/susanne-frey.de\/wp-content\/uploads\/2024\/06\/Oper_Lorry_11-300x225.jpg 300w, http:\/\/susanne-frey.de\/wp-content\/uploads\/2024\/06\/Oper_Lorry_11-768x576.jpg 768w, http:\/\/susanne-frey.de\/wp-content\/uploads\/2024\/06\/Oper_Lorry_11-1536x1152.jpg 1536w, http:\/\/susanne-frey.de\/wp-content\/uploads\/2024\/06\/Oper_Lorry_11-2048x1536.jpg 2048w\" sizes=\"(max-width: 706px) 89vw, (max-width: 767px) 82vw, 740px\" \/><\/div><div class=\"logo-slider-item\"><img loading=\"lazy\" width=\"1024\" height=\"684\" src=\"http:\/\/susanne-frey.de\/wp-content\/uploads\/2024\/06\/Oper_Lorry_10-1024x684.jpg\" alt=\"\" data-id=\"941\" data-link=\"http:\/\/susanne-frey.de\/?attachment_id=941\" class=\"wp-image-941\" srcset=\"http:\/\/susanne-frey.de\/wp-content\/uploads\/2024\/06\/Oper_Lorry_10-1024x684.jpg 1024w, http:\/\/susanne-frey.de\/wp-content\/uploads\/2024\/06\/Oper_Lorry_10-300x200.jpg 300w, http:\/\/susanne-frey.de\/wp-content\/uploads\/2024\/06\/Oper_Lorry_10-768x513.jpg 768w, http:\/\/susanne-frey.de\/wp-content\/uploads\/2024\/06\/Oper_Lorry_10-1536x1026.jpg 1536w, http:\/\/susanne-frey.de\/wp-content\/uploads\/2024\/06\/Oper_Lorry_10-2048x1367.jpg 2048w\" sizes=\"(max-width: 706px) 89vw, (max-width: 767px) 82vw, 740px\" \/><\/div><div class=\"logo-slider-item\"><img loading=\"lazy\" width=\"1024\" height=\"681\" src=\"http:\/\/susanne-frey.de\/wp-content\/uploads\/2024\/06\/Oper_Lorry_9-1024x681.jpg\" alt=\"\" data-id=\"940\" data-link=\"http:\/\/susanne-frey.de\/?attachment_id=940\" class=\"wp-image-940\" srcset=\"http:\/\/susanne-frey.de\/wp-content\/uploads\/2024\/06\/Oper_Lorry_9-1024x681.jpg 1024w, http:\/\/susanne-frey.de\/wp-content\/uploads\/2024\/06\/Oper_Lorry_9-300x200.jpg 300w, http:\/\/susanne-frey.de\/wp-content\/uploads\/2024\/06\/Oper_Lorry_9-768x511.jpg 768w, http:\/\/susanne-frey.de\/wp-content\/uploads\/2024\/06\/Oper_Lorry_9-1536x1022.jpg 1536w, http:\/\/susanne-frey.de\/wp-content\/uploads\/2024\/06\/Oper_Lorry_9-2048x1363.jpg 2048w\" sizes=\"(max-width: 706px) 89vw, (max-width: 767px) 82vw, 740px\" \/><\/div><div class=\"logo-slider-item\"><img loading=\"lazy\" width=\"1024\" height=\"684\" src=\"http:\/\/susanne-frey.de\/wp-content\/uploads\/2024\/06\/Oper_Lorry_8-1024x684.jpg\" alt=\"\" data-id=\"939\" data-link=\"http:\/\/susanne-frey.de\/?attachment_id=939\" class=\"wp-image-939\" srcset=\"http:\/\/susanne-frey.de\/wp-content\/uploads\/2024\/06\/Oper_Lorry_8-1024x684.jpg 1024w, http:\/\/susanne-frey.de\/wp-content\/uploads\/2024\/06\/Oper_Lorry_8-300x200.jpg 300w, http:\/\/susanne-frey.de\/wp-content\/uploads\/2024\/06\/Oper_Lorry_8-768x513.jpg 768w, http:\/\/susanne-frey.de\/wp-content\/uploads\/2024\/06\/Oper_Lorry_8-1536x1026.jpg 1536w, http:\/\/susanne-frey.de\/wp-content\/uploads\/2024\/06\/Oper_Lorry_8-2048x1367.jpg 2048w\" sizes=\"(max-width: 706px) 89vw, (max-width: 767px) 82vw, 740px\" \/><\/div><\/div>\n\n\n\n<p><strong>Fotos: S\u00f6ren Balendat, <\/strong><strong>Mikha\u00efl Bouzine und Norbert Mebert<\/strong><\/p>\n\n\n\n<p>In Ying Wangs <em>Lorry39 <\/em>findet diese Reise dann im Orchestersaal ihre tragische Fortsetzung. Hier wird das Publikum Zeuge der letzten Stunden der 39 in einem hermetisch abgeschlossenen, dunklen K\u00fchllaster eingeschlossenen vietnamesischen Fl\u00fcchtlinge. Sie alle werden repr\u00e4sentiert von einer S\u00e4ngerin und den InstrumentalistInnen \u2013 optisch eingeschlossen in einem langgezogenen LKW, der von der B\u00fchne bis weit in den Zuschauerraum ragt.&nbsp;<\/p>\n","protected":false},"excerpt":{"rendered":"<p>Aventures und Nouvelles Aventures von Gy\u00f6rgy Ligeti Lorry 39 von Ying WangHochschule f\u00fcr Musik N\u00fcrnberg, Foyer und Orchestersaal. Premiere am 9.2.2024Musikalische Gesamtleitung: Prof. Nina Jan\u00dfen-DeinzerMusikalische Leitung: Giorgos Sgourdas, Theresa Kellner, Otto Itgenhorst (Klasse Prof. Rumstadt)Regie: Susanne FreyAusstattung: Linda Siegismund Mit Ekaterina Maslakova, Theresa Geyer, Marie Rettig, Yudania Gomez Heredis, Elena Eismont, Taesop Kim, Anton Weinmann &hellip; <\/p>\n<p class=\"link-more\"><a href=\"http:\/\/susanne-frey.de\/?page_id=931\" class=\"more-link\"><span class=\"screen-reader-text\">\u201eTrip to a Foreign Land\u201c<\/span> weiterlesen<\/a><\/p>\n","protected":false},"author":1,"featured_media":0,"parent":0,"menu_order":0,"comment_status":"closed","ping_status":"closed","template":"","meta":{"ngg_post_thumbnail":0},"_links":{"self":[{"href":"http:\/\/susanne-frey.de\/index.php?rest_route=\/wp\/v2\/pages\/931"}],"collection":[{"href":"http:\/\/susanne-frey.de\/index.php?rest_route=\/wp\/v2\/pages"}],"about":[{"href":"http:\/\/susanne-frey.de\/index.php?rest_route=\/wp\/v2\/types\/page"}],"author":[{"embeddable":true,"href":"http:\/\/susanne-frey.de\/index.php?rest_route=\/wp\/v2\/users\/1"}],"replies":[{"embeddable":true,"href":"http:\/\/susanne-frey.de\/index.php?rest_route=%2Fwp%2Fv2%2Fcomments&post=931"}],"version-history":[{"count":7,"href":"http:\/\/susanne-frey.de\/index.php?rest_route=\/wp\/v2\/pages\/931\/revisions"}],"predecessor-version":[{"id":976,"href":"http:\/\/susanne-frey.de\/index.php?rest_route=\/wp\/v2\/pages\/931\/revisions\/976"}],"wp:attachment":[{"href":"http:\/\/susanne-frey.de\/index.php?rest_route=%2Fwp%2Fv2%2Fmedia&parent=931"}],"curies":[{"name":"wp","href":"https:\/\/api.w.org\/{rel}","templated":true}]}}