{"id":928,"date":"2024-06-27T19:06:24","date_gmt":"2024-06-27T19:06:24","guid":{"rendered":"http:\/\/susanne-frey.de\/?page_id=928"},"modified":"2025-10-19T07:52:56","modified_gmt":"2025-10-19T07:52:56","slug":"bildregie","status":"publish","type":"page","link":"http:\/\/susanne-frey.de\/?page_id=928","title":{"rendered":"Bildregie"},"content":{"rendered":"\n<p><strong>Philharmonische Kammermusik: Streichquartette von Schumann und Rihm<\/strong><br>Robert Schumann: Streichquartett a-Moll op. 41 Nr. 1<br>Wolfgang Rihm: Streichquartett Nr. 4<br>Robert Schumann: Streichquartett A-Dur op. 41 Nr. 3<br>Simon Roturier, Angelo de Leo, Micha Afkham, Sol\u00e8ne Kermarrec<br>Digital Concert Hall der Berliner Philharmoniker, 3. Juni 2025<br><a href=\"https:\/\/www.digitalconcerthall.com\/de\/concert\/55831\">https:\/\/www.digitalconcerthall.com\/de\/concert\/55831<\/a><\/p>\n\n\n\n<p><strong>Philharmonische Kammermusik:\u00a0\u00bbR\u00eaverie fran\u00e7aise\u00ab<\/strong><br>Jean Cras: Quintett f\u00fcr Fl\u00f6te, Harfe und Streichtrio<br>Bruno Delepelaire:\u00a0R\u00eaverie fran\u00e7aise\u00a0f\u00fcr Fl\u00f6te und Harfe<br>Lili Boulanger: Nocturne f\u00fcr Fl\u00f6te und Harfe<br>Wolfgang Rihm: En plain air f\u00fcr Fl\u00f6te, Klarinete, Harfe und Streichquartett<br>Claude Debussy: Streichquartett g-Moll<br>Claude Debussy: Rhapsodie f\u00fcr Klarinette und Orchester<br>Wenzel Fuchs, Emmanuel Pahud, Marie-Pierre Langlamet, Simon Roturier, Angelo de Leo, Ignacy Miecznikowski, Bruno Delepelaire<br>Digital Concert Hall der Berliner Philharmoniker, 5. M\u00e4rz 2025\u00a0<br><a href=\"https:\/\/www.digitalconcerthall.com\/de\/concert\/55783\">https:\/\/www.digitalconcerthall.com\/de\/concert\/55783<\/a><\/p>\n\n\n\n<p><strong>\u201eSchubert-Marathon\u201c \u2013 Teil 2<br><\/strong>Franz Schubert: Streichquartettsatz c-Moll D 703<br>Noah Bendix-Balgley, Marlene Ito, Naoko Shimizu, Ludwig Quandt<br>Streichquartett Nr. 13 a-Moll D 804 \u201cRosamunde\u201d<br>Johanna Pichlmair, Angelo de Leo, Tobias Reifland, Uladsimir Sinkevich<br>Streichquartett Nr. 14 d-Moll D 810 \u201eDer Tod und das M\u00e4dchen\u201c<br>Philharmonisches Streichquartett: Dorian Xhoxhi, Helena Madoka Berg, Naoko Shimizu, Christoph Heesch<\/p>\n\n\n\n<p>Digital Concert Hall der Berliner Philharmoniker, 13. Juli 2024<br><a href=\"https:\/\/www.digitalconcerthall.com\/de\/concert\/55073\">https:\/\/www.digitalconcerthall.com\/de\/concert\/55073<\/a><\/p>\n\n\n\n<p><\/p>\n\n\n\n<p><strong>Das Feininger Trio mit Schubert, Brahms, Zemlinsky und Gourzi<br><\/strong>Franz Schubert: Klaviertrio Es-Dur D 897 \u201eNotturno\u201c<br>Alexander Zemlinsky: Trio d-Moll Op. 3 (Arrangement f\u00fcr Violine, Violoncello und Klavier)<br>Konstantia Gourzi: Apollon, Trio f\u00fcr Klavier, Violine und Violoncello op. 101<br>Johannes Brahms: Klaviertrio Nr. 3 c-Moll op. 101<br>Josef Suk: Klaviertrio c-Moll op. 2: Andante<br>Christoph Streuli, David Riniker, Adrian Oetiker<\/p>\n\n\n\n<p>Digital Concert Hall der Berliner Philharmoniker, 5. M\u00e4rz 2024<br><a href=\"https:\/\/www.digitalconcerthall.com\/de\/concert\/55065\">https:\/\/www.digitalconcerthall.com\/de\/concert\/55065<\/a><\/p>\n\n\n\n<p><\/p>\n\n\n\n<p><strong>Philharmonische Kammermusik: Auf den Spuren der eigenen Identit\u00e4t<br><\/strong>Wolfgang Amadeus Mozart: Streichquartett B-Dur KV 458 \u201eJagd-Quartett\u201c<br>B\u00e9la Bart\u00f3k: Streichquartett Nr. 2 Sz 67<br>Bedrich Smetana: Streichquartett Nr. 1 e-Moll \u201eAus meinem Leben\u201c<br>Simon Roturier, Marlene Ito, Naoko Shimizu, Bruno Delepelaire<\/p>\n\n\n\n<p>Digital Concert Hall der Berliner Philharmoniker, 24. April 2023<br><a href=\"https:\/\/www.digitalconcerthall.com\/de\/concert\/54450\">https:\/\/www.digitalconcerthall.com\/de\/concert\/54450<\/a><\/p>\n\n\n\n<p><\/p>\n\n\n\n<p><strong>Philharmonische Kammermusik:&nbsp;<\/strong><br>Von Pilgern, Liebenden und Wunderkindern<br>Franz Liszt: Angelus! Pri\u00e8re aux anges gardiens (Arrangement f\u00fcr Streichquintett)<br>Erich Wolfgang Korngold: Streichsextett D-Dur op. 10<br>Christoph von der Nahmer, Cornelia Gartemann, Julia Gartemann, Bruno Delepelaire, Martin von der Nahmer, Sol\u00e8ne Kermarrec<\/p>\n\n\n\n<p>Digital Concert Hall der Berliner Philharmoniker, 11. Januar 2023<br><a href=\"https:\/\/www.digitalconcerthall.com\/de\/concert\/54548\">https:\/\/www.digitalconcerthall.com\/de\/concert\/54548<\/a><\/p>\n","protected":false},"excerpt":{"rendered":"<p>Philharmonische Kammermusik: Streichquartette von Schumann und RihmRobert Schumann: Streichquartett a-Moll op. 41 Nr. 1Wolfgang Rihm: Streichquartett Nr. 4Robert Schumann: Streichquartett A-Dur op. 41 Nr. 3Simon Roturier, Angelo de Leo, Micha Afkham, Sol\u00e8ne KermarrecDigital Concert Hall der Berliner Philharmoniker, 3. Juni 2025https:\/\/www.digitalconcerthall.com\/de\/concert\/55831 Philharmonische Kammermusik:\u00a0\u00bbR\u00eaverie fran\u00e7aise\u00abJean Cras: Quintett f\u00fcr Fl\u00f6te, Harfe und StreichtrioBruno Delepelaire:\u00a0R\u00eaverie fran\u00e7aise\u00a0f\u00fcr Fl\u00f6te und &hellip; <\/p>\n<p class=\"link-more\"><a href=\"http:\/\/susanne-frey.de\/?page_id=928\" class=\"more-link\"><span class=\"screen-reader-text\">\u201eBildregie\u201c<\/span> weiterlesen<\/a><\/p>\n","protected":false},"author":1,"featured_media":0,"parent":0,"menu_order":0,"comment_status":"closed","ping_status":"closed","template":"","meta":{"ngg_post_thumbnail":0},"_links":{"self":[{"href":"http:\/\/susanne-frey.de\/index.php?rest_route=\/wp\/v2\/pages\/928"}],"collection":[{"href":"http:\/\/susanne-frey.de\/index.php?rest_route=\/wp\/v2\/pages"}],"about":[{"href":"http:\/\/susanne-frey.de\/index.php?rest_route=\/wp\/v2\/types\/page"}],"author":[{"embeddable":true,"href":"http:\/\/susanne-frey.de\/index.php?rest_route=\/wp\/v2\/users\/1"}],"replies":[{"embeddable":true,"href":"http:\/\/susanne-frey.de\/index.php?rest_route=%2Fwp%2Fv2%2Fcomments&post=928"}],"version-history":[{"count":7,"href":"http:\/\/susanne-frey.de\/index.php?rest_route=\/wp\/v2\/pages\/928\/revisions"}],"predecessor-version":[{"id":990,"href":"http:\/\/susanne-frey.de\/index.php?rest_route=\/wp\/v2\/pages\/928\/revisions\/990"}],"wp:attachment":[{"href":"http:\/\/susanne-frey.de\/index.php?rest_route=%2Fwp%2Fv2%2Fmedia&parent=928"}],"curies":[{"name":"wp","href":"https:\/\/api.w.org\/{rel}","templated":true}]}}

<p><strong>Philharmonische Kammermusik: Streichquartette von Schumann und Rihm</strong><br>Robert Schumann: Streichquartett a-Moll op. 41 Nr. 1<br>Wolfgang Rihm: Streichquartett Nr. 4<br>Robert Schumann: Streichquartett A-Dur op. 41 Nr. 3<br>Simon Roturier, Angelo de Leo, Micha Afkham, Solène Kermarrec<br>Digital Concert Hall der Berliner Philharmoniker, 3. Juni 2025<br><a href="https://www.digitalconcerthall.com/de/concert/55831">https://www.digitalconcerthall.com/de/concert/55831</a></p>



<p><strong>Philharmonische Kammermusik: »Rêverie française«</strong><br>Jean Cras: Quintett für Flöte, Harfe und Streichtrio<br>Bruno Delepelaire: Rêverie française für Flöte und Harfe<br>Lili Boulanger: Nocturne für Flöte und Harfe<br>Wolfgang Rihm: En plain air für Flöte, Klarinete, Harfe und Streichquartett<br>Claude Debussy: Streichquartett g-Moll<br>Claude Debussy: Rhapsodie für Klarinette und Orchester<br>Wenzel Fuchs, Emmanuel Pahud, Marie-Pierre Langlamet, Simon Roturier, Angelo de Leo, Ignacy Miecznikowski, Bruno Delepelaire<br>Digital Concert Hall der Berliner Philharmoniker, 5. März 2025 <br><a href="https://www.digitalconcerthall.com/de/concert/55783">https://www.digitalconcerthall.com/de/concert/55783</a></p>



<p><strong>„Schubert-Marathon“ – Teil 2<br></strong>Franz Schubert: Streichquartettsatz c-Moll D 703<br>Noah Bendix-Balgley, Marlene Ito, Naoko Shimizu, Ludwig Quandt<br>Streichquartett Nr. 13 a-Moll D 804 “Rosamunde”<br>Johanna Pichlmair, Angelo de Leo, Tobias Reifland, Uladsimir Sinkevich<br>Streichquartett Nr. 14 d-Moll D 810 „Der Tod und das Mädchen“<br>Philharmonisches Streichquartett: Dorian Xhoxhi, Helena Madoka Berg, Naoko Shimizu, Christoph Heesch</p>



<p>Digital Concert Hall der Berliner Philharmoniker, 13. Juli 2024<br><a href="https://www.digitalconcerthall.com/de/concert/55073">https://www.digitalconcerthall.com/de/concert/55073</a></p>



<p></p>



<p><strong>Das Feininger Trio mit Schubert, Brahms, Zemlinsky und Gourzi<br></strong>Franz Schubert: Klaviertrio Es-Dur D 897 „Notturno“<br>Alexander Zemlinsky: Trio d-Moll Op. 3 (Arrangement für Violine, Violoncello und Klavier)<br>Konstantia Gourzi: Apollon, Trio für Klavier, Violine und Violoncello op. 101<br>Johannes Brahms: Klaviertrio Nr. 3 c-Moll op. 101<br>Josef Suk: Klaviertrio c-Moll op. 2: Andante<br>Christoph Streuli, David Riniker, Adrian Oetiker</p>



<p>Digital Concert Hall der Berliner Philharmoniker, 5. März 2024<br><a href="https://www.digitalconcerthall.com/de/concert/55065">https://www.digitalconcerthall.com/de/concert/55065</a></p>



<p></p>



<p><strong>Philharmonische Kammermusik: Auf den Spuren der eigenen Identität<br></strong>Wolfgang Amadeus Mozart: Streichquartett B-Dur KV 458 „Jagd-Quartett“<br>Béla Bartók: Streichquartett Nr. 2 Sz 67<br>Bedrich Smetana: Streichquartett Nr. 1 e-Moll „Aus meinem Leben“<br>Simon Roturier, Marlene Ito, Naoko Shimizu, Bruno Delepelaire</p>



<p>Digital Concert Hall der Berliner Philharmoniker, 24. April 2023<br><a href="https://www.digitalconcerthall.com/de/concert/54450">https://www.digitalconcerthall.com/de/concert/54450</a></p>



<p></p>



<p><strong>Philharmonische Kammermusik:&nbsp;</strong><br>Von Pilgern, Liebenden und Wunderkindern<br>Franz Liszt: Angelus! Prière aux anges gardiens (Arrangement für Streichquintett)<br>Erich Wolfgang Korngold: Streichsextett D-Dur op. 10<br>Christoph von der Nahmer, Cornelia Gartemann, Julia Gartemann, Bruno Delepelaire, Martin von der Nahmer, Solène Kermarrec</p>



<p>Digital Concert Hall der Berliner Philharmoniker, 11. Januar 2023<br><a href="https://www.digitalconcerthall.com/de/concert/54548">https://www.digitalconcerthall.com/de/concert/54548</a></p>

<p>Philharmonische Kammermusik: Streichquartette von Schumann und RihmRobert Schumann: Streichquartett a-Moll op. 41 Nr. 1Wolfgang Rihm: Streichquartett Nr. 4Robert Schumann: Streichquartett A-Dur op. 41 Nr. 3Simon Roturier, Angelo de Leo, Micha Afkham, Solène KermarrecDigital Concert Hall der Berliner Philharmoniker, 3. Juni 2025https://www.digitalconcerthall.com/de/concert/55831 Philharmonische Kammermusik: »Rêverie française«Jean Cras: Quintett für Flöte, Harfe und StreichtrioBruno Delepelaire: Rêverie française für Flöte und &hellip; </p>
<p class="link-more"><a href="http://susanne-frey.de/?page_id=928" class="more-link"><span class="screen-reader-text">„Bildregie“</span> weiterlesen</a></p>
