{"id":86,"date":"2020-02-23T16:04:23","date_gmt":"2020-02-23T16:04:23","guid":{"rendered":"http:\/\/susanne-frey.de\/?page_id=86"},"modified":"2020-04-14T19:38:25","modified_gmt":"2020-04-14T19:38:25","slug":"venus-adonis","status":"publish","type":"page","link":"http:\/\/susanne-frey.de\/?page_id=86","title":{"rendered":"Venus &#038; Adonis"},"content":{"rendered":"\n<p>Venus &amp; Adonis<br>Eine musik-theatrale Verf\u00fchrung nach William Shakespeare.&nbsp;<\/p>\n\n\n\n<p>Eine Produktion von <a href=\"http:\/\/susanne-frey.de\/?page_id=129\" target=\"_blank\" rel=\"noreferrer noopener\">&lt;voices&gt; e.V.<\/a> in Kooperation mit der Konzert- und K\u00fcnstleragentur Barbara V. Heidenreich und&nbsp;<a rel=\"noreferrer noopener\" href=\"http:\/\/www.radialsystem.de\/\" target=\"_blank\">Radialsystem&nbsp;V<\/a>. Vorstellungen im Juni 2009 im Rahmen der&nbsp;<a rel=\"noreferrer noopener\" href=\"http:\/\/www.potsdamer-hofkonzerte.de\/\" target=\"_blank\">Potsdamer Hofkonzerte<\/a>&nbsp;in den Neuen Kammern Sanssouci und im Juli 2009 im&nbsp;<a rel=\"noreferrer noopener\" href=\"http:\/\/www.radialsystem.de\/\" target=\"_blank\">Radialsystem&nbsp;V<\/a>, Berlin.&nbsp;<\/p>\n\n\n\n<p>Weitere Vorstellungen: 21. und 22. August 2010 zum 10-j\u00e4hrigen Jubil\u00e4um des UNESCO-Weltkulturerbes im Amphitheater des W\u00f6rlitzer Parks&nbsp;<\/p>\n\n\n\n<p>Konzeption und Regie: Susanne Frey<br>B\u00fchne: Benita Roth<br>Dramaturgie und Produktionsleitung: Ilka Seifert<br>mit&nbsp;<a href=\"http:\/\/www.jutta-boehnert.com\/\" target=\"_blank\" rel=\"noreferrer noopener\">Jutta B\u00f6hnert<\/a>&nbsp;(Sopran), Kerstin Schweers (Schauspiel), Inka D\u00f6ring (Barockcello) und Ophira Zakai (Theorbe)&nbsp;<\/p>\n\n\n\n<p>Wenn die Liebesg\u00f6ttin selbst um einen Menschen wirbt, wer wollte da schon widerstehen? Meint man \u2026 William Shakespeare erz\u00e4hlt in seinem Versepos Venus &amp; Adonis mit Humor und Erotik vom Werben der Liebesg\u00f6ttin Venus um den sch\u00f6nen, aber selbstverliebten J\u00fcngling Adonis &#8211; und liefert en passant den Grund daf\u00fcr, warum wir Menschen uns auch in postmythischer Zeit mit der Liebe so schwer tun. Ein charmanter Musiktheater-Abend \u00fcber die Liebe mit Musik aus der gleichnamigen Masque von John Blow sowie von Purcell, Monteverdi, Mozart u.a.&nbsp;<\/p>\n\n\n\n<p>Die Video-Aufzeichnung aus dem Radialsystem V finden Sie unter <a href=\"https:\/\/vimeo.com\/63956584\">https:\/\/vimeo.com\/63956584<\/a>.<\/p>\n\n\n\n<div class=\"wp-block-glsb-gosign-logo-slider-block gosign-logo-slider\" data-slick=\"{&quot;dots&quot;:false,&quot;infinite&quot;:true,&quot;arrows&quot;:false,&quot;speed&quot;:800,&quot;slidesToShow&quot;:1,&quot;slidesToScroll&quot;:1,&quot;autoplay&quot;:true,&quot;autoplaySpeed&quot;:2500,&quot;gosignAllowLinkOnImages&quot;:false}\"><div class=\"logo-slider-item\"><img loading=\"lazy\" width=\"1024\" height=\"683\" src=\"http:\/\/susanne-frey.de\/wp-content\/uploads\/2020\/04\/Venus-und-Adonis_11-1024x683.jpg\" alt=\"\" data-id=\"627\" data-link=\"http:\/\/susanne-frey.de\/?attachment_id=627\" class=\"wp-image-627\" srcset=\"http:\/\/susanne-frey.de\/wp-content\/uploads\/2020\/04\/Venus-und-Adonis_11-1024x683.jpg 1024w, http:\/\/susanne-frey.de\/wp-content\/uploads\/2020\/04\/Venus-und-Adonis_11-300x200.jpg 300w, http:\/\/susanne-frey.de\/wp-content\/uploads\/2020\/04\/Venus-und-Adonis_11-768x512.jpg 768w, http:\/\/susanne-frey.de\/wp-content\/uploads\/2020\/04\/Venus-und-Adonis_11.jpg 1200w\" sizes=\"(max-width: 706px) 89vw, (max-width: 767px) 82vw, 740px\" \/><\/div><div class=\"logo-slider-item\"><img loading=\"lazy\" width=\"1024\" height=\"683\" src=\"http:\/\/susanne-frey.de\/wp-content\/uploads\/2020\/04\/Venus-und-Adonis_15-1024x683.jpg\" alt=\"\" data-id=\"631\" data-link=\"http:\/\/susanne-frey.de\/?attachment_id=631\" class=\"wp-image-631\" srcset=\"http:\/\/susanne-frey.de\/wp-content\/uploads\/2020\/04\/Venus-und-Adonis_15-1024x683.jpg 1024w, http:\/\/susanne-frey.de\/wp-content\/uploads\/2020\/04\/Venus-und-Adonis_15-300x200.jpg 300w, http:\/\/susanne-frey.de\/wp-content\/uploads\/2020\/04\/Venus-und-Adonis_15-768x512.jpg 768w, http:\/\/susanne-frey.de\/wp-content\/uploads\/2020\/04\/Venus-und-Adonis_15.jpg 1200w\" sizes=\"(max-width: 706px) 89vw, (max-width: 767px) 82vw, 740px\" \/><\/div><div class=\"logo-slider-item\"><img loading=\"lazy\" width=\"1024\" height=\"683\" src=\"http:\/\/susanne-frey.de\/wp-content\/uploads\/2020\/04\/Venus-und-Adonis_13-1024x683.jpg\" alt=\"\" data-id=\"629\" data-link=\"http:\/\/susanne-frey.de\/?attachment_id=629\" class=\"wp-image-629\" srcset=\"http:\/\/susanne-frey.de\/wp-content\/uploads\/2020\/04\/Venus-und-Adonis_13-1024x683.jpg 1024w, http:\/\/susanne-frey.de\/wp-content\/uploads\/2020\/04\/Venus-und-Adonis_13-300x200.jpg 300w, http:\/\/susanne-frey.de\/wp-content\/uploads\/2020\/04\/Venus-und-Adonis_13-768x512.jpg 768w, http:\/\/susanne-frey.de\/wp-content\/uploads\/2020\/04\/Venus-und-Adonis_13.jpg 1200w\" sizes=\"(max-width: 706px) 89vw, (max-width: 767px) 82vw, 740px\" \/><\/div><div class=\"logo-slider-item\"><img loading=\"lazy\" width=\"1024\" height=\"683\" src=\"http:\/\/susanne-frey.de\/wp-content\/uploads\/2020\/04\/Venus-und-Adonis_20-1024x683.jpg\" alt=\"\" data-id=\"636\" data-link=\"http:\/\/susanne-frey.de\/?attachment_id=636\" class=\"wp-image-636\" srcset=\"http:\/\/susanne-frey.de\/wp-content\/uploads\/2020\/04\/Venus-und-Adonis_20-1024x683.jpg 1024w, http:\/\/susanne-frey.de\/wp-content\/uploads\/2020\/04\/Venus-und-Adonis_20-300x200.jpg 300w, http:\/\/susanne-frey.de\/wp-content\/uploads\/2020\/04\/Venus-und-Adonis_20-768x512.jpg 768w, http:\/\/susanne-frey.de\/wp-content\/uploads\/2020\/04\/Venus-und-Adonis_20.jpg 1200w\" sizes=\"(max-width: 706px) 89vw, (max-width: 767px) 82vw, 740px\" \/><\/div><div class=\"logo-slider-item\"><img loading=\"lazy\" width=\"1024\" height=\"683\" src=\"http:\/\/susanne-frey.de\/wp-content\/uploads\/2020\/04\/Venus-und-Adonis_19-1024x683.jpg\" alt=\"\" data-id=\"635\" data-link=\"http:\/\/susanne-frey.de\/?attachment_id=635\" class=\"wp-image-635\" srcset=\"http:\/\/susanne-frey.de\/wp-content\/uploads\/2020\/04\/Venus-und-Adonis_19-1024x683.jpg 1024w, http:\/\/susanne-frey.de\/wp-content\/uploads\/2020\/04\/Venus-und-Adonis_19-300x200.jpg 300w, http:\/\/susanne-frey.de\/wp-content\/uploads\/2020\/04\/Venus-und-Adonis_19-768x512.jpg 768w, http:\/\/susanne-frey.de\/wp-content\/uploads\/2020\/04\/Venus-und-Adonis_19.jpg 1200w\" sizes=\"(max-width: 706px) 89vw, (max-width: 767px) 82vw, 740px\" \/><\/div><div class=\"logo-slider-item\"><img loading=\"lazy\" width=\"1024\" height=\"683\" src=\"http:\/\/susanne-frey.de\/wp-content\/uploads\/2020\/04\/Venus-und-Adonis_16-1024x683.jpg\" alt=\"\" data-id=\"632\" data-link=\"http:\/\/susanne-frey.de\/?attachment_id=632\" class=\"wp-image-632\" srcset=\"http:\/\/susanne-frey.de\/wp-content\/uploads\/2020\/04\/Venus-und-Adonis_16-1024x683.jpg 1024w, http:\/\/susanne-frey.de\/wp-content\/uploads\/2020\/04\/Venus-und-Adonis_16-300x200.jpg 300w, http:\/\/susanne-frey.de\/wp-content\/uploads\/2020\/04\/Venus-und-Adonis_16-768x512.jpg 768w, http:\/\/susanne-frey.de\/wp-content\/uploads\/2020\/04\/Venus-und-Adonis_16.jpg 1200w\" sizes=\"(max-width: 706px) 89vw, (max-width: 767px) 82vw, 740px\" \/><\/div><div class=\"logo-slider-item\"><img loading=\"lazy\" width=\"1024\" height=\"683\" src=\"http:\/\/susanne-frey.de\/wp-content\/uploads\/2020\/04\/Venus-und-Adonis_12-1024x683.jpg\" alt=\"\" data-id=\"628\" data-link=\"http:\/\/susanne-frey.de\/?attachment_id=628\" class=\"wp-image-628\" srcset=\"http:\/\/susanne-frey.de\/wp-content\/uploads\/2020\/04\/Venus-und-Adonis_12-1024x683.jpg 1024w, http:\/\/susanne-frey.de\/wp-content\/uploads\/2020\/04\/Venus-und-Adonis_12-300x200.jpg 300w, http:\/\/susanne-frey.de\/wp-content\/uploads\/2020\/04\/Venus-und-Adonis_12-768x512.jpg 768w, http:\/\/susanne-frey.de\/wp-content\/uploads\/2020\/04\/Venus-und-Adonis_12.jpg 1200w\" sizes=\"(max-width: 706px) 89vw, (max-width: 767px) 82vw, 740px\" \/><\/div><div class=\"logo-slider-item\"><img loading=\"lazy\" width=\"1024\" height=\"683\" src=\"http:\/\/susanne-frey.de\/wp-content\/uploads\/2020\/04\/Venus-und-Adonis_18-1024x683.jpg\" alt=\"\" data-id=\"634\" data-link=\"http:\/\/susanne-frey.de\/?attachment_id=634\" class=\"wp-image-634\" srcset=\"http:\/\/susanne-frey.de\/wp-content\/uploads\/2020\/04\/Venus-und-Adonis_18-1024x683.jpg 1024w, http:\/\/susanne-frey.de\/wp-content\/uploads\/2020\/04\/Venus-und-Adonis_18-300x200.jpg 300w, http:\/\/susanne-frey.de\/wp-content\/uploads\/2020\/04\/Venus-und-Adonis_18-768x512.jpg 768w, http:\/\/susanne-frey.de\/wp-content\/uploads\/2020\/04\/Venus-und-Adonis_18.jpg 1200w\" sizes=\"(max-width: 706px) 89vw, (max-width: 767px) 82vw, 740px\" \/><\/div><div class=\"logo-slider-item\"><img loading=\"lazy\" width=\"1024\" height=\"683\" src=\"http:\/\/susanne-frey.de\/wp-content\/uploads\/2020\/04\/Venus-und-Adonis_17-1024x683.jpg\" alt=\"\" data-id=\"633\" data-link=\"http:\/\/susanne-frey.de\/?attachment_id=633\" class=\"wp-image-633\" srcset=\"http:\/\/susanne-frey.de\/wp-content\/uploads\/2020\/04\/Venus-und-Adonis_17-1024x683.jpg 1024w, http:\/\/susanne-frey.de\/wp-content\/uploads\/2020\/04\/Venus-und-Adonis_17-300x200.jpg 300w, http:\/\/susanne-frey.de\/wp-content\/uploads\/2020\/04\/Venus-und-Adonis_17-768x512.jpg 768w, http:\/\/susanne-frey.de\/wp-content\/uploads\/2020\/04\/Venus-und-Adonis_17.jpg 1200w\" sizes=\"(max-width: 706px) 89vw, (max-width: 767px) 82vw, 740px\" \/><\/div><div class=\"logo-slider-item\"><img loading=\"lazy\" width=\"1024\" height=\"683\" src=\"http:\/\/susanne-frey.de\/wp-content\/uploads\/2020\/04\/Venus-und-Adonis_10-1024x683.jpg\" alt=\"\" data-id=\"626\" data-link=\"http:\/\/susanne-frey.de\/?attachment_id=626\" class=\"wp-image-626\" srcset=\"http:\/\/susanne-frey.de\/wp-content\/uploads\/2020\/04\/Venus-und-Adonis_10-1024x683.jpg 1024w, http:\/\/susanne-frey.de\/wp-content\/uploads\/2020\/04\/Venus-und-Adonis_10-300x200.jpg 300w, http:\/\/susanne-frey.de\/wp-content\/uploads\/2020\/04\/Venus-und-Adonis_10-768x512.jpg 768w, http:\/\/susanne-frey.de\/wp-content\/uploads\/2020\/04\/Venus-und-Adonis_10.jpg 1200w\" sizes=\"(max-width: 706px) 89vw, (max-width: 767px) 82vw, 740px\" \/><\/div><div class=\"logo-slider-item\"><img loading=\"lazy\" width=\"1024\" height=\"683\" src=\"http:\/\/susanne-frey.de\/wp-content\/uploads\/2020\/04\/Venus-und-Adonis_6-1024x683.jpg\" alt=\"\" data-id=\"624\" data-link=\"http:\/\/susanne-frey.de\/?attachment_id=624\" class=\"wp-image-624\" srcset=\"http:\/\/susanne-frey.de\/wp-content\/uploads\/2020\/04\/Venus-und-Adonis_6-1024x683.jpg 1024w, http:\/\/susanne-frey.de\/wp-content\/uploads\/2020\/04\/Venus-und-Adonis_6-300x200.jpg 300w, http:\/\/susanne-frey.de\/wp-content\/uploads\/2020\/04\/Venus-und-Adonis_6-768x512.jpg 768w, http:\/\/susanne-frey.de\/wp-content\/uploads\/2020\/04\/Venus-und-Adonis_6.jpg 1200w\" sizes=\"(max-width: 706px) 89vw, (max-width: 767px) 82vw, 740px\" \/><\/div><div class=\"logo-slider-item\"><img loading=\"lazy\" width=\"1024\" height=\"683\" src=\"http:\/\/susanne-frey.de\/wp-content\/uploads\/2020\/04\/Venus-und-Adonis_9-1024x683.jpg\" alt=\"\" data-id=\"625\" data-link=\"http:\/\/susanne-frey.de\/?attachment_id=625\" class=\"wp-image-625\" srcset=\"http:\/\/susanne-frey.de\/wp-content\/uploads\/2020\/04\/Venus-und-Adonis_9-1024x683.jpg 1024w, http:\/\/susanne-frey.de\/wp-content\/uploads\/2020\/04\/Venus-und-Adonis_9-300x200.jpg 300w, http:\/\/susanne-frey.de\/wp-content\/uploads\/2020\/04\/Venus-und-Adonis_9-768x512.jpg 768w, http:\/\/susanne-frey.de\/wp-content\/uploads\/2020\/04\/Venus-und-Adonis_9.jpg 1200w\" sizes=\"(max-width: 706px) 89vw, (max-width: 767px) 82vw, 740px\" \/><\/div><div class=\"logo-slider-item\"><img loading=\"lazy\" width=\"1024\" height=\"683\" src=\"http:\/\/susanne-frey.de\/wp-content\/uploads\/2020\/04\/Venus-und-Adonis_21-1024x683.jpg\" alt=\"\" data-id=\"637\" data-link=\"http:\/\/susanne-frey.de\/?attachment_id=637\" class=\"wp-image-637\" srcset=\"http:\/\/susanne-frey.de\/wp-content\/uploads\/2020\/04\/Venus-und-Adonis_21-1024x683.jpg 1024w, http:\/\/susanne-frey.de\/wp-content\/uploads\/2020\/04\/Venus-und-Adonis_21-300x200.jpg 300w, http:\/\/susanne-frey.de\/wp-content\/uploads\/2020\/04\/Venus-und-Adonis_21-768x512.jpg 768w, http:\/\/susanne-frey.de\/wp-content\/uploads\/2020\/04\/Venus-und-Adonis_21.jpg 1200w\" sizes=\"(max-width: 706px) 89vw, (max-width: 767px) 82vw, 740px\" \/><\/div><div class=\"logo-slider-item\"><img loading=\"lazy\" width=\"1024\" height=\"683\" src=\"http:\/\/susanne-frey.de\/wp-content\/uploads\/2020\/04\/Venus-und-Adonis_24-1024x683.jpg\" alt=\"\" data-id=\"639\" data-link=\"http:\/\/susanne-frey.de\/?attachment_id=639\" class=\"wp-image-639\" srcset=\"http:\/\/susanne-frey.de\/wp-content\/uploads\/2020\/04\/Venus-und-Adonis_24-1024x683.jpg 1024w, http:\/\/susanne-frey.de\/wp-content\/uploads\/2020\/04\/Venus-und-Adonis_24-300x200.jpg 300w, http:\/\/susanne-frey.de\/wp-content\/uploads\/2020\/04\/Venus-und-Adonis_24-768x512.jpg 768w, http:\/\/susanne-frey.de\/wp-content\/uploads\/2020\/04\/Venus-und-Adonis_24.jpg 1200w\" sizes=\"(max-width: 706px) 89vw, (max-width: 767px) 82vw, 740px\" \/><\/div><div class=\"logo-slider-item\"><img loading=\"lazy\" width=\"1024\" height=\"683\" src=\"http:\/\/susanne-frey.de\/wp-content\/uploads\/2020\/04\/Venus-und-Adonis_23-1024x683.jpg\" alt=\"\" data-id=\"638\" data-link=\"http:\/\/susanne-frey.de\/?attachment_id=638\" class=\"wp-image-638\" srcset=\"http:\/\/susanne-frey.de\/wp-content\/uploads\/2020\/04\/Venus-und-Adonis_23-1024x683.jpg 1024w, http:\/\/susanne-frey.de\/wp-content\/uploads\/2020\/04\/Venus-und-Adonis_23-300x200.jpg 300w, http:\/\/susanne-frey.de\/wp-content\/uploads\/2020\/04\/Venus-und-Adonis_23-768x512.jpg 768w, http:\/\/susanne-frey.de\/wp-content\/uploads\/2020\/04\/Venus-und-Adonis_23.jpg 1200w\" sizes=\"(max-width: 706px) 89vw, (max-width: 767px) 82vw, 740px\" \/><\/div><\/div>\n\n\n\n<p><br>\u00a9 Stiftung Preu\u00dfische Schl\u00f6sser und G\u00e4rten Berlin-Brandenburg, Fotos Fr\u00e9d\u00e9ric Mougenot<\/p>\n","protected":false},"excerpt":{"rendered":"<p>Venus &amp; AdonisEine musik-theatrale Verf\u00fchrung nach William Shakespeare.&nbsp; Eine Produktion von &lt;voices&gt; e.V. in Kooperation mit der Konzert- und K\u00fcnstleragentur Barbara V. Heidenreich und&nbsp;Radialsystem&nbsp;V. Vorstellungen im Juni 2009 im Rahmen der&nbsp;Potsdamer Hofkonzerte&nbsp;in den Neuen Kammern Sanssouci und im Juli 2009 im&nbsp;Radialsystem&nbsp;V, Berlin.&nbsp; Weitere Vorstellungen: 21. und 22. August 2010 zum 10-j\u00e4hrigen Jubil\u00e4um des UNESCO-Weltkulturerbes im &hellip; <\/p>\n<p class=\"link-more\"><a href=\"http:\/\/susanne-frey.de\/?page_id=86\" class=\"more-link\"><span class=\"screen-reader-text\">\u201eVenus &#038; Adonis\u201c<\/span> weiterlesen<\/a><\/p>\n","protected":false},"author":1,"featured_media":0,"parent":0,"menu_order":0,"comment_status":"closed","ping_status":"closed","template":"","meta":{"ngg_post_thumbnail":0},"_links":{"self":[{"href":"http:\/\/susanne-frey.de\/index.php?rest_route=\/wp\/v2\/pages\/86"}],"collection":[{"href":"http:\/\/susanne-frey.de\/index.php?rest_route=\/wp\/v2\/pages"}],"about":[{"href":"http:\/\/susanne-frey.de\/index.php?rest_route=\/wp\/v2\/types\/page"}],"author":[{"embeddable":true,"href":"http:\/\/susanne-frey.de\/index.php?rest_route=\/wp\/v2\/users\/1"}],"replies":[{"embeddable":true,"href":"http:\/\/susanne-frey.de\/index.php?rest_route=%2Fwp%2Fv2%2Fcomments&post=86"}],"version-history":[{"count":7,"href":"http:\/\/susanne-frey.de\/index.php?rest_route=\/wp\/v2\/pages\/86\/revisions"}],"predecessor-version":[{"id":865,"href":"http:\/\/susanne-frey.de\/index.php?rest_route=\/wp\/v2\/pages\/86\/revisions\/865"}],"wp:attachment":[{"href":"http:\/\/susanne-frey.de\/index.php?rest_route=%2Fwp%2Fv2%2Fmedia&parent=86"}],"curies":[{"name":"wp","href":"https:\/\/api.w.org\/{rel}","templated":true}]}}