{"id":8,"date":"2020-02-23T11:08:52","date_gmt":"2020-02-23T11:08:52","guid":{"rendered":"http:\/\/susanne-frey.de\/?page_id=8"},"modified":"2020-04-14T19:43:58","modified_gmt":"2020-04-14T19:43:58","slug":"die-katze-laesst-das-mausen-nicht","status":"publish","type":"page","link":"http:\/\/susanne-frey.de\/?page_id=8","title":{"rendered":"Die Katze l\u00e4sst das&#8230;"},"content":{"rendered":"\n<p>Die Katze l\u00e4sst das Mausen nicht&nbsp;<br>Vom Coffee und anderen Verf\u00fchrungen.&nbsp;<a rel=\"noreferrer noopener\" href=\"http:\/\/www.dehnbergerhoftheater.de\/\" target=\"_blank\">Dehnberger HofTheater<\/a>. Eine Collage aus Kaffeekantaten von J.S. Bach, Christoff Stoltzenberg und Nicolas Bernier und Texten von J.W. Goethe, G.B\u00fcchner, W.d.Burroughs und W. Shakespeare. Premiere am 15. September 2000.&nbsp;<\/p>\n\n\n\n<p>Musikalische Leitung: Wolfgang Riedelbauch<br>Konzeption und Inszenierung: Susanne Frey<br>B\u00fchne, Kost\u00fcme und Video: Jochen Diederichs<br>mit Anna Silvia Lilienfeld, Sibrand Basa, Bernd Hofmann, Monika Manz und dem Fr\u00e4nkischen Kammerorchester.&nbsp;<\/p>\n\n\n\n<div class=\"wp-block-glsb-gosign-logo-slider-block gosign-logo-slider\" data-slick=\"{&quot;dots&quot;:false,&quot;infinite&quot;:true,&quot;arrows&quot;:false,&quot;speed&quot;:800,&quot;slidesToShow&quot;:1,&quot;slidesToScroll&quot;:1,&quot;autoplay&quot;:true,&quot;autoplaySpeed&quot;:2500,&quot;gosignAllowLinkOnImages&quot;:false}\"><div class=\"logo-slider-item\"><img loading=\"lazy\" width=\"1024\" height=\"683\" src=\"http:\/\/susanne-frey.de\/wp-content\/uploads\/2020\/04\/Katze_1-1024x683.jpg\" alt=\"\" data-id=\"718\" data-link=\"http:\/\/susanne-frey.de\/?attachment_id=718\" class=\"wp-image-718\" srcset=\"http:\/\/susanne-frey.de\/wp-content\/uploads\/2020\/04\/Katze_1-1024x683.jpg 1024w, http:\/\/susanne-frey.de\/wp-content\/uploads\/2020\/04\/Katze_1-300x200.jpg 300w, http:\/\/susanne-frey.de\/wp-content\/uploads\/2020\/04\/Katze_1-768x512.jpg 768w, http:\/\/susanne-frey.de\/wp-content\/uploads\/2020\/04\/Katze_1.jpg 1200w\" sizes=\"(max-width: 706px) 89vw, (max-width: 767px) 82vw, 740px\" \/><\/div><div class=\"logo-slider-item\"><img loading=\"lazy\" width=\"1024\" height=\"683\" src=\"http:\/\/susanne-frey.de\/wp-content\/uploads\/2020\/04\/Katze_2-1024x683.jpg\" alt=\"\" data-id=\"719\" data-link=\"http:\/\/susanne-frey.de\/?attachment_id=719\" class=\"wp-image-719\" srcset=\"http:\/\/susanne-frey.de\/wp-content\/uploads\/2020\/04\/Katze_2-1024x683.jpg 1024w, http:\/\/susanne-frey.de\/wp-content\/uploads\/2020\/04\/Katze_2-300x200.jpg 300w, http:\/\/susanne-frey.de\/wp-content\/uploads\/2020\/04\/Katze_2-768x512.jpg 768w, http:\/\/susanne-frey.de\/wp-content\/uploads\/2020\/04\/Katze_2.jpg 1200w\" sizes=\"(max-width: 706px) 89vw, (max-width: 767px) 82vw, 740px\" \/><\/div><div class=\"logo-slider-item\"><img loading=\"lazy\" width=\"1024\" height=\"683\" src=\"http:\/\/susanne-frey.de\/wp-content\/uploads\/2020\/04\/Katze_3-1024x683.jpg\" alt=\"\" data-id=\"720\" data-link=\"http:\/\/susanne-frey.de\/?attachment_id=720\" class=\"wp-image-720\" srcset=\"http:\/\/susanne-frey.de\/wp-content\/uploads\/2020\/04\/Katze_3-1024x683.jpg 1024w, http:\/\/susanne-frey.de\/wp-content\/uploads\/2020\/04\/Katze_3-300x200.jpg 300w, http:\/\/susanne-frey.de\/wp-content\/uploads\/2020\/04\/Katze_3-768x512.jpg 768w, http:\/\/susanne-frey.de\/wp-content\/uploads\/2020\/04\/Katze_3.jpg 1200w\" sizes=\"(max-width: 706px) 89vw, (max-width: 767px) 82vw, 740px\" \/><\/div><div class=\"logo-slider-item\"><img loading=\"lazy\" width=\"1024\" height=\"683\" src=\"http:\/\/susanne-frey.de\/wp-content\/uploads\/2020\/04\/Katze_4-1024x683.jpg\" alt=\"\" data-id=\"721\" data-link=\"http:\/\/susanne-frey.de\/?attachment_id=721\" class=\"wp-image-721\" srcset=\"http:\/\/susanne-frey.de\/wp-content\/uploads\/2020\/04\/Katze_4-1024x683.jpg 1024w, http:\/\/susanne-frey.de\/wp-content\/uploads\/2020\/04\/Katze_4-300x200.jpg 300w, http:\/\/susanne-frey.de\/wp-content\/uploads\/2020\/04\/Katze_4-768x512.jpg 768w, http:\/\/susanne-frey.de\/wp-content\/uploads\/2020\/04\/Katze_4.jpg 1200w\" sizes=\"(max-width: 706px) 89vw, (max-width: 767px) 82vw, 740px\" \/><\/div><div class=\"logo-slider-item\"><img loading=\"lazy\" width=\"1024\" height=\"683\" src=\"http:\/\/susanne-frey.de\/wp-content\/uploads\/2020\/04\/Katze_5-1024x683.jpg\" alt=\"\" data-id=\"722\" data-link=\"http:\/\/susanne-frey.de\/?attachment_id=722\" class=\"wp-image-722\" srcset=\"http:\/\/susanne-frey.de\/wp-content\/uploads\/2020\/04\/Katze_5-1024x683.jpg 1024w, http:\/\/susanne-frey.de\/wp-content\/uploads\/2020\/04\/Katze_5-300x200.jpg 300w, http:\/\/susanne-frey.de\/wp-content\/uploads\/2020\/04\/Katze_5-768x512.jpg 768w, http:\/\/susanne-frey.de\/wp-content\/uploads\/2020\/04\/Katze_5.jpg 1200w\" sizes=\"(max-width: 706px) 89vw, (max-width: 767px) 82vw, 740px\" \/><\/div><div class=\"logo-slider-item\"><img loading=\"lazy\" width=\"1024\" height=\"683\" src=\"http:\/\/susanne-frey.de\/wp-content\/uploads\/2020\/04\/Katze_6-1024x683.jpg\" alt=\"\" data-id=\"723\" data-link=\"http:\/\/susanne-frey.de\/?attachment_id=723\" class=\"wp-image-723\" srcset=\"http:\/\/susanne-frey.de\/wp-content\/uploads\/2020\/04\/Katze_6-1024x683.jpg 1024w, http:\/\/susanne-frey.de\/wp-content\/uploads\/2020\/04\/Katze_6-300x200.jpg 300w, http:\/\/susanne-frey.de\/wp-content\/uploads\/2020\/04\/Katze_6-768x512.jpg 768w, http:\/\/susanne-frey.de\/wp-content\/uploads\/2020\/04\/Katze_6.jpg 1200w\" sizes=\"(max-width: 706px) 89vw, (max-width: 767px) 82vw, 740px\" \/><\/div><div class=\"logo-slider-item\"><img loading=\"lazy\" width=\"1024\" height=\"683\" src=\"http:\/\/susanne-frey.de\/wp-content\/uploads\/2020\/04\/Katze_7-1024x683.jpg\" alt=\"\" data-id=\"724\" data-link=\"http:\/\/susanne-frey.de\/?attachment_id=724\" class=\"wp-image-724\" srcset=\"http:\/\/susanne-frey.de\/wp-content\/uploads\/2020\/04\/Katze_7-1024x683.jpg 1024w, http:\/\/susanne-frey.de\/wp-content\/uploads\/2020\/04\/Katze_7-300x200.jpg 300w, http:\/\/susanne-frey.de\/wp-content\/uploads\/2020\/04\/Katze_7-768x512.jpg 768w, http:\/\/susanne-frey.de\/wp-content\/uploads\/2020\/04\/Katze_7.jpg 1200w\" sizes=\"(max-width: 706px) 89vw, (max-width: 767px) 82vw, 740px\" \/><\/div><div class=\"logo-slider-item\"><img loading=\"lazy\" width=\"1024\" height=\"683\" src=\"http:\/\/susanne-frey.de\/wp-content\/uploads\/2020\/04\/Katze_8-1024x683.jpg\" alt=\"\" data-id=\"725\" data-link=\"http:\/\/susanne-frey.de\/?attachment_id=725\" class=\"wp-image-725\" srcset=\"http:\/\/susanne-frey.de\/wp-content\/uploads\/2020\/04\/Katze_8-1024x683.jpg 1024w, http:\/\/susanne-frey.de\/wp-content\/uploads\/2020\/04\/Katze_8-300x200.jpg 300w, http:\/\/susanne-frey.de\/wp-content\/uploads\/2020\/04\/Katze_8-768x512.jpg 768w, http:\/\/susanne-frey.de\/wp-content\/uploads\/2020\/04\/Katze_8.jpg 1200w\" sizes=\"(max-width: 706px) 89vw, (max-width: 767px) 82vw, 740px\" \/><\/div><div class=\"logo-slider-item\"><img loading=\"lazy\" width=\"1024\" height=\"683\" src=\"http:\/\/susanne-frey.de\/wp-content\/uploads\/2020\/04\/Katze_9-1024x683.jpg\" alt=\"\" data-id=\"726\" data-link=\"http:\/\/susanne-frey.de\/?attachment_id=726\" class=\"wp-image-726\" srcset=\"http:\/\/susanne-frey.de\/wp-content\/uploads\/2020\/04\/Katze_9-1024x683.jpg 1024w, http:\/\/susanne-frey.de\/wp-content\/uploads\/2020\/04\/Katze_9-300x200.jpg 300w, http:\/\/susanne-frey.de\/wp-content\/uploads\/2020\/04\/Katze_9-768x512.jpg 768w, http:\/\/susanne-frey.de\/wp-content\/uploads\/2020\/04\/Katze_9.jpg 1200w\" sizes=\"(max-width: 706px) 89vw, (max-width: 767px) 82vw, 740px\" \/><\/div><\/div>\n\n\n\n<p><br>Fotos \u00a9 Jochen Diederichs<\/p>\n","protected":false},"excerpt":{"rendered":"<p>Die Katze l\u00e4sst das Mausen nicht&nbsp;Vom Coffee und anderen Verf\u00fchrungen.&nbsp;Dehnberger HofTheater. Eine Collage aus Kaffeekantaten von J.S. Bach, Christoff Stoltzenberg und Nicolas Bernier und Texten von J.W. Goethe, G.B\u00fcchner, W.d.Burroughs und W. Shakespeare. Premiere am 15. September 2000.&nbsp; Musikalische Leitung: Wolfgang RiedelbauchKonzeption und Inszenierung: Susanne FreyB\u00fchne, Kost\u00fcme und Video: Jochen Diederichsmit Anna Silvia Lilienfeld, Sibrand &hellip; <\/p>\n<p class=\"link-more\"><a href=\"http:\/\/susanne-frey.de\/?page_id=8\" class=\"more-link\"><span class=\"screen-reader-text\">\u201eDie Katze l\u00e4sst das&#8230;\u201c<\/span> weiterlesen<\/a><\/p>\n","protected":false},"author":1,"featured_media":0,"parent":0,"menu_order":0,"comment_status":"closed","ping_status":"closed","template":"","meta":{"ngg_post_thumbnail":0},"_links":{"self":[{"href":"http:\/\/susanne-frey.de\/index.php?rest_route=\/wp\/v2\/pages\/8"}],"collection":[{"href":"http:\/\/susanne-frey.de\/index.php?rest_route=\/wp\/v2\/pages"}],"about":[{"href":"http:\/\/susanne-frey.de\/index.php?rest_route=\/wp\/v2\/types\/page"}],"author":[{"embeddable":true,"href":"http:\/\/susanne-frey.de\/index.php?rest_route=\/wp\/v2\/users\/1"}],"replies":[{"embeddable":true,"href":"http:\/\/susanne-frey.de\/index.php?rest_route=%2Fwp%2Fv2%2Fcomments&post=8"}],"version-history":[{"count":6,"href":"http:\/\/susanne-frey.de\/index.php?rest_route=\/wp\/v2\/pages\/8\/revisions"}],"predecessor-version":[{"id":872,"href":"http:\/\/susanne-frey.de\/index.php?rest_route=\/wp\/v2\/pages\/8\/revisions\/872"}],"wp:attachment":[{"href":"http:\/\/susanne-frey.de\/index.php?rest_route=%2Fwp%2Fv2%2Fmedia&parent=8"}],"curies":[{"name":"wp","href":"https:\/\/api.w.org\/{rel}","templated":true}]}}