{"id":78,"date":"2020-02-23T16:02:08","date_gmt":"2020-02-23T16:02:08","guid":{"rendered":"http:\/\/susanne-frey.de\/?page_id=78"},"modified":"2020-04-13T18:08:01","modified_gmt":"2020-04-13T18:08:01","slug":"der-schauspieldirektor","status":"publish","type":"page","link":"http:\/\/susanne-frey.de\/?page_id=78","title":{"rendered":"Der Schauspieldirektor"},"content":{"rendered":"\n<p>Der Schauspieldirektor von Wolfgang Amadeus Mozart<br>im Rahmen der NDR Mozart-Nacht am 27. Januar 2006 in der Laeiszhalle (Musikhalle) in Hamburg.\u00a0<\/p>\n\n\n\n<p>Musikalische Leitung: Christop von Dohn\u00e1nyi<br>Szenische Einrichtung: Susanne Frey<br>Textfassung: Richard Armbruster<br>mit Cornelia G\u00f6tz (Silberklang), Aleksandra Kurzak (Herz), Stephan R\u00fcgamer (Vogelsang) und&nbsp;<a rel=\"noreferrer noopener\" href=\"http:\/\/www.roofmusic.de\/de\/index.php?area=de&amp;content=artistdetail&amp;id=90\" target=\"_blank\">G\u00f6tz Alsmann<\/a>&nbsp;in der Rolle des Schauspieldirektors NDR Sinfonieorchester&nbsp;<\/p>\n\n\n\n<div class=\"wp-block-glsb-gosign-logo-slider-block gosign-logo-slider\" data-slick=\"{&quot;dots&quot;:false,&quot;infinite&quot;:true,&quot;arrows&quot;:false,&quot;speed&quot;:500,&quot;slidesToShow&quot;:1,&quot;slidesToScroll&quot;:1,&quot;autoplay&quot;:true,&quot;autoplaySpeed&quot;:2000,&quot;gosignAllowLinkOnImages&quot;:false}\"><div class=\"logo-slider-item\"><img loading=\"lazy\" width=\"1024\" height=\"683\" src=\"http:\/\/susanne-frey.de\/wp-content\/uploads\/2020\/04\/Schauspieldirektor-1024x683.png\" alt=\"\" data-id=\"766\" data-link=\"http:\/\/susanne-frey.de\/?attachment_id=766\" class=\"wp-image-766\" srcset=\"http:\/\/susanne-frey.de\/wp-content\/uploads\/2020\/04\/Schauspieldirektor-1024x683.png 1024w, http:\/\/susanne-frey.de\/wp-content\/uploads\/2020\/04\/Schauspieldirektor-300x200.png 300w, http:\/\/susanne-frey.de\/wp-content\/uploads\/2020\/04\/Schauspieldirektor-768x512.png 768w, http:\/\/susanne-frey.de\/wp-content\/uploads\/2020\/04\/Schauspieldirektor.png 1200w\" sizes=\"(max-width: 706px) 89vw, (max-width: 767px) 82vw, 740px\" \/><\/div><\/div>\n","protected":false},"excerpt":{"rendered":"<p>Der Schauspieldirektor von Wolfgang Amadeus Mozartim Rahmen der NDR Mozart-Nacht am 27. Januar 2006 in der Laeiszhalle (Musikhalle) in Hamburg.\u00a0 Musikalische Leitung: Christop von Dohn\u00e1nyiSzenische Einrichtung: Susanne FreyTextfassung: Richard Armbrustermit Cornelia G\u00f6tz (Silberklang), Aleksandra Kurzak (Herz), Stephan R\u00fcgamer (Vogelsang) und&nbsp;G\u00f6tz Alsmann&nbsp;in der Rolle des Schauspieldirektors NDR Sinfonieorchester&nbsp;<\/p>\n","protected":false},"author":1,"featured_media":0,"parent":0,"menu_order":0,"comment_status":"closed","ping_status":"closed","template":"","meta":{"ngg_post_thumbnail":0},"_links":{"self":[{"href":"http:\/\/susanne-frey.de\/index.php?rest_route=\/wp\/v2\/pages\/78"}],"collection":[{"href":"http:\/\/susanne-frey.de\/index.php?rest_route=\/wp\/v2\/pages"}],"about":[{"href":"http:\/\/susanne-frey.de\/index.php?rest_route=\/wp\/v2\/types\/page"}],"author":[{"embeddable":true,"href":"http:\/\/susanne-frey.de\/index.php?rest_route=\/wp\/v2\/users\/1"}],"replies":[{"embeddable":true,"href":"http:\/\/susanne-frey.de\/index.php?rest_route=%2Fwp%2Fv2%2Fcomments&post=78"}],"version-history":[{"count":5,"href":"http:\/\/susanne-frey.de\/index.php?rest_route=\/wp\/v2\/pages\/78\/revisions"}],"predecessor-version":[{"id":773,"href":"http:\/\/susanne-frey.de\/index.php?rest_route=\/wp\/v2\/pages\/78\/revisions\/773"}],"wp:attachment":[{"href":"http:\/\/susanne-frey.de\/index.php?rest_route=%2Fwp%2Fv2%2Fmedia&parent=78"}],"curies":[{"name":"wp","href":"https:\/\/api.w.org\/{rel}","templated":true}]}}

<p>Der Schauspieldirektor von Wolfgang Amadeus Mozart<br>im Rahmen der NDR Mozart-Nacht am 27. Januar 2006 in der Laeiszhalle (Musikhalle) in Hamburg. </p>



<p>Musikalische Leitung: Christop von Dohnányi<br>Szenische Einrichtung: Susanne Frey<br>Textfassung: Richard Armbruster<br>mit Cornelia Götz (Silberklang), Aleksandra Kurzak (Herz), Stephan Rügamer (Vogelsang) und&nbsp;<a rel="noreferrer noopener" href="http://www.roofmusic.de/de/index.php?area=de&amp;content=artistdetail&amp;id=90" target="_blank">Götz Alsmann</a>&nbsp;in der Rolle des Schauspieldirektors NDR Sinfonieorchester&nbsp;</p>



<div class="wp-block-glsb-gosign-logo-slider-block gosign-logo-slider" data-slick="{&quot;dots&quot;:false,&quot;infinite&quot;:true,&quot;arrows&quot;:false,&quot;speed&quot;:500,&quot;slidesToShow&quot;:1,&quot;slidesToScroll&quot;:1,&quot;autoplay&quot;:true,&quot;autoplaySpeed&quot;:2000,&quot;gosignAllowLinkOnImages&quot;:false}"><div class="logo-slider-item"><img loading="lazy" width="1024" height="683" src="http://susanne-frey.de/wp-content/uploads/2020/04/Schauspieldirektor-1024x683.png" alt="" data-id="766" data-link="http://susanne-frey.de/?attachment_id=766" class="wp-image-766" srcset="http://susanne-frey.de/wp-content/uploads/2020/04/Schauspieldirektor-1024x683.png 1024w, http://susanne-frey.de/wp-content/uploads/2020/04/Schauspieldirektor-300x200.png 300w, http://susanne-frey.de/wp-content/uploads/2020/04/Schauspieldirektor-768x512.png 768w, http://susanne-frey.de/wp-content/uploads/2020/04/Schauspieldirektor.png 1200w" sizes="(max-width: 706px) 89vw, (max-width: 767px) 82vw, 740px" /></div></div>

<p>Der Schauspieldirektor von Wolfgang Amadeus Mozartim Rahmen der NDR Mozart-Nacht am 27. Januar 2006 in der Laeiszhalle (Musikhalle) in Hamburg.  Musikalische Leitung: Christop von DohnányiSzenische Einrichtung: Susanne FreyTextfassung: Richard Armbrustermit Cornelia Götz (Silberklang), Aleksandra Kurzak (Herz), Stephan Rügamer (Vogelsang) und&nbsp;Götz Alsmann&nbsp;in der Rolle des Schauspieldirektors NDR Sinfonieorchester&nbsp;</p>
