{"id":72,"date":"2020-02-23T16:00:49","date_gmt":"2020-02-23T16:00:49","guid":{"rendered":"http:\/\/susanne-frey.de\/?page_id=72"},"modified":"2020-04-12T16:19:34","modified_gmt":"2020-04-12T16:19:34","slug":"land-schafft-klang","status":"publish","type":"page","link":"http:\/\/susanne-frey.de\/?page_id=72","title":{"rendered":"land schafft klang"},"content":{"rendered":"\n<p>land schafft klang<br>Ein szenisches Konzert im Zellgarten der BUGA 2005, M\u00fcnchen. 8. Juli und 14. Juli 2005. Werke von Orlando di Lasso, Adriano Banchieri, John Bennet, Michael Praetorius, John Wilbye, Claudio Monteverdi, Orlando Gibbons, Felix Mendelssohn-Bartholdy, Johannes Brahms, Dennis Armitage und Wolfram Buchenberg u.a.\u00a0<\/p>\n\n\n\n<p>Musikalische Leitung: Andreas Herrmann<br>Konzeption: Susanne Frey<br>Madrigalchor und Blechbl\u00e4ser der Hochschule f\u00fcr Musik und Theater M\u00fcnchen\u00a0<\/p>\n\n\n\n<div class=\"wp-block-glsb-gosign-logo-slider-block gosign-logo-slider\" data-slick=\"{&quot;dots&quot;:false,&quot;infinite&quot;:true,&quot;arrows&quot;:false,&quot;speed&quot;:800,&quot;slidesToShow&quot;:1,&quot;slidesToScroll&quot;:1,&quot;autoplay&quot;:true,&quot;autoplaySpeed&quot;:2500,&quot;gosignAllowLinkOnImages&quot;:false}\"><div class=\"logo-slider-item\"><img loading=\"lazy\" width=\"1024\" height=\"683\" src=\"http:\/\/susanne-frey.de\/wp-content\/uploads\/2020\/04\/land-schafft-klang_1-1024x683.jpg\" alt=\"\" data-id=\"742\" data-link=\"http:\/\/susanne-frey.de\/?attachment_id=742\" class=\"wp-image-742\" srcset=\"http:\/\/susanne-frey.de\/wp-content\/uploads\/2020\/04\/land-schafft-klang_1-1024x683.jpg 1024w, http:\/\/susanne-frey.de\/wp-content\/uploads\/2020\/04\/land-schafft-klang_1-300x200.jpg 300w, http:\/\/susanne-frey.de\/wp-content\/uploads\/2020\/04\/land-schafft-klang_1-768x512.jpg 768w, http:\/\/susanne-frey.de\/wp-content\/uploads\/2020\/04\/land-schafft-klang_1.jpg 1200w\" sizes=\"(max-width: 706px) 89vw, (max-width: 767px) 82vw, 740px\" \/><\/div><div class=\"logo-slider-item\"><img loading=\"lazy\" width=\"1024\" height=\"683\" src=\"http:\/\/susanne-frey.de\/wp-content\/uploads\/2020\/04\/land-schafft-klang_2-1024x683.jpg\" alt=\"\" data-id=\"743\" data-link=\"http:\/\/susanne-frey.de\/?attachment_id=743\" class=\"wp-image-743\" srcset=\"http:\/\/susanne-frey.de\/wp-content\/uploads\/2020\/04\/land-schafft-klang_2-1024x683.jpg 1024w, http:\/\/susanne-frey.de\/wp-content\/uploads\/2020\/04\/land-schafft-klang_2-300x200.jpg 300w, http:\/\/susanne-frey.de\/wp-content\/uploads\/2020\/04\/land-schafft-klang_2-768x512.jpg 768w, http:\/\/susanne-frey.de\/wp-content\/uploads\/2020\/04\/land-schafft-klang_2.jpg 1200w\" sizes=\"(max-width: 706px) 89vw, (max-width: 767px) 82vw, 740px\" \/><\/div><div class=\"logo-slider-item\"><img loading=\"lazy\" width=\"1024\" height=\"683\" src=\"http:\/\/susanne-frey.de\/wp-content\/uploads\/2020\/04\/land-schafft-klang_3-1024x683.jpg\" alt=\"\" data-id=\"744\" data-link=\"http:\/\/susanne-frey.de\/?attachment_id=744\" class=\"wp-image-744\" srcset=\"http:\/\/susanne-frey.de\/wp-content\/uploads\/2020\/04\/land-schafft-klang_3-1024x683.jpg 1024w, http:\/\/susanne-frey.de\/wp-content\/uploads\/2020\/04\/land-schafft-klang_3-300x200.jpg 300w, http:\/\/susanne-frey.de\/wp-content\/uploads\/2020\/04\/land-schafft-klang_3-768x512.jpg 768w, http:\/\/susanne-frey.de\/wp-content\/uploads\/2020\/04\/land-schafft-klang_3.jpg 1200w\" sizes=\"(max-width: 706px) 89vw, (max-width: 767px) 82vw, 740px\" \/><\/div><\/div>\n\n\n\n<p><br>Fotos \u00a9 Susanne Frey<\/p>\n","protected":false},"excerpt":{"rendered":"<p>land schafft klangEin szenisches Konzert im Zellgarten der BUGA 2005, M\u00fcnchen. 8. Juli und 14. Juli 2005. Werke von Orlando di Lasso, Adriano Banchieri, John Bennet, Michael Praetorius, John Wilbye, Claudio Monteverdi, Orlando Gibbons, Felix Mendelssohn-Bartholdy, Johannes Brahms, Dennis Armitage und Wolfram Buchenberg u.a.\u00a0 Musikalische Leitung: Andreas HerrmannKonzeption: Susanne FreyMadrigalchor und Blechbl\u00e4ser der Hochschule f\u00fcr &hellip; <\/p>\n<p class=\"link-more\"><a href=\"http:\/\/susanne-frey.de\/?page_id=72\" class=\"more-link\"><span class=\"screen-reader-text\">\u201eland schafft klang\u201c<\/span> weiterlesen<\/a><\/p>\n","protected":false},"author":1,"featured_media":0,"parent":0,"menu_order":0,"comment_status":"closed","ping_status":"closed","template":"","meta":{"ngg_post_thumbnail":0},"_links":{"self":[{"href":"http:\/\/susanne-frey.de\/index.php?rest_route=\/wp\/v2\/pages\/72"}],"collection":[{"href":"http:\/\/susanne-frey.de\/index.php?rest_route=\/wp\/v2\/pages"}],"about":[{"href":"http:\/\/susanne-frey.de\/index.php?rest_route=\/wp\/v2\/types\/page"}],"author":[{"embeddable":true,"href":"http:\/\/susanne-frey.de\/index.php?rest_route=\/wp\/v2\/users\/1"}],"replies":[{"embeddable":true,"href":"http:\/\/susanne-frey.de\/index.php?rest_route=%2Fwp%2Fv2%2Fcomments&post=72"}],"version-history":[{"count":3,"href":"http:\/\/susanne-frey.de\/index.php?rest_route=\/wp\/v2\/pages\/72\/revisions"}],"predecessor-version":[{"id":746,"href":"http:\/\/susanne-frey.de\/index.php?rest_route=\/wp\/v2\/pages\/72\/revisions\/746"}],"wp:attachment":[{"href":"http:\/\/susanne-frey.de\/index.php?rest_route=%2Fwp%2Fv2%2Fmedia&parent=72"}],"curies":[{"name":"wp","href":"https:\/\/api.w.org\/{rel}","templated":true}]}}

<p>land schafft klang<br>Ein szenisches Konzert im Zellgarten der BUGA 2005, München. 8. Juli und 14. Juli 2005. Werke von Orlando di Lasso, Adriano Banchieri, John Bennet, Michael Praetorius, John Wilbye, Claudio Monteverdi, Orlando Gibbons, Felix Mendelssohn-Bartholdy, Johannes Brahms, Dennis Armitage und Wolfram Buchenberg u.a. </p>



<p>Musikalische Leitung: Andreas Herrmann<br>Konzeption: Susanne Frey<br>Madrigalchor und Blechbläser der Hochschule für Musik und Theater München </p>



<div class="wp-block-glsb-gosign-logo-slider-block gosign-logo-slider" data-slick="{&quot;dots&quot;:false,&quot;infinite&quot;:true,&quot;arrows&quot;:false,&quot;speed&quot;:800,&quot;slidesToShow&quot;:1,&quot;slidesToScroll&quot;:1,&quot;autoplay&quot;:true,&quot;autoplaySpeed&quot;:2500,&quot;gosignAllowLinkOnImages&quot;:false}"><div class="logo-slider-item"><img loading="lazy" width="1024" height="683" src="http://susanne-frey.de/wp-content/uploads/2020/04/land-schafft-klang_1-1024x683.jpg" alt="" data-id="742" data-link="http://susanne-frey.de/?attachment_id=742" class="wp-image-742" srcset="http://susanne-frey.de/wp-content/uploads/2020/04/land-schafft-klang_1-1024x683.jpg 1024w, http://susanne-frey.de/wp-content/uploads/2020/04/land-schafft-klang_1-300x200.jpg 300w, http://susanne-frey.de/wp-content/uploads/2020/04/land-schafft-klang_1-768x512.jpg 768w, http://susanne-frey.de/wp-content/uploads/2020/04/land-schafft-klang_1.jpg 1200w" sizes="(max-width: 706px) 89vw, (max-width: 767px) 82vw, 740px" /></div><div class="logo-slider-item"><img loading="lazy" width="1024" height="683" src="http://susanne-frey.de/wp-content/uploads/2020/04/land-schafft-klang_2-1024x683.jpg" alt="" data-id="743" data-link="http://susanne-frey.de/?attachment_id=743" class="wp-image-743" srcset="http://susanne-frey.de/wp-content/uploads/2020/04/land-schafft-klang_2-1024x683.jpg 1024w, http://susanne-frey.de/wp-content/uploads/2020/04/land-schafft-klang_2-300x200.jpg 300w, http://susanne-frey.de/wp-content/uploads/2020/04/land-schafft-klang_2-768x512.jpg 768w, http://susanne-frey.de/wp-content/uploads/2020/04/land-schafft-klang_2.jpg 1200w" sizes="(max-width: 706px) 89vw, (max-width: 767px) 82vw, 740px" /></div><div class="logo-slider-item"><img loading="lazy" width="1024" height="683" src="http://susanne-frey.de/wp-content/uploads/2020/04/land-schafft-klang_3-1024x683.jpg" alt="" data-id="744" data-link="http://susanne-frey.de/?attachment_id=744" class="wp-image-744" srcset="http://susanne-frey.de/wp-content/uploads/2020/04/land-schafft-klang_3-1024x683.jpg 1024w, http://susanne-frey.de/wp-content/uploads/2020/04/land-schafft-klang_3-300x200.jpg 300w, http://susanne-frey.de/wp-content/uploads/2020/04/land-schafft-klang_3-768x512.jpg 768w, http://susanne-frey.de/wp-content/uploads/2020/04/land-schafft-klang_3.jpg 1200w" sizes="(max-width: 706px) 89vw, (max-width: 767px) 82vw, 740px" /></div></div>



<p><br>Fotos © Susanne Frey</p>

<p>land schafft klangEin szenisches Konzert im Zellgarten der BUGA 2005, München. 8. Juli und 14. Juli 2005. Werke von Orlando di Lasso, Adriano Banchieri, John Bennet, Michael Praetorius, John Wilbye, Claudio Monteverdi, Orlando Gibbons, Felix Mendelssohn-Bartholdy, Johannes Brahms, Dennis Armitage und Wolfram Buchenberg u.a.  Musikalische Leitung: Andreas HerrmannKonzeption: Susanne FreyMadrigalchor und Blechbläser der Hochschule für &hellip; </p>
<p class="link-more"><a href="http://susanne-frey.de/?page_id=72" class="more-link"><span class="screen-reader-text">„land schafft klang“</span> weiterlesen</a></p>
