{"id":70,"date":"2020-02-23T16:00:26","date_gmt":"2020-02-23T16:00:26","guid":{"rendered":"http:\/\/susanne-frey.de\/?page_id=70"},"modified":"2020-04-14T18:51:30","modified_gmt":"2020-04-14T18:51:30","slug":"cosi-fan-tutte","status":"publish","type":"page","link":"http:\/\/susanne-frey.de\/?page_id=70","title":{"rendered":"Cosi fan tutte"},"content":{"rendered":"\n<p>Cosi fan tutte von Wolfgang Amadeus Mozart<br><a rel=\"noreferrer noopener\" href=\"https:\/\/www.hfm-karlsruhe.de\" target=\"_blank\">Hochschule f\u00fcr Musik Karlsruhe<\/a>&nbsp;im Konzerthaus. <br>Premiere am 9. Juni 2005.<\/p>\n\n\n\n<p>Musikalische Leitung: Alicja Mounk<br>Inszenierung: Susanne Frey und Andrea Raabe<br>B\u00fchne: Tobias Dinslage<br>Kost\u00fcme: Cornelia Kraske<br>mit Antonia Bourv\u00e9, Rebekka St\u00f6hr, Yo-Chan Ahn \/ Dominik Hosefelder \/ Oleksandr Prytoljuk, Gilberto Chaves \/ Jae-Suk Kim, Soojoo Lim \/ Andrea Stadel, Takeshi Hatsukano \/ Marc Kugel und dem Orchester der Hochschule f\u00fcr Musik Karlsruhe&nbsp;<\/p>\n\n\n\n<div class=\"wp-block-glsb-gosign-logo-slider-block gosign-logo-slider\" data-slick=\"{&quot;dots&quot;:false,&quot;infinite&quot;:true,&quot;arrows&quot;:false,&quot;speed&quot;:800,&quot;slidesToShow&quot;:1,&quot;slidesToScroll&quot;:1,&quot;autoplay&quot;:true,&quot;autoplaySpeed&quot;:2520,&quot;gosignAllowLinkOnImages&quot;:false}\"><div class=\"logo-slider-item\"><img loading=\"lazy\" width=\"1024\" height=\"683\" src=\"http:\/\/susanne-frey.de\/wp-content\/uploads\/2020\/04\/Cosi-fan-tutte_1-1024x683.jpg\" alt=\"\" data-id=\"432\" data-link=\"http:\/\/susanne-frey.de\/?attachment_id=432\" class=\"wp-image-432\" srcset=\"http:\/\/susanne-frey.de\/wp-content\/uploads\/2020\/04\/Cosi-fan-tutte_1-1024x683.jpg 1024w, http:\/\/susanne-frey.de\/wp-content\/uploads\/2020\/04\/Cosi-fan-tutte_1-300x200.jpg 300w, http:\/\/susanne-frey.de\/wp-content\/uploads\/2020\/04\/Cosi-fan-tutte_1-768x512.jpg 768w, http:\/\/susanne-frey.de\/wp-content\/uploads\/2020\/04\/Cosi-fan-tutte_1.jpg 1200w\" sizes=\"(max-width: 706px) 89vw, (max-width: 767px) 82vw, 740px\" \/><\/div><div class=\"logo-slider-item\"><img loading=\"lazy\" width=\"1024\" height=\"683\" src=\"http:\/\/susanne-frey.de\/wp-content\/uploads\/2020\/04\/Cosi-fan-tutte_2-1024x683.jpg\" alt=\"\" data-id=\"433\" data-link=\"http:\/\/susanne-frey.de\/?attachment_id=433\" class=\"wp-image-433\" srcset=\"http:\/\/susanne-frey.de\/wp-content\/uploads\/2020\/04\/Cosi-fan-tutte_2-1024x683.jpg 1024w, http:\/\/susanne-frey.de\/wp-content\/uploads\/2020\/04\/Cosi-fan-tutte_2-300x200.jpg 300w, http:\/\/susanne-frey.de\/wp-content\/uploads\/2020\/04\/Cosi-fan-tutte_2-768x512.jpg 768w, http:\/\/susanne-frey.de\/wp-content\/uploads\/2020\/04\/Cosi-fan-tutte_2.jpg 1200w\" sizes=\"(max-width: 706px) 89vw, (max-width: 767px) 82vw, 740px\" \/><\/div><div class=\"logo-slider-item\"><img loading=\"lazy\" width=\"1024\" height=\"683\" src=\"http:\/\/susanne-frey.de\/wp-content\/uploads\/2020\/04\/Cosi-fan-tutte_4-1024x683.jpg\" alt=\"\" data-id=\"435\" data-link=\"http:\/\/susanne-frey.de\/?attachment_id=435\" class=\"wp-image-435\" srcset=\"http:\/\/susanne-frey.de\/wp-content\/uploads\/2020\/04\/Cosi-fan-tutte_4-1024x683.jpg 1024w, http:\/\/susanne-frey.de\/wp-content\/uploads\/2020\/04\/Cosi-fan-tutte_4-300x200.jpg 300w, http:\/\/susanne-frey.de\/wp-content\/uploads\/2020\/04\/Cosi-fan-tutte_4-768x512.jpg 768w, http:\/\/susanne-frey.de\/wp-content\/uploads\/2020\/04\/Cosi-fan-tutte_4.jpg 1200w\" sizes=\"(max-width: 706px) 89vw, (max-width: 767px) 82vw, 740px\" \/><\/div><div class=\"logo-slider-item\"><img loading=\"lazy\" width=\"1024\" height=\"683\" src=\"http:\/\/susanne-frey.de\/wp-content\/uploads\/2020\/04\/Cosi-fan-tutte_3-1024x683.jpg\" alt=\"\" data-id=\"434\" data-link=\"http:\/\/susanne-frey.de\/?attachment_id=434\" class=\"wp-image-434\" srcset=\"http:\/\/susanne-frey.de\/wp-content\/uploads\/2020\/04\/Cosi-fan-tutte_3-1024x683.jpg 1024w, http:\/\/susanne-frey.de\/wp-content\/uploads\/2020\/04\/Cosi-fan-tutte_3-300x200.jpg 300w, http:\/\/susanne-frey.de\/wp-content\/uploads\/2020\/04\/Cosi-fan-tutte_3-768x512.jpg 768w, http:\/\/susanne-frey.de\/wp-content\/uploads\/2020\/04\/Cosi-fan-tutte_3.jpg 1200w\" sizes=\"(max-width: 706px) 89vw, (max-width: 767px) 82vw, 740px\" \/><\/div><div class=\"logo-slider-item\"><img loading=\"lazy\" width=\"1024\" height=\"683\" src=\"http:\/\/susanne-frey.de\/wp-content\/uploads\/2020\/04\/Cosi-fan-tutte_5-1024x683.jpg\" alt=\"\" data-id=\"436\" data-link=\"http:\/\/susanne-frey.de\/?attachment_id=436\" class=\"wp-image-436\" srcset=\"http:\/\/susanne-frey.de\/wp-content\/uploads\/2020\/04\/Cosi-fan-tutte_5-1024x683.jpg 1024w, http:\/\/susanne-frey.de\/wp-content\/uploads\/2020\/04\/Cosi-fan-tutte_5-300x200.jpg 300w, http:\/\/susanne-frey.de\/wp-content\/uploads\/2020\/04\/Cosi-fan-tutte_5-768x512.jpg 768w, http:\/\/susanne-frey.de\/wp-content\/uploads\/2020\/04\/Cosi-fan-tutte_5.jpg 1200w\" sizes=\"(max-width: 706px) 89vw, (max-width: 767px) 82vw, 740px\" \/><\/div><div class=\"logo-slider-item\"><img loading=\"lazy\" width=\"1024\" height=\"683\" src=\"http:\/\/susanne-frey.de\/wp-content\/uploads\/2020\/04\/Cosi-fan-tutte_6-1024x683.jpg\" alt=\"\" data-id=\"437\" data-link=\"http:\/\/susanne-frey.de\/?attachment_id=437\" class=\"wp-image-437\" srcset=\"http:\/\/susanne-frey.de\/wp-content\/uploads\/2020\/04\/Cosi-fan-tutte_6-1024x683.jpg 1024w, http:\/\/susanne-frey.de\/wp-content\/uploads\/2020\/04\/Cosi-fan-tutte_6-300x200.jpg 300w, http:\/\/susanne-frey.de\/wp-content\/uploads\/2020\/04\/Cosi-fan-tutte_6-768x512.jpg 768w, http:\/\/susanne-frey.de\/wp-content\/uploads\/2020\/04\/Cosi-fan-tutte_6.jpg 1200w\" sizes=\"(max-width: 706px) 89vw, (max-width: 767px) 82vw, 740px\" \/><\/div><div class=\"logo-slider-item\"><img loading=\"lazy\" width=\"1024\" height=\"683\" src=\"http:\/\/susanne-frey.de\/wp-content\/uploads\/2020\/04\/Cosi-fan-tutte_7-1024x683.jpg\" alt=\"\" data-id=\"438\" data-link=\"http:\/\/susanne-frey.de\/?attachment_id=438\" class=\"wp-image-438\" srcset=\"http:\/\/susanne-frey.de\/wp-content\/uploads\/2020\/04\/Cosi-fan-tutte_7-1024x683.jpg 1024w, http:\/\/susanne-frey.de\/wp-content\/uploads\/2020\/04\/Cosi-fan-tutte_7-300x200.jpg 300w, http:\/\/susanne-frey.de\/wp-content\/uploads\/2020\/04\/Cosi-fan-tutte_7-768x512.jpg 768w, http:\/\/susanne-frey.de\/wp-content\/uploads\/2020\/04\/Cosi-fan-tutte_7.jpg 1200w\" sizes=\"(max-width: 706px) 89vw, (max-width: 767px) 82vw, 740px\" \/><\/div><div class=\"logo-slider-item\"><img loading=\"lazy\" width=\"1024\" height=\"683\" src=\"http:\/\/susanne-frey.de\/wp-content\/uploads\/2020\/04\/Cosi-fan-tutte_8-1024x683.jpg\" alt=\"\" data-id=\"439\" data-link=\"http:\/\/susanne-frey.de\/?attachment_id=439\" class=\"wp-image-439\" srcset=\"http:\/\/susanne-frey.de\/wp-content\/uploads\/2020\/04\/Cosi-fan-tutte_8-1024x683.jpg 1024w, http:\/\/susanne-frey.de\/wp-content\/uploads\/2020\/04\/Cosi-fan-tutte_8-300x200.jpg 300w, http:\/\/susanne-frey.de\/wp-content\/uploads\/2020\/04\/Cosi-fan-tutte_8-768x512.jpg 768w, http:\/\/susanne-frey.de\/wp-content\/uploads\/2020\/04\/Cosi-fan-tutte_8.jpg 1200w\" sizes=\"(max-width: 706px) 89vw, (max-width: 767px) 82vw, 740px\" \/><\/div><\/div>\n\n\n\n<p><br>Fotos \u00a9 Susanne Frey und Tobias Dinslage<\/p>\n","protected":false},"excerpt":{"rendered":"<p>Cosi fan tutte von Wolfgang Amadeus MozartHochschule f\u00fcr Musik Karlsruhe&nbsp;im Konzerthaus. Premiere am 9. Juni 2005. Musikalische Leitung: Alicja MounkInszenierung: Susanne Frey und Andrea RaabeB\u00fchne: Tobias DinslageKost\u00fcme: Cornelia Kraskemit Antonia Bourv\u00e9, Rebekka St\u00f6hr, Yo-Chan Ahn \/ Dominik Hosefelder \/ Oleksandr Prytoljuk, Gilberto Chaves \/ Jae-Suk Kim, Soojoo Lim \/ Andrea Stadel, Takeshi Hatsukano \/ Marc &hellip; <\/p>\n<p class=\"link-more\"><a href=\"http:\/\/susanne-frey.de\/?page_id=70\" class=\"more-link\"><span class=\"screen-reader-text\">\u201eCosi fan tutte\u201c<\/span> weiterlesen<\/a><\/p>\n","protected":false},"author":1,"featured_media":0,"parent":0,"menu_order":0,"comment_status":"closed","ping_status":"closed","template":"","meta":{"ngg_post_thumbnail":0},"_links":{"self":[{"href":"http:\/\/susanne-frey.de\/index.php?rest_route=\/wp\/v2\/pages\/70"}],"collection":[{"href":"http:\/\/susanne-frey.de\/index.php?rest_route=\/wp\/v2\/pages"}],"about":[{"href":"http:\/\/susanne-frey.de\/index.php?rest_route=\/wp\/v2\/types\/page"}],"author":[{"embeddable":true,"href":"http:\/\/susanne-frey.de\/index.php?rest_route=\/wp\/v2\/users\/1"}],"replies":[{"embeddable":true,"href":"http:\/\/susanne-frey.de\/index.php?rest_route=%2Fwp%2Fv2%2Fcomments&post=70"}],"version-history":[{"count":9,"href":"http:\/\/susanne-frey.de\/index.php?rest_route=\/wp\/v2\/pages\/70\/revisions"}],"predecessor-version":[{"id":841,"href":"http:\/\/susanne-frey.de\/index.php?rest_route=\/wp\/v2\/pages\/70\/revisions\/841"}],"wp:attachment":[{"href":"http:\/\/susanne-frey.de\/index.php?rest_route=%2Fwp%2Fv2%2Fmedia&parent=70"}],"curies":[{"name":"wp","href":"https:\/\/api.w.org\/{rel}","templated":true}]}}

<p>Cosi fan tutte von Wolfgang Amadeus Mozart<br><a rel="noreferrer noopener" href="https://www.hfm-karlsruhe.de" target="_blank">Hochschule für Musik Karlsruhe</a>&nbsp;im Konzerthaus. <br>Premiere am 9. Juni 2005.</p>



<p>Musikalische Leitung: Alicja Mounk<br>Inszenierung: Susanne Frey und Andrea Raabe<br>Bühne: Tobias Dinslage<br>Kostüme: Cornelia Kraske<br>mit Antonia Bourvé, Rebekka Stöhr, Yo-Chan Ahn / Dominik Hosefelder / Oleksandr Prytoljuk, Gilberto Chaves / Jae-Suk Kim, Soojoo Lim / Andrea Stadel, Takeshi Hatsukano / Marc Kugel und dem Orchester der Hochschule für Musik Karlsruhe&nbsp;</p>



<div class="wp-block-glsb-gosign-logo-slider-block gosign-logo-slider" data-slick="{&quot;dots&quot;:false,&quot;infinite&quot;:true,&quot;arrows&quot;:false,&quot;speed&quot;:800,&quot;slidesToShow&quot;:1,&quot;slidesToScroll&quot;:1,&quot;autoplay&quot;:true,&quot;autoplaySpeed&quot;:2520,&quot;gosignAllowLinkOnImages&quot;:false}"><div class="logo-slider-item"><img loading="lazy" width="1024" height="683" src="http://susanne-frey.de/wp-content/uploads/2020/04/Cosi-fan-tutte_1-1024x683.jpg" alt="" data-id="432" data-link="http://susanne-frey.de/?attachment_id=432" class="wp-image-432" srcset="http://susanne-frey.de/wp-content/uploads/2020/04/Cosi-fan-tutte_1-1024x683.jpg 1024w, http://susanne-frey.de/wp-content/uploads/2020/04/Cosi-fan-tutte_1-300x200.jpg 300w, http://susanne-frey.de/wp-content/uploads/2020/04/Cosi-fan-tutte_1-768x512.jpg 768w, http://susanne-frey.de/wp-content/uploads/2020/04/Cosi-fan-tutte_1.jpg 1200w" sizes="(max-width: 706px) 89vw, (max-width: 767px) 82vw, 740px" /></div><div class="logo-slider-item"><img loading="lazy" width="1024" height="683" src="http://susanne-frey.de/wp-content/uploads/2020/04/Cosi-fan-tutte_2-1024x683.jpg" alt="" data-id="433" data-link="http://susanne-frey.de/?attachment_id=433" class="wp-image-433" srcset="http://susanne-frey.de/wp-content/uploads/2020/04/Cosi-fan-tutte_2-1024x683.jpg 1024w, http://susanne-frey.de/wp-content/uploads/2020/04/Cosi-fan-tutte_2-300x200.jpg 300w, http://susanne-frey.de/wp-content/uploads/2020/04/Cosi-fan-tutte_2-768x512.jpg 768w, http://susanne-frey.de/wp-content/uploads/2020/04/Cosi-fan-tutte_2.jpg 1200w" sizes="(max-width: 706px) 89vw, (max-width: 767px) 82vw, 740px" /></div><div class="logo-slider-item"><img loading="lazy" width="1024" height="683" src="http://susanne-frey.de/wp-content/uploads/2020/04/Cosi-fan-tutte_4-1024x683.jpg" alt="" data-id="435" data-link="http://susanne-frey.de/?attachment_id=435" class="wp-image-435" srcset="http://susanne-frey.de/wp-content/uploads/2020/04/Cosi-fan-tutte_4-1024x683.jpg 1024w, http://susanne-frey.de/wp-content/uploads/2020/04/Cosi-fan-tutte_4-300x200.jpg 300w, http://susanne-frey.de/wp-content/uploads/2020/04/Cosi-fan-tutte_4-768x512.jpg 768w, http://susanne-frey.de/wp-content/uploads/2020/04/Cosi-fan-tutte_4.jpg 1200w" sizes="(max-width: 706px) 89vw, (max-width: 767px) 82vw, 740px" /></div><div class="logo-slider-item"><img loading="lazy" width="1024" height="683" src="http://susanne-frey.de/wp-content/uploads/2020/04/Cosi-fan-tutte_3-1024x683.jpg" alt="" data-id="434" data-link="http://susanne-frey.de/?attachment_id=434" class="wp-image-434" srcset="http://susanne-frey.de/wp-content/uploads/2020/04/Cosi-fan-tutte_3-1024x683.jpg 1024w, http://susanne-frey.de/wp-content/uploads/2020/04/Cosi-fan-tutte_3-300x200.jpg 300w, http://susanne-frey.de/wp-content/uploads/2020/04/Cosi-fan-tutte_3-768x512.jpg 768w, http://susanne-frey.de/wp-content/uploads/2020/04/Cosi-fan-tutte_3.jpg 1200w" sizes="(max-width: 706px) 89vw, (max-width: 767px) 82vw, 740px" /></div><div class="logo-slider-item"><img loading="lazy" width="1024" height="683" src="http://susanne-frey.de/wp-content/uploads/2020/04/Cosi-fan-tutte_5-1024x683.jpg" alt="" data-id="436" data-link="http://susanne-frey.de/?attachment_id=436" class="wp-image-436" srcset="http://susanne-frey.de/wp-content/uploads/2020/04/Cosi-fan-tutte_5-1024x683.jpg 1024w, http://susanne-frey.de/wp-content/uploads/2020/04/Cosi-fan-tutte_5-300x200.jpg 300w, http://susanne-frey.de/wp-content/uploads/2020/04/Cosi-fan-tutte_5-768x512.jpg 768w, http://susanne-frey.de/wp-content/uploads/2020/04/Cosi-fan-tutte_5.jpg 1200w" sizes="(max-width: 706px) 89vw, (max-width: 767px) 82vw, 740px" /></div><div class="logo-slider-item"><img loading="lazy" width="1024" height="683" src="http://susanne-frey.de/wp-content/uploads/2020/04/Cosi-fan-tutte_6-1024x683.jpg" alt="" data-id="437" data-link="http://susanne-frey.de/?attachment_id=437" class="wp-image-437" srcset="http://susanne-frey.de/wp-content/uploads/2020/04/Cosi-fan-tutte_6-1024x683.jpg 1024w, http://susanne-frey.de/wp-content/uploads/2020/04/Cosi-fan-tutte_6-300x200.jpg 300w, http://susanne-frey.de/wp-content/uploads/2020/04/Cosi-fan-tutte_6-768x512.jpg 768w, http://susanne-frey.de/wp-content/uploads/2020/04/Cosi-fan-tutte_6.jpg 1200w" sizes="(max-width: 706px) 89vw, (max-width: 767px) 82vw, 740px" /></div><div class="logo-slider-item"><img loading="lazy" width="1024" height="683" src="http://susanne-frey.de/wp-content/uploads/2020/04/Cosi-fan-tutte_7-1024x683.jpg" alt="" data-id="438" data-link="http://susanne-frey.de/?attachment_id=438" class="wp-image-438" srcset="http://susanne-frey.de/wp-content/uploads/2020/04/Cosi-fan-tutte_7-1024x683.jpg 1024w, http://susanne-frey.de/wp-content/uploads/2020/04/Cosi-fan-tutte_7-300x200.jpg 300w, http://susanne-frey.de/wp-content/uploads/2020/04/Cosi-fan-tutte_7-768x512.jpg 768w, http://susanne-frey.de/wp-content/uploads/2020/04/Cosi-fan-tutte_7.jpg 1200w" sizes="(max-width: 706px) 89vw, (max-width: 767px) 82vw, 740px" /></div><div class="logo-slider-item"><img loading="lazy" width="1024" height="683" src="http://susanne-frey.de/wp-content/uploads/2020/04/Cosi-fan-tutte_8-1024x683.jpg" alt="" data-id="439" data-link="http://susanne-frey.de/?attachment_id=439" class="wp-image-439" srcset="http://susanne-frey.de/wp-content/uploads/2020/04/Cosi-fan-tutte_8-1024x683.jpg 1024w, http://susanne-frey.de/wp-content/uploads/2020/04/Cosi-fan-tutte_8-300x200.jpg 300w, http://susanne-frey.de/wp-content/uploads/2020/04/Cosi-fan-tutte_8-768x512.jpg 768w, http://susanne-frey.de/wp-content/uploads/2020/04/Cosi-fan-tutte_8.jpg 1200w" sizes="(max-width: 706px) 89vw, (max-width: 767px) 82vw, 740px" /></div></div>



<p><br>Fotos © Susanne Frey und Tobias Dinslage</p>

<p>Cosi fan tutte von Wolfgang Amadeus MozartHochschule für Musik Karlsruhe&nbsp;im Konzerthaus. Premiere am 9. Juni 2005. Musikalische Leitung: Alicja MounkInszenierung: Susanne Frey und Andrea RaabeBühne: Tobias DinslageKostüme: Cornelia Kraskemit Antonia Bourvé, Rebekka Stöhr, Yo-Chan Ahn / Dominik Hosefelder / Oleksandr Prytoljuk, Gilberto Chaves / Jae-Suk Kim, Soojoo Lim / Andrea Stadel, Takeshi Hatsukano / Marc &hellip; </p>
<p class="link-more"><a href="http://susanne-frey.de/?page_id=70" class="more-link"><span class="screen-reader-text">„Cosi fan tutte“</span> weiterlesen</a></p>
