{"id":47,"date":"2020-02-23T15:23:13","date_gmt":"2020-02-23T15:23:13","guid":{"rendered":"http:\/\/susanne-frey.de\/?page_id=47"},"modified":"2020-04-14T18:55:02","modified_gmt":"2020-04-14T18:55:02","slug":"der-freischuetz-carl-maria-von-weber","status":"publish","type":"page","link":"http:\/\/susanne-frey.de\/?page_id=47","title":{"rendered":"Der Freisch\u00fctz"},"content":{"rendered":"\n<p>Der Freisch\u00fctz  von Carl Maria von Weber<br><a rel=\"noreferrer noopener\" href=\"https:\/\/www.schlossfestspiele-zwingenberg.de\" target=\"_blank\">Schlossfestspiele Zwingenberg<\/a>.<br>Premiere am 17. August 2001<\/p>\n\n\n\n<p>Musikalische Leitung: Guido Johannes Rumstadt<br>Inszenierung: Susanne Frey<br>Ausstattung: Jochen Diederichs<br>mit Scott Wyatt, Catherine Croall, Alexis Wagner, Simone Fessner, Martin Krasnenko, Ilona Christina Schulz, Alois Schnorrberger, Matthias Horn, Holger Ries, Sabine Schilling, Giovanni Ara\u00fajo, Georg Schie\u00dfl, Daniel B\u00f6hm, Alex Fleuriau-Chateau sowie dem Chor und Orchester der Schlossfestspiele Zwingenberg.&nbsp;<\/p>\n\n\n\n<div class=\"wp-block-glsb-gosign-logo-slider-block gosign-logo-slider\" data-slick=\"{&quot;dots&quot;:false,&quot;infinite&quot;:true,&quot;arrows&quot;:false,&quot;speed&quot;:800,&quot;slidesToShow&quot;:1,&quot;slidesToScroll&quot;:1,&quot;autoplay&quot;:true,&quot;autoplaySpeed&quot;:3000,&quot;gosignAllowLinkOnImages&quot;:false}\"><div class=\"logo-slider-item\"><img loading=\"lazy\" width=\"1024\" height=\"683\" src=\"http:\/\/susanne-frey.de\/wp-content\/uploads\/2020\/04\/Freischuetz_1-1024x683.jpg\" alt=\"\" data-id=\"466\" data-link=\"http:\/\/susanne-frey.de\/?attachment_id=466\" class=\"wp-image-466\" srcset=\"http:\/\/susanne-frey.de\/wp-content\/uploads\/2020\/04\/Freischuetz_1-1024x683.jpg 1024w, http:\/\/susanne-frey.de\/wp-content\/uploads\/2020\/04\/Freischuetz_1-300x200.jpg 300w, http:\/\/susanne-frey.de\/wp-content\/uploads\/2020\/04\/Freischuetz_1-768x512.jpg 768w, http:\/\/susanne-frey.de\/wp-content\/uploads\/2020\/04\/Freischuetz_1.jpg 1200w\" sizes=\"(max-width: 706px) 89vw, (max-width: 767px) 82vw, 740px\" \/><\/div><div class=\"logo-slider-item\"><img loading=\"lazy\" width=\"1024\" height=\"683\" src=\"http:\/\/susanne-frey.de\/wp-content\/uploads\/2020\/04\/Freischuetz_2-1024x683.jpg\" alt=\"\" data-id=\"467\" data-link=\"http:\/\/susanne-frey.de\/?attachment_id=467\" class=\"wp-image-467\" srcset=\"http:\/\/susanne-frey.de\/wp-content\/uploads\/2020\/04\/Freischuetz_2-1024x683.jpg 1024w, http:\/\/susanne-frey.de\/wp-content\/uploads\/2020\/04\/Freischuetz_2-300x200.jpg 300w, http:\/\/susanne-frey.de\/wp-content\/uploads\/2020\/04\/Freischuetz_2-768x512.jpg 768w, http:\/\/susanne-frey.de\/wp-content\/uploads\/2020\/04\/Freischuetz_2.jpg 1200w\" sizes=\"(max-width: 706px) 89vw, (max-width: 767px) 82vw, 740px\" \/><\/div><div class=\"logo-slider-item\"><img loading=\"lazy\" width=\"1024\" height=\"683\" src=\"http:\/\/susanne-frey.de\/wp-content\/uploads\/2020\/04\/Freischuetz_3-1024x683.jpg\" alt=\"\" data-id=\"468\" data-link=\"http:\/\/susanne-frey.de\/?attachment_id=468\" class=\"wp-image-468\" srcset=\"http:\/\/susanne-frey.de\/wp-content\/uploads\/2020\/04\/Freischuetz_3-1024x683.jpg 1024w, http:\/\/susanne-frey.de\/wp-content\/uploads\/2020\/04\/Freischuetz_3-300x200.jpg 300w, http:\/\/susanne-frey.de\/wp-content\/uploads\/2020\/04\/Freischuetz_3-768x512.jpg 768w, http:\/\/susanne-frey.de\/wp-content\/uploads\/2020\/04\/Freischuetz_3.jpg 1200w\" sizes=\"(max-width: 706px) 89vw, (max-width: 767px) 82vw, 740px\" \/><\/div><\/div>\n\n\n\n<p><br>Fotos \u00a9 Jochen Diederichs&nbsp;<\/p>\n","protected":false},"excerpt":{"rendered":"<p>Der Freisch\u00fctz von Carl Maria von WeberSchlossfestspiele Zwingenberg.Premiere am 17. August 2001 Musikalische Leitung: Guido Johannes RumstadtInszenierung: Susanne FreyAusstattung: Jochen Diederichsmit Scott Wyatt, Catherine Croall, Alexis Wagner, Simone Fessner, Martin Krasnenko, Ilona Christina Schulz, Alois Schnorrberger, Matthias Horn, Holger Ries, Sabine Schilling, Giovanni Ara\u00fajo, Georg Schie\u00dfl, Daniel B\u00f6hm, Alex Fleuriau-Chateau sowie dem Chor und Orchester &hellip; <\/p>\n<p class=\"link-more\"><a href=\"http:\/\/susanne-frey.de\/?page_id=47\" class=\"more-link\"><span class=\"screen-reader-text\">\u201eDer Freisch\u00fctz\u201c<\/span> weiterlesen<\/a><\/p>\n","protected":false},"author":1,"featured_media":0,"parent":0,"menu_order":0,"comment_status":"closed","ping_status":"closed","template":"","meta":{"ngg_post_thumbnail":0},"_links":{"self":[{"href":"http:\/\/susanne-frey.de\/index.php?rest_route=\/wp\/v2\/pages\/47"}],"collection":[{"href":"http:\/\/susanne-frey.de\/index.php?rest_route=\/wp\/v2\/pages"}],"about":[{"href":"http:\/\/susanne-frey.de\/index.php?rest_route=\/wp\/v2\/types\/page"}],"author":[{"embeddable":true,"href":"http:\/\/susanne-frey.de\/index.php?rest_route=\/wp\/v2\/users\/1"}],"replies":[{"embeddable":true,"href":"http:\/\/susanne-frey.de\/index.php?rest_route=%2Fwp%2Fv2%2Fcomments&post=47"}],"version-history":[{"count":7,"href":"http:\/\/susanne-frey.de\/index.php?rest_route=\/wp\/v2\/pages\/47\/revisions"}],"predecessor-version":[{"id":846,"href":"http:\/\/susanne-frey.de\/index.php?rest_route=\/wp\/v2\/pages\/47\/revisions\/846"}],"wp:attachment":[{"href":"http:\/\/susanne-frey.de\/index.php?rest_route=%2Fwp%2Fv2%2Fmedia&parent=47"}],"curies":[{"name":"wp","href":"https:\/\/api.w.org\/{rel}","templated":true}]}}

Der Freischütz

<p>Der Freischütz  von Carl Maria von Weber<br><a rel="noreferrer noopener" href="https://www.schlossfestspiele-zwingenberg.de" target="_blank">Schlossfestspiele Zwingenberg</a>.<br>Premiere am 17. August 2001</p>



<p>Musikalische Leitung: Guido Johannes Rumstadt<br>Inszenierung: Susanne Frey<br>Ausstattung: Jochen Diederichs<br>mit Scott Wyatt, Catherine Croall, Alexis Wagner, Simone Fessner, Martin Krasnenko, Ilona Christina Schulz, Alois Schnorrberger, Matthias Horn, Holger Ries, Sabine Schilling, Giovanni Araújo, Georg Schießl, Daniel Böhm, Alex Fleuriau-Chateau sowie dem Chor und Orchester der Schlossfestspiele Zwingenberg.&nbsp;</p>



<div class="wp-block-glsb-gosign-logo-slider-block gosign-logo-slider" data-slick="{&quot;dots&quot;:false,&quot;infinite&quot;:true,&quot;arrows&quot;:false,&quot;speed&quot;:800,&quot;slidesToShow&quot;:1,&quot;slidesToScroll&quot;:1,&quot;autoplay&quot;:true,&quot;autoplaySpeed&quot;:3000,&quot;gosignAllowLinkOnImages&quot;:false}"><div class="logo-slider-item"><img loading="lazy" width="1024" height="683" src="http://susanne-frey.de/wp-content/uploads/2020/04/Freischuetz_1-1024x683.jpg" alt="" data-id="466" data-link="http://susanne-frey.de/?attachment_id=466" class="wp-image-466" srcset="http://susanne-frey.de/wp-content/uploads/2020/04/Freischuetz_1-1024x683.jpg 1024w, http://susanne-frey.de/wp-content/uploads/2020/04/Freischuetz_1-300x200.jpg 300w, http://susanne-frey.de/wp-content/uploads/2020/04/Freischuetz_1-768x512.jpg 768w, http://susanne-frey.de/wp-content/uploads/2020/04/Freischuetz_1.jpg 1200w" sizes="(max-width: 706px) 89vw, (max-width: 767px) 82vw, 740px" /></div><div class="logo-slider-item"><img loading="lazy" width="1024" height="683" src="http://susanne-frey.de/wp-content/uploads/2020/04/Freischuetz_2-1024x683.jpg" alt="" data-id="467" data-link="http://susanne-frey.de/?attachment_id=467" class="wp-image-467" srcset="http://susanne-frey.de/wp-content/uploads/2020/04/Freischuetz_2-1024x683.jpg 1024w, http://susanne-frey.de/wp-content/uploads/2020/04/Freischuetz_2-300x200.jpg 300w, http://susanne-frey.de/wp-content/uploads/2020/04/Freischuetz_2-768x512.jpg 768w, http://susanne-frey.de/wp-content/uploads/2020/04/Freischuetz_2.jpg 1200w" sizes="(max-width: 706px) 89vw, (max-width: 767px) 82vw, 740px" /></div><div class="logo-slider-item"><img loading="lazy" width="1024" height="683" src="http://susanne-frey.de/wp-content/uploads/2020/04/Freischuetz_3-1024x683.jpg" alt="" data-id="468" data-link="http://susanne-frey.de/?attachment_id=468" class="wp-image-468" srcset="http://susanne-frey.de/wp-content/uploads/2020/04/Freischuetz_3-1024x683.jpg 1024w, http://susanne-frey.de/wp-content/uploads/2020/04/Freischuetz_3-300x200.jpg 300w, http://susanne-frey.de/wp-content/uploads/2020/04/Freischuetz_3-768x512.jpg 768w, http://susanne-frey.de/wp-content/uploads/2020/04/Freischuetz_3.jpg 1200w" sizes="(max-width: 706px) 89vw, (max-width: 767px) 82vw, 740px" /></div></div>



<p><br>Fotos © Jochen Diederichs&nbsp;</p>

<p>Der Freischütz von Carl Maria von WeberSchlossfestspiele Zwingenberg.Premiere am 17. August 2001 Musikalische Leitung: Guido Johannes RumstadtInszenierung: Susanne FreyAusstattung: Jochen Diederichsmit Scott Wyatt, Catherine Croall, Alexis Wagner, Simone Fessner, Martin Krasnenko, Ilona Christina Schulz, Alois Schnorrberger, Matthias Horn, Holger Ries, Sabine Schilling, Giovanni Araújo, Georg Schießl, Daniel Böhm, Alex Fleuriau-Chateau sowie dem Chor und Orchester &hellip; </p>
<p class="link-more"><a href="http://susanne-frey.de/?page_id=47" class="more-link"><span class="screen-reader-text">„Der Freischütz“</span> weiterlesen</a></p>
