{"id":243,"date":"2020-02-24T11:33:42","date_gmt":"2020-02-24T11:33:42","guid":{"rendered":"http:\/\/susanne-frey.de\/?page_id=243"},"modified":"2020-04-14T19:16:14","modified_gmt":"2020-04-14T19:16:14","slug":"joshua","status":"publish","type":"page","link":"http:\/\/susanne-frey.de\/?page_id=243","title":{"rendered":"Joshua"},"content":{"rendered":"\n<p>Joshua von Georg Friedrich H\u00e4ndel<br>Stadtsaal Veranstaltungsforum, F\u00fcrstenfeldbruck. <br>Premiere am 14. November 2009<\/p>\n\n\n\n<p>Musikalische Leitung: Gerd Guglh\u00f6r<br>Regie: Susanne Frey<br>Ausstattung: Peter Sommerer<br>mit Christian Zenker (Joshua), <a href=\"http:\/\/www.jullavonlandsberg.de\" target=\"_blank\" rel=\"noreferrer noopener\">Julla von Landsberg<\/a> (Achsah),&nbsp;<a rel=\"noreferrer noopener\" href=\"http:\/\/www.goergner.com\/\" target=\"_blank\">Stefan G\u00f6rgner<\/a>&nbsp;(Othniel), Joel Frederiksen (Caleb) und dem&nbsp;<a rel=\"noreferrer noopener\" href=\"http:\/\/www.bachchor-ffb.de\/\" target=\"_blank\">BACHChor&amp;Orchester F\u00fcrstenfeldbruck<\/a><\/p>\n\n\n\n<p>Wie die H\u00e4ndel-Zeitgenossen mit den damaligen Augen und vor dem damaligen politischen Hintergrund auf den biblischen Stoff des Oratoriums blickten, so bewertet die Inszenierung das St\u00fcck vor der Folie unserer heutigen Sichtweise. So spielt die grunds\u00e4tzliche Infragestellung von Gewalt als legitimes und sinnvolles Mittel und die Erkenntnis, dass auch die Sieger eines Krieges \u2013 sei es in biblischer Zeit oder heute &#8211; immer Verwundungen davontragen und ganze Generationen traumatisiert zur\u00fcckbleiben, eine entscheidende Rolle f\u00fcr die Interpretation des St\u00fcckes.&nbsp;<\/p>\n\n\n\n<div class=\"wp-block-glsb-gosign-logo-slider-block gosign-logo-slider\" data-slick=\"{&quot;dots&quot;:false,&quot;infinite&quot;:true,&quot;arrows&quot;:false,&quot;speed&quot;:800,&quot;slidesToShow&quot;:1,&quot;slidesToScroll&quot;:1,&quot;autoplay&quot;:true,&quot;autoplaySpeed&quot;:2500,&quot;gosignAllowLinkOnImages&quot;:false}\"><div class=\"logo-slider-item\"><img loading=\"lazy\" width=\"1024\" height=\"683\" src=\"http:\/\/susanne-frey.de\/wp-content\/uploads\/2020\/04\/Joshua_1-1024x683.jpg\" alt=\"\" data-id=\"536\" data-link=\"http:\/\/susanne-frey.de\/?attachment_id=536\" class=\"wp-image-536\" srcset=\"http:\/\/susanne-frey.de\/wp-content\/uploads\/2020\/04\/Joshua_1-1024x683.jpg 1024w, http:\/\/susanne-frey.de\/wp-content\/uploads\/2020\/04\/Joshua_1-300x200.jpg 300w, http:\/\/susanne-frey.de\/wp-content\/uploads\/2020\/04\/Joshua_1-768x512.jpg 768w, http:\/\/susanne-frey.de\/wp-content\/uploads\/2020\/04\/Joshua_1.jpg 1200w\" sizes=\"(max-width: 706px) 89vw, (max-width: 767px) 82vw, 740px\" \/><\/div><div class=\"logo-slider-item\"><img loading=\"lazy\" width=\"1024\" height=\"683\" src=\"http:\/\/susanne-frey.de\/wp-content\/uploads\/2020\/04\/Joshua_2-1024x683.jpg\" alt=\"\" data-id=\"537\" data-link=\"http:\/\/susanne-frey.de\/?attachment_id=537\" class=\"wp-image-537\" srcset=\"http:\/\/susanne-frey.de\/wp-content\/uploads\/2020\/04\/Joshua_2-1024x683.jpg 1024w, http:\/\/susanne-frey.de\/wp-content\/uploads\/2020\/04\/Joshua_2-300x200.jpg 300w, http:\/\/susanne-frey.de\/wp-content\/uploads\/2020\/04\/Joshua_2-768x512.jpg 768w, http:\/\/susanne-frey.de\/wp-content\/uploads\/2020\/04\/Joshua_2.jpg 1200w\" sizes=\"(max-width: 706px) 89vw, (max-width: 767px) 82vw, 740px\" \/><\/div><div class=\"logo-slider-item\"><img loading=\"lazy\" width=\"1024\" height=\"683\" src=\"http:\/\/susanne-frey.de\/wp-content\/uploads\/2020\/04\/Joshua_3-1024x683.jpg\" alt=\"\" data-id=\"538\" data-link=\"http:\/\/susanne-frey.de\/?attachment_id=538\" class=\"wp-image-538\" srcset=\"http:\/\/susanne-frey.de\/wp-content\/uploads\/2020\/04\/Joshua_3-1024x683.jpg 1024w, http:\/\/susanne-frey.de\/wp-content\/uploads\/2020\/04\/Joshua_3-300x200.jpg 300w, http:\/\/susanne-frey.de\/wp-content\/uploads\/2020\/04\/Joshua_3-768x512.jpg 768w, http:\/\/susanne-frey.de\/wp-content\/uploads\/2020\/04\/Joshua_3.jpg 1200w\" sizes=\"(max-width: 706px) 89vw, (max-width: 767px) 82vw, 740px\" \/><\/div><div class=\"logo-slider-item\"><img loading=\"lazy\" width=\"1024\" height=\"683\" src=\"http:\/\/susanne-frey.de\/wp-content\/uploads\/2020\/04\/Joshua_4-1024x683.jpg\" alt=\"\" data-id=\"539\" data-link=\"http:\/\/susanne-frey.de\/?attachment_id=539\" class=\"wp-image-539\" srcset=\"http:\/\/susanne-frey.de\/wp-content\/uploads\/2020\/04\/Joshua_4-1024x683.jpg 1024w, http:\/\/susanne-frey.de\/wp-content\/uploads\/2020\/04\/Joshua_4-300x200.jpg 300w, http:\/\/susanne-frey.de\/wp-content\/uploads\/2020\/04\/Joshua_4-768x512.jpg 768w, http:\/\/susanne-frey.de\/wp-content\/uploads\/2020\/04\/Joshua_4.jpg 1200w\" sizes=\"(max-width: 706px) 89vw, (max-width: 767px) 82vw, 740px\" \/><\/div><div class=\"logo-slider-item\"><img loading=\"lazy\" width=\"1024\" height=\"683\" src=\"http:\/\/susanne-frey.de\/wp-content\/uploads\/2020\/04\/Joshua_5-1024x683.jpg\" alt=\"\" data-id=\"540\" data-link=\"http:\/\/susanne-frey.de\/?attachment_id=540\" class=\"wp-image-540\" srcset=\"http:\/\/susanne-frey.de\/wp-content\/uploads\/2020\/04\/Joshua_5-1024x683.jpg 1024w, http:\/\/susanne-frey.de\/wp-content\/uploads\/2020\/04\/Joshua_5-300x200.jpg 300w, http:\/\/susanne-frey.de\/wp-content\/uploads\/2020\/04\/Joshua_5-768x512.jpg 768w, http:\/\/susanne-frey.de\/wp-content\/uploads\/2020\/04\/Joshua_5.jpg 1200w\" sizes=\"(max-width: 706px) 89vw, (max-width: 767px) 82vw, 740px\" \/><\/div><div class=\"logo-slider-item\"><img loading=\"lazy\" width=\"1024\" height=\"683\" src=\"http:\/\/susanne-frey.de\/wp-content\/uploads\/2020\/04\/Joshua_6-1024x683.jpg\" alt=\"\" data-id=\"541\" data-link=\"http:\/\/susanne-frey.de\/?attachment_id=541\" class=\"wp-image-541\" srcset=\"http:\/\/susanne-frey.de\/wp-content\/uploads\/2020\/04\/Joshua_6-1024x683.jpg 1024w, http:\/\/susanne-frey.de\/wp-content\/uploads\/2020\/04\/Joshua_6-300x200.jpg 300w, http:\/\/susanne-frey.de\/wp-content\/uploads\/2020\/04\/Joshua_6-768x512.jpg 768w, http:\/\/susanne-frey.de\/wp-content\/uploads\/2020\/04\/Joshua_6.jpg 1200w\" sizes=\"(max-width: 706px) 89vw, (max-width: 767px) 82vw, 740px\" \/><\/div><div class=\"logo-slider-item\"><img loading=\"lazy\" width=\"1024\" height=\"683\" src=\"http:\/\/susanne-frey.de\/wp-content\/uploads\/2020\/04\/Joshua_7-1024x683.jpg\" alt=\"\" data-id=\"542\" data-link=\"http:\/\/susanne-frey.de\/?attachment_id=542\" class=\"wp-image-542\" srcset=\"http:\/\/susanne-frey.de\/wp-content\/uploads\/2020\/04\/Joshua_7-1024x683.jpg 1024w, http:\/\/susanne-frey.de\/wp-content\/uploads\/2020\/04\/Joshua_7-300x200.jpg 300w, http:\/\/susanne-frey.de\/wp-content\/uploads\/2020\/04\/Joshua_7-768x512.jpg 768w, http:\/\/susanne-frey.de\/wp-content\/uploads\/2020\/04\/Joshua_7.jpg 1200w\" sizes=\"(max-width: 706px) 89vw, (max-width: 767px) 82vw, 740px\" \/><\/div><div class=\"logo-slider-item\"><img loading=\"lazy\" width=\"1024\" height=\"683\" src=\"http:\/\/susanne-frey.de\/wp-content\/uploads\/2020\/04\/Joshua_8-1024x683.jpg\" alt=\"\" data-id=\"543\" data-link=\"http:\/\/susanne-frey.de\/?attachment_id=543\" class=\"wp-image-543\" srcset=\"http:\/\/susanne-frey.de\/wp-content\/uploads\/2020\/04\/Joshua_8-1024x683.jpg 1024w, http:\/\/susanne-frey.de\/wp-content\/uploads\/2020\/04\/Joshua_8-300x200.jpg 300w, http:\/\/susanne-frey.de\/wp-content\/uploads\/2020\/04\/Joshua_8-768x512.jpg 768w, http:\/\/susanne-frey.de\/wp-content\/uploads\/2020\/04\/Joshua_8.jpg 1200w\" sizes=\"(max-width: 706px) 89vw, (max-width: 767px) 82vw, 740px\" \/><\/div><div class=\"logo-slider-item\"><img loading=\"lazy\" width=\"1024\" height=\"683\" src=\"http:\/\/susanne-frey.de\/wp-content\/uploads\/2020\/04\/Joshua_9-1024x683.jpg\" alt=\"\" data-id=\"544\" data-link=\"http:\/\/susanne-frey.de\/?attachment_id=544\" class=\"wp-image-544\" srcset=\"http:\/\/susanne-frey.de\/wp-content\/uploads\/2020\/04\/Joshua_9-1024x683.jpg 1024w, http:\/\/susanne-frey.de\/wp-content\/uploads\/2020\/04\/Joshua_9-300x200.jpg 300w, http:\/\/susanne-frey.de\/wp-content\/uploads\/2020\/04\/Joshua_9-768x512.jpg 768w, http:\/\/susanne-frey.de\/wp-content\/uploads\/2020\/04\/Joshua_9.jpg 1200w\" sizes=\"(max-width: 706px) 89vw, (max-width: 767px) 82vw, 740px\" \/><\/div><div class=\"logo-slider-item\"><img loading=\"lazy\" width=\"1024\" height=\"683\" src=\"http:\/\/susanne-frey.de\/wp-content\/uploads\/2020\/04\/Joshua_10-1024x683.jpg\" alt=\"\" data-id=\"545\" data-link=\"http:\/\/susanne-frey.de\/?attachment_id=545\" class=\"wp-image-545\" srcset=\"http:\/\/susanne-frey.de\/wp-content\/uploads\/2020\/04\/Joshua_10-1024x683.jpg 1024w, http:\/\/susanne-frey.de\/wp-content\/uploads\/2020\/04\/Joshua_10-300x200.jpg 300w, http:\/\/susanne-frey.de\/wp-content\/uploads\/2020\/04\/Joshua_10-768x512.jpg 768w, http:\/\/susanne-frey.de\/wp-content\/uploads\/2020\/04\/Joshua_10.jpg 1200w\" sizes=\"(max-width: 706px) 89vw, (max-width: 767px) 82vw, 740px\" \/><\/div><div class=\"logo-slider-item\"><img loading=\"lazy\" width=\"1024\" height=\"683\" src=\"http:\/\/susanne-frey.de\/wp-content\/uploads\/2020\/04\/Joshua_11-1024x683.jpg\" alt=\"\" data-id=\"546\" data-link=\"http:\/\/susanne-frey.de\/?attachment_id=546\" class=\"wp-image-546\" srcset=\"http:\/\/susanne-frey.de\/wp-content\/uploads\/2020\/04\/Joshua_11-1024x683.jpg 1024w, http:\/\/susanne-frey.de\/wp-content\/uploads\/2020\/04\/Joshua_11-300x200.jpg 300w, http:\/\/susanne-frey.de\/wp-content\/uploads\/2020\/04\/Joshua_11-768x512.jpg 768w, http:\/\/susanne-frey.de\/wp-content\/uploads\/2020\/04\/Joshua_11.jpg 1200w\" sizes=\"(max-width: 706px) 89vw, (max-width: 767px) 82vw, 740px\" \/><\/div><div class=\"logo-slider-item\"><img loading=\"lazy\" width=\"1024\" height=\"683\" src=\"http:\/\/susanne-frey.de\/wp-content\/uploads\/2020\/04\/Joshua_12-1024x683.jpg\" alt=\"\" data-id=\"547\" data-link=\"http:\/\/susanne-frey.de\/?attachment_id=547\" class=\"wp-image-547\" srcset=\"http:\/\/susanne-frey.de\/wp-content\/uploads\/2020\/04\/Joshua_12-1024x683.jpg 1024w, http:\/\/susanne-frey.de\/wp-content\/uploads\/2020\/04\/Joshua_12-300x200.jpg 300w, http:\/\/susanne-frey.de\/wp-content\/uploads\/2020\/04\/Joshua_12-768x512.jpg 768w, http:\/\/susanne-frey.de\/wp-content\/uploads\/2020\/04\/Joshua_12.jpg 1200w\" sizes=\"(max-width: 706px) 89vw, (max-width: 767px) 82vw, 740px\" \/><\/div><\/div>\n\n\n\n<p><br>Fotos \u00a9 Sonja Lichtinghagen<\/p>\n\n\n\n<figure class=\"wp-block-embed-youtube wp-block-embed is-type-video is-provider-youtube wp-embed-aspect-16-9 wp-has-aspect-ratio\"><div class=\"wp-block-embed__wrapper\">\n<iframe loading=\"lazy\" title=\"Georg Friedrich Ha\u0308ndel- Joshua 1.Teil.mov\" width=\"525\" height=\"295\" src=\"https:\/\/www.youtube.com\/embed\/P_9qxMY_PS4?feature=oembed\" frameborder=\"0\" allow=\"accelerometer; autoplay; encrypted-media; gyroscope; picture-in-picture\" allowfullscreen><\/iframe>\n<\/div><\/figure>\n\n\n\n<p>Ausschnitte aus dem&nbsp;<a rel=\"noreferrer noopener\" href=\"http:\/\/www.youtube.com\/watch?v=Lj5qU915VNw&amp;feature=related\" target=\"_blank\">zweiten Teil<\/a>.&nbsp;<\/p>\n","protected":false},"excerpt":{"rendered":"<p>Joshua von Georg Friedrich H\u00e4ndelStadtsaal Veranstaltungsforum, F\u00fcrstenfeldbruck. Premiere am 14. November 2009 Musikalische Leitung: Gerd Guglh\u00f6rRegie: Susanne FreyAusstattung: Peter Sommerermit Christian Zenker (Joshua), Julla von Landsberg (Achsah),&nbsp;Stefan G\u00f6rgner&nbsp;(Othniel), Joel Frederiksen (Caleb) und dem&nbsp;BACHChor&amp;Orchester F\u00fcrstenfeldbruck Wie die H\u00e4ndel-Zeitgenossen mit den damaligen Augen und vor dem damaligen politischen Hintergrund auf den biblischen Stoff des Oratoriums blickten, so &hellip; <\/p>\n<p class=\"link-more\"><a href=\"http:\/\/susanne-frey.de\/?page_id=243\" class=\"more-link\"><span class=\"screen-reader-text\">\u201eJoshua\u201c<\/span> weiterlesen<\/a><\/p>\n","protected":false},"author":1,"featured_media":0,"parent":0,"menu_order":0,"comment_status":"closed","ping_status":"closed","template":"","meta":{"ngg_post_thumbnail":0},"_links":{"self":[{"href":"http:\/\/susanne-frey.de\/index.php?rest_route=\/wp\/v2\/pages\/243"}],"collection":[{"href":"http:\/\/susanne-frey.de\/index.php?rest_route=\/wp\/v2\/pages"}],"about":[{"href":"http:\/\/susanne-frey.de\/index.php?rest_route=\/wp\/v2\/types\/page"}],"author":[{"embeddable":true,"href":"http:\/\/susanne-frey.de\/index.php?rest_route=\/wp\/v2\/users\/1"}],"replies":[{"embeddable":true,"href":"http:\/\/susanne-frey.de\/index.php?rest_route=%2Fwp%2Fv2%2Fcomments&post=243"}],"version-history":[{"count":10,"href":"http:\/\/susanne-frey.de\/index.php?rest_route=\/wp\/v2\/pages\/243\/revisions"}],"predecessor-version":[{"id":856,"href":"http:\/\/susanne-frey.de\/index.php?rest_route=\/wp\/v2\/pages\/243\/revisions\/856"}],"wp:attachment":[{"href":"http:\/\/susanne-frey.de\/index.php?rest_route=%2Fwp%2Fv2%2Fmedia&parent=243"}],"curies":[{"name":"wp","href":"https:\/\/api.w.org\/{rel}","templated":true}]}}