{"id":140,"date":"2020-02-23T16:40:21","date_gmt":"2020-02-23T16:40:21","guid":{"rendered":"http:\/\/susanne-frey.de\/?page_id=140"},"modified":"2020-02-23T21:35:05","modified_gmt":"2020-02-23T21:35:05","slug":"impressum","status":"publish","type":"page","link":"http:\/\/susanne-frey.de\/?page_id=140","title":{"rendered":"Impressum"},"content":{"rendered":"\n<p>Redaktion:\u00a0 Susanne Frey<\/p>\n\n\n\n<p>Hinweise:<br>Alle Angaben und Darstellungen wurden mit Sorgfalt zusammengestellt und werden laufend \u00fcberpr\u00fcft. Eine Haftung f\u00fcr die Aktualit\u00e4t, Richtigkeit und Vollst\u00e4ndigkeit der zur Verf\u00fcgung gestellten Informationen wird nicht \u00fcbernommen.<br>Susanne Frey ist f\u00fcr den Inhalt der Internetseiten, die per Hyperlinks erreicht werden nicht verantwortlich.<\/p>\n\n\n\n<p>Alle Texte, Bilder und Grafiken sowie deren Anordnung auf der Website von Susanne Frey unterliegen dem Schutz des Urheberrechts und anderer Schutzgesetzte. Der Inhalt dieser Website darf nicht zu kommerziellen Zwecken kopiert, verbreitet oder ver\u00e4ndert werden.<\/p>\n\n\n\n<p>Inhalt und Aufbau der Internetseiten von Susanne Frey sind urheberrechtlich gesch\u00fctzt. Die Vervielf\u00e4ltigung von Informationen oder Daten, insbesondere die Verwendung von Texten, Textteilen oder Bildmaterial, bedarf der vorherigen Zustimmung. Susanne Frey beh\u00e4lt sich das Recht vor, \u00c4nderungen oder Erg\u00e4nzungen der bereitgestellten Informationen vorzunehmen.<\/p>\n\n\n\n<p>Bei Fragen zur Website wenden Sie sich bitte an:&nbsp;<\/p>\n\n\n\n<p>Susanne Frey<br>Ahornweg 6<br>73489 Jagstzell<br><br>oder via E-Mail an:<br><a rel=\"noreferrer noopener\" aria-label=\"info@susanne-frey.de (\u00f6ffnet in neuem Tab)\" href=\"mailto:info@susanne-frey.de\" target=\"_blank\">info@susanne-frey.de<\/a><br><\/p>\n\n\n\n<p>\u00a9 Januar 2020 Susanne Frey.&nbsp;Alle Rechte vorbehalten.<\/p>\n\n\n\n<p>DSGVO:<\/p>\n\n\n\n<ul><li>DATENSCHUTZERKL\u00c4RUNG<br>Verantwortlicher im Sinne der Datenschutzgesetze, insbesondere der EU-Datenschutzgrundverordnung (DSGVO), ist: Susanne Frey<\/li><\/ul>\n\n\n\n<p>IHRE BETROFFENENRECHTE<br>Unter den angegebenen Kontaktdaten unseres Datenschutzbeauftragten k\u00f6nnen Sie jederzeit folgende Rechte aus\u00fcben:<\/p>\n\n\n\n<ul><li>Sicherstellung eines problemlosen Verbindungsaufbaus der Website,<ul><li>Auskunft \u00fcber Ihre bei uns gespeicherten Daten und deren Verarbeitung (Art. 15 DSGVO),<\/li><li>Berichtigung unrichtiger personenbezogener Daten (Art. 16 DSGVO),<\/li><li>L\u00f6schung Ihrer bei uns gespeicherten Daten (Art. 17 DSGVO),<\/li><li>Einschr\u00e4nkung der Datenverarbeitung, sofern wir Ihre Daten aufgrund gesetzlicher Pflichten noch nicht l\u00f6schen d\u00fcrfen (Art. 18 DSGVO),<\/li><li>Widerspruch gegen die Verarbeitung Ihrer Daten bei uns (Art. 21 DSGVO) und Daten\u00fcbertragbarkeit, sofern Sie in die Datenverarbeitung eingewilligt haben oder einen Vertrag mit uns abgeschlossen haben (Art. 20 DSGVO).<\/li><\/ul><\/li><\/ul>\n\n\n\n<p>Sofern Sie uns eine Einwilligung erteilt haben, k\u00f6nnen Sie diese jederzeit mit Wirkung f\u00fcr die Zukunft widerrufen.<br>Sie k\u00f6nnen sich jederzeit mit einer Beschwerde an eine Aufsichtsbeh\u00f6rde wenden, z. B. an die zust\u00e4ndige Aufsichtsbeh\u00f6rde des Bundeslands Ihres Wohnsitzes oder an die f\u00fcr uns als verantwortliche Stelle zust\u00e4ndige Beh\u00f6rde.<br>Eine Liste der Aufsichtsbeh\u00f6rden (f\u00fcr den nicht\u00f6ffentlichen Bereich) mit Anschrift finden Sie unter: <a href=\"https:\/\/www.bfdi.bund.de\/DE\/Infothek\/Anschriften_Links\/anschriften_links-node.html\" target=\"_blank\" rel=\"noreferrer noopener\" aria-label=\"https:\/\/www.bfdi.bund.de\/DE\/Infothek\/Anschriften_Links\/anschriften_links-node.html (\u00f6ffnet in neuem Tab)\">https:\/\/www.bfdi.bund.de\/DE\/Infothek\/Anschriften_Links\/anschriften_links-node.html<\/a>.<\/p>\n\n\n\n<p>ERFASSUNG ALLGEMEINER INFORMATIONEN BEIM BESUCH UNSERER WEBSITE<br>Art und Zweck der Verarbeitung:<br>Wenn Sie auf unsere Website zugreifen, d.h., wenn Sie sich nicht registrieren oder anderweitig Informationen \u00fcbermitteln, werden automatisch Informationen allgemeiner Natur erfasst. Diese Informationen (Server-Logfiles) beinhalten etwa die Art des Webbrowsers, das verwendete Betriebssystem, den Domainnamen Ihres Internet-Service-Providers, Ihre IP-Adresse und \u00e4hnliches. Sie werden insbesondere zu folgenden Zwecken verarbeitet:<\/p>\n\n\n\n<div class=\"wp-container-1 wp-block-group\"><div class=\"wp-block-group__inner-container\">\n<ul><li>Sicherstellung eines problemlosen Verbindungsaufbaus der Website,<ul><li>Sicherstellung einer reibungslosen Nutzung unserer Website,<\/li><li>Auswertung der Systemsicherheit und -stabilit\u00e4t sowie<\/li><li>zu weiteren administrativen Zwecken.<\/li><\/ul><\/li><\/ul>\n<\/div><\/div>\n\n\n\n<p>Wir verwenden Ihre Daten nicht, um R\u00fcckschl\u00fcsse auf Ihre Person zu ziehen. Informationen dieser Art werden von uns ggfs. statistisch ausgewertet, um unseren Internetauftritt und die dahinterstehende Technik zu optimieren.<\/p>\n\n\n\n<p>Rechtsgrundlage:<br>Die Verarbeitung erfolgt gem\u00e4\u00df Art. 6 Abs. 1 lit. f DSGVO auf Basis unseres berechtigten Interesses an der Verbesserung der Stabilit\u00e4t und Funktionalit\u00e4t unserer Website.<\/p>\n\n\n\n<p>Empf\u00e4nger:<br>Empf\u00e4nger der Daten sind ggf. technische Dienstleister, die f\u00fcr den Betrieb und die Wartung unserer Webseite als Auftragsverarbeiter t\u00e4tig werden.<\/p>\n\n\n\n<p>Speicherdauer:<br>Die Daten werden gel\u00f6scht, sobald diese f\u00fcr den Zweck der Erhebung nicht mehr erforderlich sind. Dies ist f\u00fcr die Daten, die der Bereitstellung der Webseite dienen, grunds\u00e4tzlich der Fall, wenn die jeweilige Sitzung beendet ist.<\/p>\n\n\n\n<p>Bereitstellung vorgeschrieben oder erforderlich:<br>Die Bereitstellung der vorgenannten personenbezogenen Daten ist weder gesetzlich noch vertraglich vorgeschrieben. Ohne die IP-Adresse ist jedoch der Dienst und die Funktionsf\u00e4higkeit unserer Website nicht gew\u00e4hrleistet. Zudem k\u00f6nnen einzelne Dienste und Services nicht verf\u00fcgbar oder eingeschr\u00e4nkt sein. Aus diesem Grund ist ein Widerspruch ausgeschlossen.<\/p>\n\n\n\n<p>SSL-VERSCHL\u00dcSSELUNG<br>Um die Sicherheit Ihrer Daten bei der \u00dcbertragung zu sch\u00fctzen, verwenden wir dem aktuellen Stand der Technik entsprechende Verschl\u00fcsselungsverfahren (z. B. SSL) \u00fcber HTTPS.<\/p>\n\n\n\n<p>\u00c4NDERUNG UNSERER DATENSCHUTZBESTIMMUNGEN<br>Wir behalten uns vor, diese Datenschutzerkl\u00e4rung anzupassen, damit sie stets den aktuellen rechtlichen Anforderungen entspricht oder um \u00c4nderungen unserer Leistungen in der Datenschutzerkl\u00e4rung umzusetzen, z.B. bei der Einf\u00fchrung neuer Services. F\u00fcr Ihren erneuten Besuch gilt dann die neue Datenschutzerkl\u00e4rung.<\/p>\n\n\n\n<p>FRAGEN AN DEN DATENSCHUTZBEAUFTRAGTEN<br>Wenn Sie Fragen zum Datenschutz haben, schreiben Sie uns bitte eine E-Mail oder wenden Sie sich direkt an die f\u00fcr den Datenschutz verantwortliche Person in unserer Organisation: Susanne Frey info@susanne-frey.de<\/p>\n\n\n\n<p>Die Datenschutzerkl\u00e4rung wurde mit dem Datenschutzerkl\u00e4rungs-Generator der activeMind AG erstellt (Version 2019-04-10).<\/p>\n","protected":false},"excerpt":{"rendered":"<p>Redaktion:\u00a0 Susanne Frey Hinweise:Alle Angaben und Darstellungen wurden mit Sorgfalt zusammengestellt und werden laufend \u00fcberpr\u00fcft. Eine Haftung f\u00fcr die Aktualit\u00e4t, Richtigkeit und Vollst\u00e4ndigkeit der zur Verf\u00fcgung gestellten Informationen wird nicht \u00fcbernommen.Susanne Frey ist f\u00fcr den Inhalt der Internetseiten, die per Hyperlinks erreicht werden nicht verantwortlich. Alle Texte, Bilder und Grafiken sowie deren Anordnung auf der &hellip; <\/p>\n<p class=\"link-more\"><a href=\"http:\/\/susanne-frey.de\/?page_id=140\" class=\"more-link\"><span class=\"screen-reader-text\">\u201eImpressum\u201c<\/span> weiterlesen<\/a><\/p>\n","protected":false},"author":1,"featured_media":0,"parent":0,"menu_order":0,"comment_status":"closed","ping_status":"closed","template":"","meta":{"ngg_post_thumbnail":0},"_links":{"self":[{"href":"http:\/\/susanne-frey.de\/index.php?rest_route=\/wp\/v2\/pages\/140"}],"collection":[{"href":"http:\/\/susanne-frey.de\/index.php?rest_route=\/wp\/v2\/pages"}],"about":[{"href":"http:\/\/susanne-frey.de\/index.php?rest_route=\/wp\/v2\/types\/page"}],"author":[{"embeddable":true,"href":"http:\/\/susanne-frey.de\/index.php?rest_route=\/wp\/v2\/users\/1"}],"replies":[{"embeddable":true,"href":"http:\/\/susanne-frey.de\/index.php?rest_route=%2Fwp%2Fv2%2Fcomments&post=140"}],"version-history":[{"count":3,"href":"http:\/\/susanne-frey.de\/index.php?rest_route=\/wp\/v2\/pages\/140\/revisions"}],"predecessor-version":[{"id":223,"href":"http:\/\/susanne-frey.de\/index.php?rest_route=\/wp\/v2\/pages\/140\/revisions\/223"}],"wp:attachment":[{"href":"http:\/\/susanne-frey.de\/index.php?rest_route=%2Fwp%2Fv2%2Fmedia&parent=140"}],"curies":[{"name":"wp","href":"https:\/\/api.w.org\/{rel}","templated":true}]}}

<p>Redaktion:  Susanne Frey</p>



<p>Hinweise:<br>Alle Angaben und Darstellungen wurden mit Sorgfalt zusammengestellt und werden laufend überprüft. Eine Haftung für die Aktualität, Richtigkeit und Vollständigkeit der zur Verfügung gestellten Informationen wird nicht übernommen.<br>Susanne Frey ist für den Inhalt der Internetseiten, die per Hyperlinks erreicht werden nicht verantwortlich.</p>



<p>Alle Texte, Bilder und Grafiken sowie deren Anordnung auf der Website von Susanne Frey unterliegen dem Schutz des Urheberrechts und anderer Schutzgesetzte. Der Inhalt dieser Website darf nicht zu kommerziellen Zwecken kopiert, verbreitet oder verändert werden.</p>



<p>Inhalt und Aufbau der Internetseiten von Susanne Frey sind urheberrechtlich geschützt. Die Vervielfältigung von Informationen oder Daten, insbesondere die Verwendung von Texten, Textteilen oder Bildmaterial, bedarf der vorherigen Zustimmung. Susanne Frey behält sich das Recht vor, Änderungen oder Ergänzungen der bereitgestellten Informationen vorzunehmen.</p>



<p>Bei Fragen zur Website wenden Sie sich bitte an:&nbsp;</p>



<p>Susanne Frey<br>Ahornweg 6<br>73489 Jagstzell<br><br>oder via E-Mail an:<br><a rel="noreferrer noopener" aria-label="info@susanne-frey.de (öffnet in neuem Tab)" href="mailto:info@susanne-frey.de" target="_blank">info@susanne-frey.de</a><br></p>



<p>© Januar 2020 Susanne Frey.&nbsp;Alle Rechte vorbehalten.</p>



<p>DSGVO:</p>



<ul><li>DATENSCHUTZERKLÄRUNG<br>Verantwortlicher im Sinne der Datenschutzgesetze, insbesondere der EU-Datenschutzgrundverordnung (DSGVO), ist: Susanne Frey</li></ul>



<p>IHRE BETROFFENENRECHTE<br>Unter den angegebenen Kontaktdaten unseres Datenschutzbeauftragten können Sie jederzeit folgende Rechte ausüben:</p>



<ul><li>Sicherstellung eines problemlosen Verbindungsaufbaus der Website,<ul><li>Auskunft über Ihre bei uns gespeicherten Daten und deren Verarbeitung (Art. 15 DSGVO),</li><li>Berichtigung unrichtiger personenbezogener Daten (Art. 16 DSGVO),</li><li>Löschung Ihrer bei uns gespeicherten Daten (Art. 17 DSGVO),</li><li>Einschränkung der Datenverarbeitung, sofern wir Ihre Daten aufgrund gesetzlicher Pflichten noch nicht löschen dürfen (Art. 18 DSGVO),</li><li>Widerspruch gegen die Verarbeitung Ihrer Daten bei uns (Art. 21 DSGVO) und Datenübertragbarkeit, sofern Sie in die Datenverarbeitung eingewilligt haben oder einen Vertrag mit uns abgeschlossen haben (Art. 20 DSGVO).</li></ul></li></ul>



<p>Sofern Sie uns eine Einwilligung erteilt haben, können Sie diese jederzeit mit Wirkung für die Zukunft widerrufen.<br>Sie können sich jederzeit mit einer Beschwerde an eine Aufsichtsbehörde wenden, z. B. an die zuständige Aufsichtsbehörde des Bundeslands Ihres Wohnsitzes oder an die für uns als verantwortliche Stelle zuständige Behörde.<br>Eine Liste der Aufsichtsbehörden (für den nichtöffentlichen Bereich) mit Anschrift finden Sie unter: <a href="https://www.bfdi.bund.de/DE/Infothek/Anschriften_Links/anschriften_links-node.html" target="_blank" rel="noreferrer noopener" aria-label="https://www.bfdi.bund.de/DE/Infothek/Anschriften_Links/anschriften_links-node.html (öffnet in neuem Tab)">https://www.bfdi.bund.de/DE/Infothek/Anschriften_Links/anschriften_links-node.html</a>.</p>



<p>ERFASSUNG ALLGEMEINER INFORMATIONEN BEIM BESUCH UNSERER WEBSITE<br>Art und Zweck der Verarbeitung:<br>Wenn Sie auf unsere Website zugreifen, d.h., wenn Sie sich nicht registrieren oder anderweitig Informationen übermitteln, werden automatisch Informationen allgemeiner Natur erfasst. Diese Informationen (Server-Logfiles) beinhalten etwa die Art des Webbrowsers, das verwendete Betriebssystem, den Domainnamen Ihres Internet-Service-Providers, Ihre IP-Adresse und ähnliches. Sie werden insbesondere zu folgenden Zwecken verarbeitet:</p>



<div class="wp-container-1 wp-block-group"><div class="wp-block-group__inner-container">
<ul><li>Sicherstellung eines problemlosen Verbindungsaufbaus der Website,<ul><li>Sicherstellung einer reibungslosen Nutzung unserer Website,</li><li>Auswertung der Systemsicherheit und -stabilität sowie</li><li>zu weiteren administrativen Zwecken.</li></ul></li></ul>
</div></div>



<p>Wir verwenden Ihre Daten nicht, um Rückschlüsse auf Ihre Person zu ziehen. Informationen dieser Art werden von uns ggfs. statistisch ausgewertet, um unseren Internetauftritt und die dahinterstehende Technik zu optimieren.</p>



<p>Rechtsgrundlage:<br>Die Verarbeitung erfolgt gemäß Art. 6 Abs. 1 lit. f DSGVO auf Basis unseres berechtigten Interesses an der Verbesserung der Stabilität und Funktionalität unserer Website.</p>



<p>Empfänger:<br>Empfänger der Daten sind ggf. technische Dienstleister, die für den Betrieb und die Wartung unserer Webseite als Auftragsverarbeiter tätig werden.</p>



<p>Speicherdauer:<br>Die Daten werden gelöscht, sobald diese für den Zweck der Erhebung nicht mehr erforderlich sind. Dies ist für die Daten, die der Bereitstellung der Webseite dienen, grundsätzlich der Fall, wenn die jeweilige Sitzung beendet ist.</p>



<p>Bereitstellung vorgeschrieben oder erforderlich:<br>Die Bereitstellung der vorgenannten personenbezogenen Daten ist weder gesetzlich noch vertraglich vorgeschrieben. Ohne die IP-Adresse ist jedoch der Dienst und die Funktionsfähigkeit unserer Website nicht gewährleistet. Zudem können einzelne Dienste und Services nicht verfügbar oder eingeschränkt sein. Aus diesem Grund ist ein Widerspruch ausgeschlossen.</p>



<p>SSL-VERSCHLÜSSELUNG<br>Um die Sicherheit Ihrer Daten bei der Übertragung zu schützen, verwenden wir dem aktuellen Stand der Technik entsprechende Verschlüsselungsverfahren (z. B. SSL) über HTTPS.</p>



<p>ÄNDERUNG UNSERER DATENSCHUTZBESTIMMUNGEN<br>Wir behalten uns vor, diese Datenschutzerklärung anzupassen, damit sie stets den aktuellen rechtlichen Anforderungen entspricht oder um Änderungen unserer Leistungen in der Datenschutzerklärung umzusetzen, z.B. bei der Einführung neuer Services. Für Ihren erneuten Besuch gilt dann die neue Datenschutzerklärung.</p>



<p>FRAGEN AN DEN DATENSCHUTZBEAUFTRAGTEN<br>Wenn Sie Fragen zum Datenschutz haben, schreiben Sie uns bitte eine E-Mail oder wenden Sie sich direkt an die für den Datenschutz verantwortliche Person in unserer Organisation: Susanne Frey info@susanne-frey.de</p>



<p>Die Datenschutzerklärung wurde mit dem Datenschutzerklärungs-Generator der activeMind AG erstellt (Version 2019-04-10).</p>

<p>Redaktion:  Susanne Frey Hinweise:Alle Angaben und Darstellungen wurden mit Sorgfalt zusammengestellt und werden laufend überprüft. Eine Haftung für die Aktualität, Richtigkeit und Vollständigkeit der zur Verfügung gestellten Informationen wird nicht übernommen.Susanne Frey ist für den Inhalt der Internetseiten, die per Hyperlinks erreicht werden nicht verantwortlich. Alle Texte, Bilder und Grafiken sowie deren Anordnung auf der &hellip; </p>
<p class="link-more"><a href="http://susanne-frey.de/?page_id=140" class="more-link"><span class="screen-reader-text">„Impressum“</span> weiterlesen</a></p>
