{"id":129,"date":"2020-02-23T16:23:21","date_gmt":"2020-02-23T16:23:21","guid":{"rendered":"http:\/\/susanne-frey.de\/?page_id=129"},"modified":"2020-04-13T19:11:04","modified_gmt":"2020-04-13T19:11:04","slug":"voices-e-v","status":"publish","type":"page","link":"http:\/\/susanne-frey.de\/?page_id=129","title":{"rendered":"voices e.V."},"content":{"rendered":"\n<p>Das K\u00fcnstlerkollektiv &lt;voices> e.V. wurde im Herbst 2003 von der Regisseurin Susanne Frey mit dem Ziel gegr\u00fcndet, regelm\u00e4\u00dfig innovative Produktionen zu realisieren, die sich im Grenzbereich der Gattungen Musiktheater, Schauspiel, Tanztheater und Rauminstallation bewegen. Ein besonderes Anliegen liegt darin, k\u00fcnstlerisch wie auch organisatorisch flexibel zu bleiben, auf Themen reagieren zu k\u00f6nnen, die \u201ein der Luft liegen\u201c und die eigene Arbeit in einen \u00fcberregionalen und internationalen kulturellen Kontext zu stellen. Daher arbeitet &lt;voices> mit renommierten Koproduktionspartnern im In- und Ausland zusammen, etwa dem\u00a0<a rel=\"noreferrer noopener\" href=\"https:\/\/www.ensemblekontraste.de\" target=\"_blank\">ensembleKONTRASTE<\/a>\u00a0(N\u00fcrnberg), der <a rel=\"noreferrer noopener\" href=\"https:\/\/www.operanomade.org\" target=\"_blank\">Op\u00e9ra nomade<\/a> (Paris), den\u00a0<a rel=\"noreferrer noopener\" href=\"http:\/\/www.potsdamer-hofkonzerte.de\/\" target=\"_blank\">Potsdamer Hofkonzerten Sanssouci<\/a>\u00a0und dem\u00a0<a rel=\"noreferrer noopener\" href=\"http:\/\/www.radialsystem.de\/\" target=\"_blank\">Radialsystem V Berlin<\/a>. Die Darsteller wie auch die Veranstaltungspartner wechseln je nach Anforderung des jeweiligen Projekts.\u00a0Die Projekte werden neben der Eigenleistung der beteiligten Institutionen durch \u00f6ffentliche Zusch\u00fcsse, Spenden und Sponsorengelder finanziert.\u00a0<br><br>Die erste Produktion\u00a0La Voix. Die Stimme, ein Projekt auf Grundlage von Francis Poulencs Oper La voix humaine und Ingeborg Bachmanns Roman Malina, hatte im Oktober 2004 erfolgreich in der\u00a0Tafelhalle N\u00fcrnberg Premiere und wurde auf Gastspiel nach Albi \u2013 S\u00fcdfrankreich eingeladen. Im Dezember 2006 kam\u00a0\u00a0Mozart. M\u00fczik \u2013 ein Hochzeitsfest!\u00a0zur Auff\u00fchrung, ein Abend f\u00fcr S\u00e4nger, T\u00e4nzer und Instrumentalisten, der sich mit dem Thema Hochzeit besch\u00e4ftigt und die Musik Mozarts mit traditioneller t\u00fcrkischer Musik konfrontiert. Das St\u00fcck war in der\u00a0<a rel=\"noreferrer noopener\" href=\"https:\/\/www.kunstkulturquartier.de\/tafelhalle\" target=\"_blank\">Tafelhalle N\u00fcrnberg<\/a>\u00a0und dem\u00a0Radialsystem V\u00a0in Berlin zu sehen. Die dritte Produktion\u00a0Venus und Adonis, eine musik-theatrale Verf\u00fchrung nach Shakespeare hatte im Juni 2009 bei den\u00a0<a rel=\"noreferrer noopener\" href=\"http:\/\/www.potsdamer-hofkonzerte.de\/\" target=\"_blank\">Potsdamer Hofkonzerten Sanssouci<\/a>\u00a0Premiere und war im Juli 2009 u.a. im\u00a0<a rel=\"noreferrer noopener\" href=\"http:\/\/www.radialsystem.de\/\" target=\"_blank\">Radialsystem V<\/a>\u00a0zu sehen sein. Dabei kombinierte die Regisseurin Susanne Frey das Versepos von William Shakespeare mit Musik vor allem des Shakespeare-Zeitgenossen John Blow.<br><br>Der gemeinn\u00fctzige Verein setzt sich aus aktiven Mitgliedern und einer zunehmenden Zahl von F\u00f6rdermitgliedern zusammen. Der Vorstand besteht derzeit aus Susanne Frey (K\u00fcnstlerische Leitung), Ilka Seifert (1. Vorsitzende) und Dr. Frank Hegel (2. Vorsitzender). Die F\u00f6rdermitglieder werden regelm\u00e4\u00dfig \u00fcber die Produktionen von &lt;voices> informiert, sind zum Besuch einer Endprobe sowie zu Sonderveranstaltungen eingeladen und haben ein Vorkaufsrecht f\u00fcr Premieren und Vorstellungen.\u00a0<\/p>\n\n\n\n<p>Wir freuen uns \u00fcber Ihr Interesse und die Unterst\u00fctzung mit Ihrer F\u00f6rdermitgliedschaft. Der j\u00e4hrliche Mitgliedsbeitrag betr\u00e4gt 25 Euro. Informationen und Anmeldung unter\u00a0info (at) susanne-frey.de.\u00a0<\/p>\n","protected":false},"excerpt":{"rendered":"<p>Das K\u00fcnstlerkollektiv &lt;voices> e.V. wurde im Herbst 2003 von der Regisseurin Susanne Frey mit dem Ziel gegr\u00fcndet, regelm\u00e4\u00dfig innovative Produktionen zu realisieren, die sich im Grenzbereich der Gattungen Musiktheater, Schauspiel, Tanztheater und Rauminstallation bewegen. Ein besonderes Anliegen liegt darin, k\u00fcnstlerisch wie auch organisatorisch flexibel zu bleiben, auf Themen reagieren zu k\u00f6nnen, die \u201ein der Luft &hellip; <\/p>\n<p class=\"link-more\"><a href=\"http:\/\/susanne-frey.de\/?page_id=129\" class=\"more-link\"><span class=\"screen-reader-text\">\u201evoices e.V.\u201c<\/span> weiterlesen<\/a><\/p>\n","protected":false},"author":1,"featured_media":0,"parent":0,"menu_order":0,"comment_status":"closed","ping_status":"closed","template":"","meta":{"ngg_post_thumbnail":0},"_links":{"self":[{"href":"http:\/\/susanne-frey.de\/index.php?rest_route=\/wp\/v2\/pages\/129"}],"collection":[{"href":"http:\/\/susanne-frey.de\/index.php?rest_route=\/wp\/v2\/pages"}],"about":[{"href":"http:\/\/susanne-frey.de\/index.php?rest_route=\/wp\/v2\/types\/page"}],"author":[{"embeddable":true,"href":"http:\/\/susanne-frey.de\/index.php?rest_route=\/wp\/v2\/users\/1"}],"replies":[{"embeddable":true,"href":"http:\/\/susanne-frey.de\/index.php?rest_route=%2Fwp%2Fv2%2Fcomments&post=129"}],"version-history":[{"count":3,"href":"http:\/\/susanne-frey.de\/index.php?rest_route=\/wp\/v2\/pages\/129\/revisions"}],"predecessor-version":[{"id":822,"href":"http:\/\/susanne-frey.de\/index.php?rest_route=\/wp\/v2\/pages\/129\/revisions\/822"}],"wp:attachment":[{"href":"http:\/\/susanne-frey.de\/index.php?rest_route=%2Fwp%2Fv2%2Fmedia&parent=129"}],"curies":[{"name":"wp","href":"https:\/\/api.w.org\/{rel}","templated":true}]}}

<p>Das Künstlerkollektiv &lt;voices> e.V. wurde im Herbst 2003 von der Regisseurin Susanne Frey mit dem Ziel gegründet, regelmäßig innovative Produktionen zu realisieren, die sich im Grenzbereich der Gattungen Musiktheater, Schauspiel, Tanztheater und Rauminstallation bewegen. Ein besonderes Anliegen liegt darin, künstlerisch wie auch organisatorisch flexibel zu bleiben, auf Themen reagieren zu können, die „in der Luft liegen“ und die eigene Arbeit in einen überregionalen und internationalen kulturellen Kontext zu stellen. Daher arbeitet &lt;voices> mit renommierten Koproduktionspartnern im In- und Ausland zusammen, etwa dem <a rel="noreferrer noopener" href="https://www.ensemblekontraste.de" target="_blank">ensembleKONTRASTE</a> (Nürnberg), der <a rel="noreferrer noopener" href="https://www.operanomade.org" target="_blank">Opéra nomade</a> (Paris), den <a rel="noreferrer noopener" href="http://www.potsdamer-hofkonzerte.de/" target="_blank">Potsdamer Hofkonzerten Sanssouci</a> und dem <a rel="noreferrer noopener" href="http://www.radialsystem.de/" target="_blank">Radialsystem V Berlin</a>. Die Darsteller wie auch die Veranstaltungspartner wechseln je nach Anforderung des jeweiligen Projekts. Die Projekte werden neben der Eigenleistung der beteiligten Institutionen durch öffentliche Zuschüsse, Spenden und Sponsorengelder finanziert. <br><br>Die erste Produktion La Voix. Die Stimme, ein Projekt auf Grundlage von Francis Poulencs Oper La voix humaine und Ingeborg Bachmanns Roman Malina, hatte im Oktober 2004 erfolgreich in der Tafelhalle Nürnberg Premiere und wurde auf Gastspiel nach Albi – Südfrankreich eingeladen. Im Dezember 2006 kam  Mozart. Müzik – ein Hochzeitsfest! zur Aufführung, ein Abend für Sänger, Tänzer und Instrumentalisten, der sich mit dem Thema Hochzeit beschäftigt und die Musik Mozarts mit traditioneller türkischer Musik konfrontiert. Das Stück war in der <a rel="noreferrer noopener" href="https://www.kunstkulturquartier.de/tafelhalle" target="_blank">Tafelhalle Nürnberg</a> und dem Radialsystem V in Berlin zu sehen. Die dritte Produktion Venus und Adonis, eine musik-theatrale Verführung nach Shakespeare hatte im Juni 2009 bei den <a rel="noreferrer noopener" href="http://www.potsdamer-hofkonzerte.de/" target="_blank">Potsdamer Hofkonzerten Sanssouci</a> Premiere und war im Juli 2009 u.a. im <a rel="noreferrer noopener" href="http://www.radialsystem.de/" target="_blank">Radialsystem V</a> zu sehen sein. Dabei kombinierte die Regisseurin Susanne Frey das Versepos von William Shakespeare mit Musik vor allem des Shakespeare-Zeitgenossen John Blow.<br><br>Der gemeinnützige Verein setzt sich aus aktiven Mitgliedern und einer zunehmenden Zahl von Fördermitgliedern zusammen. Der Vorstand besteht derzeit aus Susanne Frey (Künstlerische Leitung), Ilka Seifert (1. Vorsitzende) und Dr. Frank Hegel (2. Vorsitzender). Die Fördermitglieder werden regelmäßig über die Produktionen von &lt;voices> informiert, sind zum Besuch einer Endprobe sowie zu Sonderveranstaltungen eingeladen und haben ein Vorkaufsrecht für Premieren und Vorstellungen. </p>



<p>Wir freuen uns über Ihr Interesse und die Unterstützung mit Ihrer Fördermitgliedschaft. Der jährliche Mitgliedsbeitrag beträgt 25 Euro. Informationen und Anmeldung unter info (at) susanne-frey.de. </p>

<p>Das Künstlerkollektiv &lt;voices> e.V. wurde im Herbst 2003 von der Regisseurin Susanne Frey mit dem Ziel gegründet, regelmäßig innovative Produktionen zu realisieren, die sich im Grenzbereich der Gattungen Musiktheater, Schauspiel, Tanztheater und Rauminstallation bewegen. Ein besonderes Anliegen liegt darin, künstlerisch wie auch organisatorisch flexibel zu bleiben, auf Themen reagieren zu können, die „in der Luft &hellip; </p>
<p class="link-more"><a href="http://susanne-frey.de/?page_id=129" class="more-link"><span class="screen-reader-text">„voices e.V.“</span> weiterlesen</a></p>
