{"id":125,"date":"2020-02-23T16:20:13","date_gmt":"2020-02-23T16:20:13","guid":{"rendered":"http:\/\/susanne-frey.de\/?page_id=125"},"modified":"2025-10-19T07:54:54","modified_gmt":"2025-10-19T07:54:54","slug":"vita-deutsch","status":"publish","type":"page","link":"http:\/\/susanne-frey.de\/?page_id=125","title":{"rendered":"Vita (deutsch)"},"content":{"rendered":"\n<p>Susanne Freys Werdegang als Regisseurin begann im Jahr 2000 am Theater N\u00fcrnberg mit Terrence McNallys \u201eMeisterklasse\u201c. Jutta Richter-Haaser wurde f\u00fcr ihre Verk\u00f6rperung der Maria Callas mit dem Darstellerpreis der Bayerischen Theatertage und dem Stern der Woche der Abendzeitung ausgezeichnet. Seither f\u00fchrt Susanne Frey an verschiedenen freien sowie st\u00e4dtischen und staatlichen Theatern im In- und Ausland Regie. Sie inszeniert Opern, Schauspiel, szenische Konzerte und sparten\u00fcbergreifende Produktionen. 2003 gr\u00fcndete sie als k\u00fcnstlerische Leiterin das K\u00fcnstlerkollektiv &lt;voices>, mit dem sie experimentelle Musiktheaterprojekte realisiert, die in der Tafelhalle N\u00fcrnberg, dem Radialsystem V Berlin und auf Gastspielen zu sehen sind.\u00a02023 war sie f\u00fcr die Ablaufregie bei der Verleihung des Bayerischen Staatspreises f\u00fcr Musik im M\u00fcnchner Cuvilli\u00e9stheater verantwortlich. Dazu kommen T\u00e4tigkeiten als Bildregisseurin u.a. f\u00fcr die Digital Concert Hall der Berliner Philharmoniker. Seit August 2024 arbeitet sie als Kuratorin bei der Landesgartenschau Ellwangen.\u00a0<a href=\"https:\/\/www.ellwangen2026.de\/\">https:\/\/www.ellwangen2026.de<\/a><\/p>\n\n\n\n<div class=\"wp-block-glsb-gosign-logo-slider-block gosign-logo-slider\" data-slick=\"{&quot;dots&quot;:false,&quot;infinite&quot;:true,&quot;arrows&quot;:false,&quot;speed&quot;:800,&quot;slidesToShow&quot;:1,&quot;slidesToScroll&quot;:1,&quot;autoplay&quot;:true,&quot;autoplaySpeed&quot;:3000,&quot;gosignAllowLinkOnImages&quot;:false}\"><div class=\"logo-slider-item\"><img loading=\"lazy\" width=\"1024\" height=\"684\" src=\"http:\/\/susanne-frey.de\/wp-content\/uploads\/2020\/04\/Susanne_00015-e1586676833572-1024x684.jpg\" alt=\"\" data-id=\"379\" data-link=\"http:\/\/susanne-frey.de\/?attachment_id=379\" class=\"wp-image-379\" srcset=\"http:\/\/susanne-frey.de\/wp-content\/uploads\/2020\/04\/Susanne_00015-e1586676833572-1024x684.jpg 1024w, http:\/\/susanne-frey.de\/wp-content\/uploads\/2020\/04\/Susanne_00015-e1586676833572-300x200.jpg 300w, http:\/\/susanne-frey.de\/wp-content\/uploads\/2020\/04\/Susanne_00015-e1586676833572-768x513.jpg 768w, http:\/\/susanne-frey.de\/wp-content\/uploads\/2020\/04\/Susanne_00015-e1586676833572.jpg 1200w\" sizes=\"(max-width: 706px) 89vw, (max-width: 767px) 82vw, 740px\" \/><\/div><div class=\"logo-slider-item\"><img loading=\"lazy\" width=\"1024\" height=\"774\" src=\"http:\/\/susanne-frey.de\/wp-content\/uploads\/2024\/06\/Regie-1024x774.png\" alt=\"\" data-id=\"971\" data-link=\"http:\/\/susanne-frey.de\/?attachment_id=971\" class=\"wp-image-971\" srcset=\"http:\/\/susanne-frey.de\/wp-content\/uploads\/2024\/06\/Regie-1024x774.png 1024w, http:\/\/susanne-frey.de\/wp-content\/uploads\/2024\/06\/Regie-300x227.png 300w, http:\/\/susanne-frey.de\/wp-content\/uploads\/2024\/06\/Regie-768x581.png 768w, http:\/\/susanne-frey.de\/wp-content\/uploads\/2024\/06\/Regie-1536x1162.png 1536w, http:\/\/susanne-frey.de\/wp-content\/uploads\/2024\/06\/Regie.png 1592w\" sizes=\"(max-width: 706px) 89vw, (max-width: 767px) 82vw, 740px\" \/><\/div><div class=\"logo-slider-item\"><img loading=\"lazy\" width=\"1024\" height=\"683\" src=\"http:\/\/susanne-frey.de\/wp-content\/uploads\/2020\/04\/Susanne_00004-1024x683.jpg\" alt=\"\" data-id=\"368\" data-link=\"http:\/\/susanne-frey.de\/?attachment_id=368\" class=\"wp-image-368\" srcset=\"http:\/\/susanne-frey.de\/wp-content\/uploads\/2020\/04\/Susanne_00004-1024x683.jpg 1024w, http:\/\/susanne-frey.de\/wp-content\/uploads\/2020\/04\/Susanne_00004-300x200.jpg 300w, http:\/\/susanne-frey.de\/wp-content\/uploads\/2020\/04\/Susanne_00004-768x512.jpg 768w, http:\/\/susanne-frey.de\/wp-content\/uploads\/2020\/04\/Susanne_00004.jpg 1200w\" sizes=\"(max-width: 706px) 89vw, (max-width: 767px) 82vw, 740px\" \/><\/div><div class=\"logo-slider-item\"><img loading=\"lazy\" width=\"1024\" height=\"768\" src=\"http:\/\/susanne-frey.de\/wp-content\/uploads\/2024\/06\/Bildregie-1024x768.jpg\" alt=\"\" data-id=\"970\" data-link=\"http:\/\/susanne-frey.de\/?attachment_id=970\" class=\"wp-image-970\" srcset=\"http:\/\/susanne-frey.de\/wp-content\/uploads\/2024\/06\/Bildregie-1024x768.jpg 1024w, http:\/\/susanne-frey.de\/wp-content\/uploads\/2024\/06\/Bildregie-300x225.jpg 300w, http:\/\/susanne-frey.de\/wp-content\/uploads\/2024\/06\/Bildregie-768x576.jpg 768w, http:\/\/susanne-frey.de\/wp-content\/uploads\/2024\/06\/Bildregie-1536x1152.jpg 1536w, http:\/\/susanne-frey.de\/wp-content\/uploads\/2024\/06\/Bildregie-2048x1536.jpg 2048w\" sizes=\"(max-width: 706px) 89vw, (max-width: 767px) 82vw, 740px\" \/><\/div><div class=\"logo-slider-item\"><img loading=\"lazy\" width=\"1024\" height=\"684\" src=\"http:\/\/susanne-frey.de\/wp-content\/uploads\/2020\/04\/Susanne_00001-e1586677823938-1024x684.jpg\" alt=\"\" data-id=\"365\" data-link=\"http:\/\/susanne-frey.de\/?attachment_id=365\" class=\"wp-image-365\" srcset=\"http:\/\/susanne-frey.de\/wp-content\/uploads\/2020\/04\/Susanne_00001-e1586677823938-1024x684.jpg 1024w, http:\/\/susanne-frey.de\/wp-content\/uploads\/2020\/04\/Susanne_00001-e1586677823938-300x200.jpg 300w, http:\/\/susanne-frey.de\/wp-content\/uploads\/2020\/04\/Susanne_00001-e1586677823938-768x513.jpg 768w, http:\/\/susanne-frey.de\/wp-content\/uploads\/2020\/04\/Susanne_00001-e1586677823938.jpg 1200w\" sizes=\"(max-width: 706px) 89vw, (max-width: 767px) 82vw, 740px\" \/><\/div><div class=\"logo-slider-item\"><img loading=\"lazy\" width=\"1024\" height=\"683\" src=\"http:\/\/susanne-frey.de\/wp-content\/uploads\/2020\/04\/Susanne_00014-e1586676900497-1024x683.jpg\" alt=\"\" data-id=\"378\" data-link=\"http:\/\/susanne-frey.de\/?attachment_id=378\" class=\"wp-image-378\" srcset=\"http:\/\/susanne-frey.de\/wp-content\/uploads\/2020\/04\/Susanne_00014-e1586676900497-1024x683.jpg 1024w, http:\/\/susanne-frey.de\/wp-content\/uploads\/2020\/04\/Susanne_00014-e1586676900497-300x200.jpg 300w, http:\/\/susanne-frey.de\/wp-content\/uploads\/2020\/04\/Susanne_00014-e1586676900497-768x512.jpg 768w, http:\/\/susanne-frey.de\/wp-content\/uploads\/2020\/04\/Susanne_00014-e1586676900497.jpg 1198w\" sizes=\"(max-width: 706px) 89vw, (max-width: 767px) 82vw, 740px\" \/><\/div><div class=\"logo-slider-item\"><img loading=\"lazy\" width=\"1024\" height=\"684\" src=\"http:\/\/susanne-frey.de\/wp-content\/uploads\/2020\/04\/Susanne_00012-e1586676977661-1024x684.jpg\" alt=\"\" data-id=\"376\" data-link=\"http:\/\/susanne-frey.de\/?attachment_id=376\" class=\"wp-image-376\" srcset=\"http:\/\/susanne-frey.de\/wp-content\/uploads\/2020\/04\/Susanne_00012-e1586676977661-1024x684.jpg 1024w, http:\/\/susanne-frey.de\/wp-content\/uploads\/2020\/04\/Susanne_00012-e1586676977661-300x200.jpg 300w, http:\/\/susanne-frey.de\/wp-content\/uploads\/2020\/04\/Susanne_00012-e1586676977661-768x513.jpg 768w, http:\/\/susanne-frey.de\/wp-content\/uploads\/2020\/04\/Susanne_00012-e1586676977661.jpg 1200w\" sizes=\"(max-width: 706px) 89vw, (max-width: 767px) 82vw, 740px\" \/><\/div><div class=\"logo-slider-item\"><img loading=\"lazy\" width=\"1024\" height=\"684\" src=\"http:\/\/susanne-frey.de\/wp-content\/uploads\/2020\/04\/Susanne_00010-e1586677120275-1024x684.jpg\" alt=\"\" data-id=\"374\" data-link=\"http:\/\/susanne-frey.de\/?attachment_id=374\" class=\"wp-image-374\" srcset=\"http:\/\/susanne-frey.de\/wp-content\/uploads\/2020\/04\/Susanne_00010-e1586677120275-1024x684.jpg 1024w, http:\/\/susanne-frey.de\/wp-content\/uploads\/2020\/04\/Susanne_00010-e1586677120275-300x200.jpg 300w, http:\/\/susanne-frey.de\/wp-content\/uploads\/2020\/04\/Susanne_00010-e1586677120275-768x513.jpg 768w, http:\/\/susanne-frey.de\/wp-content\/uploads\/2020\/04\/Susanne_00010-e1586677120275.jpg 1200w\" sizes=\"(max-width: 706px) 89vw, (max-width: 767px) 82vw, 740px\" \/><\/div><div class=\"logo-slider-item\"><img loading=\"lazy\" width=\"1024\" height=\"683\" src=\"http:\/\/susanne-frey.de\/wp-content\/uploads\/2020\/04\/Susanne_00005-1024x683.jpg\" alt=\"\" data-id=\"369\" data-link=\"http:\/\/susanne-frey.de\/?attachment_id=369\" class=\"wp-image-369\" srcset=\"http:\/\/susanne-frey.de\/wp-content\/uploads\/2020\/04\/Susanne_00005-1024x683.jpg 1024w, http:\/\/susanne-frey.de\/wp-content\/uploads\/2020\/04\/Susanne_00005-300x200.jpg 300w, http:\/\/susanne-frey.de\/wp-content\/uploads\/2020\/04\/Susanne_00005-768x512.jpg 768w, http:\/\/susanne-frey.de\/wp-content\/uploads\/2020\/04\/Susanne_00005.jpg 1200w\" sizes=\"(max-width: 706px) 89vw, (max-width: 767px) 82vw, 740px\" \/><\/div><div class=\"logo-slider-item\"><img loading=\"lazy\" width=\"1024\" height=\"683\" src=\"http:\/\/susanne-frey.de\/wp-content\/uploads\/2020\/04\/Susanne_00003-1024x683.jpg\" alt=\"\" data-id=\"367\" data-link=\"http:\/\/susanne-frey.de\/?attachment_id=367\" class=\"wp-image-367\" srcset=\"http:\/\/susanne-frey.de\/wp-content\/uploads\/2020\/04\/Susanne_00003-1024x683.jpg 1024w, http:\/\/susanne-frey.de\/wp-content\/uploads\/2020\/04\/Susanne_00003-300x200.jpg 300w, http:\/\/susanne-frey.de\/wp-content\/uploads\/2020\/04\/Susanne_00003-768x512.jpg 768w, http:\/\/susanne-frey.de\/wp-content\/uploads\/2020\/04\/Susanne_00003.jpg 1200w\" sizes=\"(max-width: 706px) 89vw, (max-width: 767px) 82vw, 740px\" \/><\/div><div class=\"logo-slider-item\"><img loading=\"lazy\" width=\"1024\" height=\"684\" src=\"http:\/\/susanne-frey.de\/wp-content\/uploads\/2020\/04\/Susanne_00007-e1586677259604-1024x684.jpg\" alt=\"\" data-id=\"371\" data-link=\"http:\/\/susanne-frey.de\/?attachment_id=371\" class=\"wp-image-371\" srcset=\"http:\/\/susanne-frey.de\/wp-content\/uploads\/2020\/04\/Susanne_00007-e1586677259604-1024x684.jpg 1024w, http:\/\/susanne-frey.de\/wp-content\/uploads\/2020\/04\/Susanne_00007-e1586677259604-300x200.jpg 300w, http:\/\/susanne-frey.de\/wp-content\/uploads\/2020\/04\/Susanne_00007-e1586677259604-768x513.jpg 768w, http:\/\/susanne-frey.de\/wp-content\/uploads\/2020\/04\/Susanne_00007-e1586677259604.jpg 1200w\" sizes=\"(max-width: 706px) 89vw, (max-width: 767px) 82vw, 740px\" \/><\/div><div class=\"logo-slider-item\"><img loading=\"lazy\" width=\"1024\" height=\"684\" src=\"http:\/\/susanne-frey.de\/wp-content\/uploads\/2020\/04\/Susanne_00011-e1586677038308-1024x684.jpg\" alt=\"\" data-id=\"375\" data-link=\"http:\/\/susanne-frey.de\/?attachment_id=375\" class=\"wp-image-375\" srcset=\"http:\/\/susanne-frey.de\/wp-content\/uploads\/2020\/04\/Susanne_00011-e1586677038308-1024x684.jpg 1024w, http:\/\/susanne-frey.de\/wp-content\/uploads\/2020\/04\/Susanne_00011-e1586677038308-300x200.jpg 300w, http:\/\/susanne-frey.de\/wp-content\/uploads\/2020\/04\/Susanne_00011-e1586677038308-768x513.jpg 768w, http:\/\/susanne-frey.de\/wp-content\/uploads\/2020\/04\/Susanne_00011-e1586677038308.jpg 1200w\" sizes=\"(max-width: 706px) 89vw, (max-width: 767px) 82vw, 740px\" \/><\/div><div class=\"logo-slider-item\"><img loading=\"lazy\" width=\"1024\" height=\"684\" src=\"http:\/\/susanne-frey.de\/wp-content\/uploads\/2020\/04\/Susanne_00013-e1586676955278-1024x684.jpg\" alt=\"\" data-id=\"377\" data-link=\"http:\/\/susanne-frey.de\/?attachment_id=377\" class=\"wp-image-377\" srcset=\"http:\/\/susanne-frey.de\/wp-content\/uploads\/2020\/04\/Susanne_00013-e1586676955278-1024x684.jpg 1024w, http:\/\/susanne-frey.de\/wp-content\/uploads\/2020\/04\/Susanne_00013-e1586676955278-300x200.jpg 300w, http:\/\/susanne-frey.de\/wp-content\/uploads\/2020\/04\/Susanne_00013-e1586676955278-768x513.jpg 768w, http:\/\/susanne-frey.de\/wp-content\/uploads\/2020\/04\/Susanne_00013-e1586676955278.jpg 1200w\" sizes=\"(max-width: 706px) 89vw, (max-width: 767px) 82vw, 740px\" \/><\/div><div class=\"logo-slider-item\"><img loading=\"lazy\" width=\"1024\" height=\"684\" src=\"http:\/\/susanne-frey.de\/wp-content\/uploads\/2020\/04\/Susanne_00009-e1586677159977-1024x684.jpg\" alt=\"\" data-id=\"373\" data-link=\"http:\/\/susanne-frey.de\/?attachment_id=373\" class=\"wp-image-373\" srcset=\"http:\/\/susanne-frey.de\/wp-content\/uploads\/2020\/04\/Susanne_00009-e1586677159977-1024x684.jpg 1024w, http:\/\/susanne-frey.de\/wp-content\/uploads\/2020\/04\/Susanne_00009-e1586677159977-300x200.jpg 300w, http:\/\/susanne-frey.de\/wp-content\/uploads\/2020\/04\/Susanne_00009-e1586677159977-768x513.jpg 768w, http:\/\/susanne-frey.de\/wp-content\/uploads\/2020\/04\/Susanne_00009-e1586677159977.jpg 1200w\" sizes=\"(max-width: 706px) 89vw, (max-width: 767px) 82vw, 740px\" \/><\/div><div class=\"logo-slider-item\"><img loading=\"lazy\" width=\"1024\" height=\"684\" src=\"http:\/\/susanne-frey.de\/wp-content\/uploads\/2020\/04\/Susanne_00002-e1586677751981-1024x684.jpg\" alt=\"\" data-id=\"366\" data-link=\"http:\/\/susanne-frey.de\/?attachment_id=366\" class=\"wp-image-366\" srcset=\"http:\/\/susanne-frey.de\/wp-content\/uploads\/2020\/04\/Susanne_00002-e1586677751981-1024x684.jpg 1024w, http:\/\/susanne-frey.de\/wp-content\/uploads\/2020\/04\/Susanne_00002-e1586677751981-300x200.jpg 300w, http:\/\/susanne-frey.de\/wp-content\/uploads\/2020\/04\/Susanne_00002-e1586677751981-768x513.jpg 768w, http:\/\/susanne-frey.de\/wp-content\/uploads\/2020\/04\/Susanne_00002-e1586677751981.jpg 1200w\" sizes=\"(max-width: 706px) 89vw, (max-width: 767px) 82vw, 740px\" \/><\/div><div class=\"logo-slider-item\"><img loading=\"lazy\" width=\"1024\" height=\"683\" src=\"http:\/\/susanne-frey.de\/wp-content\/uploads\/2020\/04\/Susanne_00006-1024x683.jpg\" alt=\"\" data-id=\"370\" data-link=\"http:\/\/susanne-frey.de\/?attachment_id=370\" class=\"wp-image-370\"\/><\/div><div class=\"logo-slider-item\"><img loading=\"lazy\" width=\"1024\" height=\"704\" src=\"http:\/\/susanne-frey.de\/wp-content\/uploads\/2020\/12\/Susanne-00018-1024x704.jpg\" alt=\"\" data-id=\"886\" data-link=\"http:\/\/susanne-frey.de\/?attachment_id=886\" class=\"wp-image-886\" srcset=\"http:\/\/susanne-frey.de\/wp-content\/uploads\/2020\/12\/Susanne-00018-1024x704.jpg 1024w, http:\/\/susanne-frey.de\/wp-content\/uploads\/2020\/12\/Susanne-00018-300x206.jpg 300w, http:\/\/susanne-frey.de\/wp-content\/uploads\/2020\/12\/Susanne-00018-768x528.jpg 768w, http:\/\/susanne-frey.de\/wp-content\/uploads\/2020\/12\/Susanne-00018-1536x1056.jpg 1536w, http:\/\/susanne-frey.de\/wp-content\/uploads\/2020\/12\/Susanne-00018-2048x1408.jpg 2048w\" sizes=\"(max-width: 706px) 89vw, (max-width: 767px) 82vw, 740px\" \/><\/div><div class=\"logo-slider-item\"><img loading=\"lazy\" width=\"1024\" height=\"680\" src=\"http:\/\/susanne-frey.de\/wp-content\/uploads\/2020\/12\/Susanne-00017-1024x680.jpg\" alt=\"\" data-id=\"884\" data-link=\"http:\/\/susanne-frey.de\/?attachment_id=884\" class=\"wp-image-884\" srcset=\"http:\/\/susanne-frey.de\/wp-content\/uploads\/2020\/12\/Susanne-00017-1024x680.jpg 1024w, http:\/\/susanne-frey.de\/wp-content\/uploads\/2020\/12\/Susanne-00017-300x199.jpg 300w, http:\/\/susanne-frey.de\/wp-content\/uploads\/2020\/12\/Susanne-00017-768x510.jpg 768w, http:\/\/susanne-frey.de\/wp-content\/uploads\/2020\/12\/Susanne-00017-1536x1020.jpg 1536w, http:\/\/susanne-frey.de\/wp-content\/uploads\/2020\/12\/Susanne-00017-2048x1360.jpg 2048w\" sizes=\"(max-width: 706px) 89vw, (max-width: 767px) 82vw, 740px\" \/><\/div><div class=\"logo-slider-item\"><img loading=\"lazy\" width=\"1024\" height=\"698\" src=\"http:\/\/susanne-frey.de\/wp-content\/uploads\/2020\/12\/Susanne-00016-1024x698.jpg\" alt=\"\" data-id=\"883\" data-link=\"http:\/\/susanne-frey.de\/?attachment_id=883\" class=\"wp-image-883\" srcset=\"http:\/\/susanne-frey.de\/wp-content\/uploads\/2020\/12\/Susanne-00016-1024x698.jpg 1024w, http:\/\/susanne-frey.de\/wp-content\/uploads\/2020\/12\/Susanne-00016-300x204.jpg 300w, http:\/\/susanne-frey.de\/wp-content\/uploads\/2020\/12\/Susanne-00016-768x523.jpg 768w, http:\/\/susanne-frey.de\/wp-content\/uploads\/2020\/12\/Susanne-00016-1536x1046.jpg 1536w, http:\/\/susanne-frey.de\/wp-content\/uploads\/2020\/12\/Susanne-00016.jpg 1600w\" sizes=\"(max-width: 706px) 89vw, (max-width: 767px) 82vw, 740px\" \/><\/div><\/div>\n\n\n\n<p><br>Seit 2001 ist Susanne Frey auch p\u00e4dagogisch t\u00e4tig. Sie war Gastdozentin f\u00fcr szenischen Unterricht an der Musikhochschule Augsburg \u2013 N\u00fcrnberg, Dozentin eines Meisterkurses fSeit 2001 ist Susanne Frey auch p\u00e4dagogisch t\u00e4tig. Sie war Gastdozentin f\u00fcr szenischen Unterricht an der Musikhochschule Augsburg \u2013 N\u00fcrnberg, Dozentin eines Meisterkurses f\u00fcr Operns\u00e4nger der Acad\u00e9mie lyrique in Vend\u00f4me, Frankreich und \u00fcbernahm 2007 eine Vertretungsprofessur f\u00fcr Prof. Andrea Raabe am Institut f\u00fcr MusikTheater der Hochschule f\u00fcr Musik Karlsruhe. Von 2011 \u2013 2018 unterrichtete sie im Rahmen eines Lehrauftrages an der Folkwang Universit\u00e4t der K\u00fcnste szenische Arienarbeit und ist seither dort f\u00fcr Workshops und szenische Projekte zu Gast.&nbsp;Au\u00dferdem arbeitet sie regelm\u00e4\u00dfig als Dozentin f\u00fcr szenischen Unterricht beim Bayerischen Landesjugendchor.<\/p>\n\n\n\n<p>Geboren in M\u00fcnchen studierte Susanne Frey an der Ludwig-Maximilians-Universit\u00e4t Germanistik, Theaterwissenschaft und Kunstgeschichte. Studienbegleitend war sie als freie Mitarbeiterin im Ressort Kultur des Starnberger Merkur t\u00e4tig. Zum Theater kam sie \u00fcber den Gesang. Mit dem Madrigalchor der Hochschule f\u00fcr Musik und Theater in M\u00fcnchen nahm sie an mehreren szenischen Projekten teil, unter anderem am Labor der Bayerischen Staatsoper. Nach einem Volontariat in der Dramaturgie der Bayerischen Staatsoper war sie 1998 \u2013 2001 an der Oper N\u00fcrnberg fest als Regieassistentin und Abendspielleiterin engagiert und arbeitete unter anderem mit Claus Guth, Tilman Knabe, Stephen Lawless, Gottfried Pilz und Andrea Raabe zusammen. Parallel begann sie, als freie Regieassistentin im Bereich klassische Musik und Theater f\u00fcr diverse Fernsehanstalten und Produktionsfirmen zu arbeiten.&nbsp;2002 begleitete sie Claus Guths Inszenierung von Christoph Willibald Glucks \u201eIphig\u00e9nie en Tauride\u201c bei den Salzburger Festspielen und \u00fcbernahm die Leitung der szenischen Einstudierung der Produktion an der Oper N\u00fcrnberg. 2002 holte Peter Mussbach Susanne Frey an die Staatsoper Unter den Linden Berlin, wo sie weitere zwei Jahre als Regieassistentin und Abendspielleiterin t\u00e4tig war. Sie assistierte hier u.a. Doris D\u00f6rrie, Philipp Himmelmann und Peter Mussbach.<\/p>\n\n\n\n<p>Susanne Frey lebt mit ihrer Familie auf der Schw\u00e4bischen Alb und in Berlin.<\/p>\n\n\n\n<p><\/p>\n","protected":false},"excerpt":{"rendered":"<p>Susanne Freys Werdegang als Regisseurin begann im Jahr 2000 am Theater N\u00fcrnberg mit Terrence McNallys \u201eMeisterklasse\u201c. Jutta Richter-Haaser wurde f\u00fcr ihre Verk\u00f6rperung der Maria Callas mit dem Darstellerpreis der Bayerischen Theatertage und dem Stern der Woche der Abendzeitung ausgezeichnet. Seither f\u00fchrt Susanne Frey an verschiedenen freien sowie st\u00e4dtischen und staatlichen Theatern im In- und Ausland &hellip; <\/p>\n<p class=\"link-more\"><a href=\"http:\/\/susanne-frey.de\/?page_id=125\" class=\"more-link\"><span class=\"screen-reader-text\">\u201eVita (deutsch)\u201c<\/span> weiterlesen<\/a><\/p>\n","protected":false},"author":1,"featured_media":0,"parent":0,"menu_order":0,"comment_status":"closed","ping_status":"closed","template":"","meta":{"ngg_post_thumbnail":0},"_links":{"self":[{"href":"http:\/\/susanne-frey.de\/index.php?rest_route=\/wp\/v2\/pages\/125"}],"collection":[{"href":"http:\/\/susanne-frey.de\/index.php?rest_route=\/wp\/v2\/pages"}],"about":[{"href":"http:\/\/susanne-frey.de\/index.php?rest_route=\/wp\/v2\/types\/page"}],"author":[{"embeddable":true,"href":"http:\/\/susanne-frey.de\/index.php?rest_route=\/wp\/v2\/users\/1"}],"replies":[{"embeddable":true,"href":"http:\/\/susanne-frey.de\/index.php?rest_route=%2Fwp%2Fv2%2Fcomments&post=125"}],"version-history":[{"count":12,"href":"http:\/\/susanne-frey.de\/index.php?rest_route=\/wp\/v2\/pages\/125\/revisions"}],"predecessor-version":[{"id":992,"href":"http:\/\/susanne-frey.de\/index.php?rest_route=\/wp\/v2\/pages\/125\/revisions\/992"}],"wp:attachment":[{"href":"http:\/\/susanne-frey.de\/index.php?rest_route=%2Fwp%2Fv2%2Fmedia&parent=125"}],"curies":[{"name":"wp","href":"https:\/\/api.w.org\/{rel}","templated":true}]}}